{"id":10162,"date":"2018-11-20T13:03:46","date_gmt":"2018-11-20T11:03:46","guid":{"rendered":"http:\/\/www.terveilm.ee\/leht\/?page_id=10162"},"modified":"2019-08-05T13:44:05","modified_gmt":"2019-08-05T10:44:05","slug":"bridge47","status":"publish","type":"page","link":"https:\/\/www.terveilm.ee\/leht\/teabekeskuse-teemad\/arengukoostoo\/bridge47\/","title":{"rendered":"Bridge 47 &#8211; edendades maailmakodanikuharidust"},"content":{"rendered":"<p><img loading=\"lazy\" decoding=\"async\" class=\"aligncenter wp-image-10179 size-full\" src=\"http:\/\/www.terveilm.ee\/leht\/wp-content\/uploads\/2018\/11\/MicrosoftTeams-image-1.png\" alt=\"\" width=\"997\" height=\"457\" srcset=\"https:\/\/www.terveilm.ee\/leht\/wp-content\/uploads\/2018\/11\/MicrosoftTeams-image-1.png 997w, https:\/\/www.terveilm.ee\/leht\/wp-content\/uploads\/2018\/11\/MicrosoftTeams-image-1-300x138.png 300w, https:\/\/www.terveilm.ee\/leht\/wp-content\/uploads\/2018\/11\/MicrosoftTeams-image-1-768x352.png 768w\" sizes=\"auto, (max-width: 997px) 100vw, 997px\" \/><\/p>\n<p>Maailmaharidus aitab inimestes arendada p\u00f5hjalikku arusaama sellest, kuidas\u00a0 maailm ja \u00fcksikisikud on omavahel seotud. Teadlikud kodanikud\u00a0 osalevad otseselt v\u00f5i kaudselt poliitikakujundamises, tehes teadlikke otsuseid ja osates n\u00f5uda otsustajatelt sidusaid poliitikaid v\u00f5rdsemate \u00fchiskondade heaks. Maailmahariduse otsene valdkond on kestlik areng, sh inim\u00f5igused, sooline v\u00f5rd\u00f5iguslikkus, julgeolek, rahu ja kultuurilise mitmekesisuse tunnustamine. Maailmaharidus \u00f5petab ehitama \u00f5iglasemat, rahulikumat ja v\u00f5rdsemat maailma.<\/p>\n<p>Arengukoost\u00f6\u00f6 \u00dcmarlaud osaleb partnerina projektis <a href=\"http:\/\/www.bridge47.org\"><strong><em>Bridge 47 &#8211;\u00a0 building global citizenship<\/em><\/strong><\/a>, mida viib ellu 15 Euroopa ja \u00fclemaailmset vaba\u00fchendust. Projekti eesm\u00e4rk on mobiliseerida \u00fclemaailmset kodaniku\u00fchiskonda ja aidata kaasa globaalse \u00f5igluse tagamisele ja vaesuse v\u00e4hendamisele maailma(kodaniku)hariduse kaudu.<\/p>\n<p>AK\u00dc\u00a0 keskendub oma t\u00f6\u00f6s teavitust\u00f6\u00f6le ja partnersuhete s\u00f5lmimisele ning kohaliku ehk Eesti vabakonna tugevdamisele Bridge 47 v\u00e4lja t\u00f6\u00f6tatud innovaatiliste maailmahariduslike meetodite ja formaatide abil.<\/p>\n<p>&nbsp;<\/p>\n<h3>Miks just maailmakodanikuharidus?<\/h3>\n<p>Maailma <a href=\"http:\/\/www.terveilm.ee\/leht\/teabekeskuse-teemad\/kestliku-arengu-eesmargid\/\">kestliku arengu \u00fcheks eesm\u00e4rgiks<\/a> (SDG 4) on haridus ning oluliseks alameesm\u00e4rgiks (SDG 4.7) on keskendumine kestliku arengu alase hariduse edendamisele.<\/p>\n<p><a href=\"http:\/\/www.terveilm.ee\/leht\/teabekeskuse-teemad\/kestliku-arengu-eesmargid\/haridus\/\"><img loading=\"lazy\" decoding=\"async\" class=\"aligncenter wp-image-10139 size-thumbnail\" src=\"http:\/\/www.terveilm.ee\/leht\/wp-content\/uploads\/2018\/11\/4-haridus-150x150.jpg\" alt=\"\" width=\"150\" height=\"150\" srcset=\"https:\/\/www.terveilm.ee\/leht\/wp-content\/uploads\/2018\/11\/4-haridus-150x150.jpg 150w, https:\/\/www.terveilm.ee\/leht\/wp-content\/uploads\/2018\/11\/4-haridus-300x300.jpg 300w, https:\/\/www.terveilm.ee\/leht\/wp-content\/uploads\/2018\/11\/4-haridus-768x770.jpg 768w, https:\/\/www.terveilm.ee\/leht\/wp-content\/uploads\/2018\/11\/4-haridus-500x500.jpg 500w, https:\/\/www.terveilm.ee\/leht\/wp-content\/uploads\/2018\/11\/4-haridus.jpg 940w\" sizes=\"auto, (max-width: 150px) 100vw, 150px\" \/><\/a><\/p>\n<ol>\n<li>Maailmaharidus aitab inimestel m\u00f5ista, kuidas meie maailm toimib ja selle l\u00fclid omavahel on \u00fchendatud.<\/li>\n<li>Maailmaharidus inspireerib inimesi tegema rohkem \u00fcksteise ja meie planeedi jaoks. Maailmakodanikud osalevad poliitilises areenil, teevad teadlikke otsuseid ja n\u00f5uavad j\u00e4tkusuutliku maailma jaoks \u00fchtset poliitikat.<\/li>\n<li>Maailmaharidus soodustab\u00a0 avatumat ja sallivamat maailmavaadet mis v\u00f5imaldab kogukondadel elada \u00fcheskoos harmoonilisemalt.<\/li>\n<li>Viimastel aastatel on mitmed Euroopa \u00fchiskonnad liikunud populistlike v\u00f5i \u00e4\u00e4rmuslike poliitikate poole, sealhulgas uute \u00f5iguste liikumise t\u00f5us. Seet\u00f5ttu on maailmakodanikuharidust on vaja rohkem kui kunagi varem &#8211; see hoiab meid sallimatuse ja isolatsiooni eest.<\/li>\n<\/ol>\n<h3>Kuidas Bridge 47 toimib?<\/h3>\n<p>Projekti Bridge 47\u00a0 heaks t\u00f6\u00f6tab 15 partnerorganisatsiooni \u00fcle kogu Euroopa, tegeledes \u00fclemaailmse kodanikuhariduse edendamisega. Projekt algas 2017. aasta oktoobris ja kestab oktoobrini 2020. Tegemist on Euroopas ainulaadse ettev\u00f5tmisega nii oma ulatuse kui ka innovatiivse l\u00e4henemisviisi poolest. Projekti koordineerib juhtiva osapoolena Soome vaba\u00fchenduste organisatsioonide katusorganisatsioon Fingo (Kehys).\u00a0Teised projektipartnerid on p\u00e4rit \u0160oti- ja Iirimaalt, Eestist, L\u00e4tist, Taanist, Saksamaalt, Prantsusmaalt, Sloveeniast, Slovakkiast, Bulgaariast ja K\u00fcproselt. Meil on ka kolm rahvusvahelist partnerit &#8211; CIVICUS, ICAE ja EADI.<\/p>\n<p><img loading=\"lazy\" decoding=\"async\" class=\"aligncenter wp-image-10178 size-large\" src=\"http:\/\/www.terveilm.ee\/leht\/wp-content\/uploads\/2018\/11\/getpreview-1024x544.jpg\" alt=\"\" width=\"1024\" height=\"544\" srcset=\"https:\/\/www.terveilm.ee\/leht\/wp-content\/uploads\/2018\/11\/getpreview.jpg 1024w, https:\/\/www.terveilm.ee\/leht\/wp-content\/uploads\/2018\/11\/getpreview-300x159.jpg 300w, https:\/\/www.terveilm.ee\/leht\/wp-content\/uploads\/2018\/11\/getpreview-768x408.jpg 768w\" sizes=\"auto, (max-width: 1024px) 100vw, 1024px\" \/><\/p>\n<p>&nbsp;<\/p>\n<p>Bridge 47 t\u00f6\u00f6tajad tegutsevad erinevates valdkondades:<\/p>\n<ul>\n<li><strong>Bridge 47 v\u00f5rgustiku loomine ja j\u00f5ustamine.<\/strong>\u00a0Bridge 47 koordineerib \u00fclemaailmset \u00fcksikisikute ja organisatsioonide v\u00f5rgustikku, kes on v\u00f5tnud eesm\u00e4rgiks edendada maailmakodanikuharidust.<\/li>\n<li><strong>Huvikaitse kestliku arengu ja maailmahariduse suunal.\u00a0<\/strong>Toetame selliseid poliitikaid, toetavad maaailmaharidust ja mis aitavad kaasa maailma kestliku arengu saavutamisel &#8211; riiklikul, Euroopa Liidu ja \u00fclemaailmsel tasandil.<\/li>\n<li><strong>Partnersuhtete loomine ja teavitust\u00f6\u00f6.\u00a0<\/strong>Katsetame koost\u00f6\u00f6d organisatsioonidega, mis pole varem olnud maailmaharidusega seotud, et luua kontakti uute sihtr\u00fchmadega.<\/li>\n<li>Innovaatiliste meetodite ja formaatide v\u00e4ljat\u00f6\u00f6tamine ja vabakonna tugevdamine.\u00a0Me uurime uusi v\u00f5imalusi maailmakodanikuhariduse edendamiseks ning t\u00f5stame Euroopa kodaniku\u00fchiskonna v\u00f5imekkust.<span style=\"color: #ffffff;\"><br \/>\n<\/span><br \/>\n<img loading=\"lazy\" decoding=\"async\" class=\"aligncenter wp-image-10177 size-full\" src=\"http:\/\/www.terveilm.ee\/leht\/wp-content\/uploads\/2018\/11\/image002.jpg\" alt=\"\" width=\"903\" height=\"638\" srcset=\"https:\/\/www.terveilm.ee\/leht\/wp-content\/uploads\/2018\/11\/image002.jpg 903w, https:\/\/www.terveilm.ee\/leht\/wp-content\/uploads\/2018\/11\/image002-300x212.jpg 300w, https:\/\/www.terveilm.ee\/leht\/wp-content\/uploads\/2018\/11\/image002-768x543.jpg 768w\" sizes=\"auto, (max-width: 903px) 100vw, 903px\" \/><\/li>\n<\/ul>\n<p>Lisateave Bridge 47 kohta <a href=\"https:\/\/twitter.com\/Bridge47_\">Twitteris<\/a>, <a href=\"https:\/\/www.facebook.com\/groups\/bridge47\/\">Facebookis<\/a> ja <a href=\"https:\/\/www.bridge47.org\/\">veebilehel<\/a>.<\/p>\n","protected":false},"excerpt":{"rendered":"<p>Maailmaharidus aitab inimestes arendada p\u00f5hjalikku arusaama sellest, kuidas\u00a0 maailm ja \u00fcksikisikud on omavahel seotud. Teadlikud kodanikud\u00a0 osalevad otseselt v\u00f5i kaudselt&#8230;<\/p>\n","protected":false},"author":32,"featured_media":10530,"parent":33,"menu_order":0,"comment_status":"closed","ping_status":"closed","template":"template-kc-article.php","meta":{"_acf_changed":false,"footnotes":""},"categories":[41],"class_list":["post-10162","page","type-page","status-publish","has-post-thumbnail","hentry","category-teabekeskus"],"acf":[],"_links":{"self":[{"href":"https:\/\/www.terveilm.ee\/leht\/wp-json\/wp\/v2\/pages\/10162","targetHints":{"allow":["GET"]}}],"collection":[{"href":"https:\/\/www.terveilm.ee\/leht\/wp-json\/wp\/v2\/pages"}],"about":[{"href":"https:\/\/www.terveilm.ee\/leht\/wp-json\/wp\/v2\/types\/page"}],"author":[{"embeddable":true,"href":"https:\/\/www.terveilm.ee\/leht\/wp-json\/wp\/v2\/users\/32"}],"replies":[{"embeddable":true,"href":"https:\/\/www.terveilm.ee\/leht\/wp-json\/wp\/v2\/comments?post=10162"}],"version-history":[{"count":5,"href":"https:\/\/www.terveilm.ee\/leht\/wp-json\/wp\/v2\/pages\/10162\/revisions"}],"predecessor-version":[{"id":10329,"href":"https:\/\/www.terveilm.ee\/leht\/wp-json\/wp\/v2\/pages\/10162\/revisions\/10329"}],"up":[{"embeddable":true,"href":"https:\/\/www.terveilm.ee\/leht\/wp-json\/wp\/v2\/pages\/33"}],"wp:featuredmedia":[{"embeddable":true,"href":"https:\/\/www.terveilm.ee\/leht\/wp-json\/wp\/v2\/media\/10530"}],"wp:attachment":[{"href":"https:\/\/www.terveilm.ee\/leht\/wp-json\/wp\/v2\/media?parent=10162"}],"wp:term":[{"taxonomy":"category","embeddable":true,"href":"https:\/\/www.terveilm.ee\/leht\/wp-json\/wp\/v2\/categories?post=10162"}],"curies":[{"name":"wp","href":"https:\/\/api.w.org\/{rel}","templated":true}]}}