{"id":15728,"date":"2025-12-23T00:35:09","date_gmt":"2025-12-22T22:35:09","guid":{"rendered":"https:\/\/www.terveilm.ee\/leht\/?page_id=15728"},"modified":"2025-12-23T00:39:08","modified_gmt":"2025-12-22T22:39:08","slug":"eurorubik","status":"publish","type":"page","link":"https:\/\/www.terveilm.ee\/leht\/teabekeskuse-teemad\/arengukoostoo\/aku-rahastus-ja-projektid\/eurorubik\/","title":{"rendered":"Eurorubik"},"content":{"rendered":"\n<p>EuroRubiku projekti \u00fcldine eesm\u00e4rk on edendada&nbsp;noorte vabatahtlikkust ja aktivismi Euroopas, soodustades rahumeelse ja \u00f5iglase \u00fchiskondliku muutuse nimel tegutsevat kodanikuaktiivsust. Seda tehakse aga keskendudes just&nbsp;noorsoot\u00f6\u00f6tajatele ja andes neile ressursse, mis aitavad edendada teadlikku, aktiivset ja inim\u00f5iguste keskset kodaniku\u00fchiskonda.<\/p>\n\n\n\n<p>Projekt p\u00f5hineb digitaalsel platvormil&nbsp;<strong>\u00abOperaci\u00f3n Rubik\u00bb<\/strong>, mille Coordinadora Valenciana de ONGD l\u00f5i 2018. aastal. Platvorm pakkus tasuta haridusressursse, mis olid seotud s\u00e4\u00e4stva arengu, rahu, \u00f5igluse ja v\u00f5rdsusega. Platvormi hetkel uuendatakse ning selle sisu laiendatakse, et seej\u00e4rel seda laialdaselt haridussektoris levitada.<\/p>\n\n\n\n<p>Projekti tulemused<\/p>\n\n\n\n<ul class=\"wp-block-list\">\n<li>Hariduslike t\u00f6\u00f6riistade ja heade tavade vahetamine Eesti ja Hispaania noorsoot\u00f6\u00f6tajate vahel, et soodustada noorte osalust kodaniku\u00fchiskonnas ja inim\u00f5iguste kaitses.\u00a0<\/li>\n\n\n\n<li>Digiplatvorm\u00a0haridusressurssidega\u00a0noorte osaluse edendamiseks.<\/li>\n\n\n\n<li>Heade tavade levitamine osaluse, vabatahtlikkuse ja aktivismi edendamiseks.<\/li>\n<\/ul>\n\n\n\n<p>Ajavahemik<\/p>\n\n\n\n<p>Detsember 2024 \u2013 mai 2026<\/p>\n\n\n\n<p>Rahastaja&nbsp;<\/p>\n\n\n\n<p>Euroopa Komisjon Erasmus+ KA2 programm<\/p>\n\n\n\n<p>Projekti viitenumber&nbsp;<\/p>\n\n\n\n<p>2024-1-ES02-KA210-YOU-000247515<\/p>\n\n\n\n<p>Partnerorganisatsioonid<\/p>\n\n\n\n<p>Coordinadora Valenciana de ONGD (Hispaania) ja Plan B (Hispaania).<\/p>\n\n\n\n<p><strong>EuroRubiku&nbsp;projekti raames arendas Arengukoost\u00f6\u00f6 \u00dcmarlaud v\u00e4lja koos oma partneritega &#8220;Maailmahariduse heade tavade juhendi&#8221;<\/strong><\/p>\n\n\n\n<p>Selle jaoks, et maailmahariduse valdkonnas j\u00f5uda soovitud&nbsp;tulemusteni viies l\u00e4bi&nbsp;t\u00f6\u00f6tubasid ja tegevusi tuleb tegevused planeerida viisil, mis oleks v\u00f5imalikult kaasavad, m\u00e4ngulised ja harivad noortele.&nbsp;<\/p>\n\n\n\n<ul class=\"wp-block-list\">\n<li>Seet\u00f5ttu oleme\u00a0<strong>EuroRubiku\u00a0<\/strong>projekti raames\u00a0loonud ingliskeelse selgitava juhendi k\u00f5igist olulistest elementidest, mis on vajalikud kvaliteetsete maailmahariduse ressursside ja meetodite rakendamiseks.<\/li>\n<\/ul>\n\n\n\n<p>Tegemist on p\u00f5hjaliku loeteluga, mis p\u00f5hineb projekti partnerite kohtumisel peetud aruteludel. Kohtumine toimus 2025 aasta aprillis, Tallinnas, mil noored ja noorsoot\u00f6\u00f6tajad Hispaaniast ja Eestist said kokku, et arutada valdkonna h\u00e4id tavasid.<\/p>\n\n\n\n<p>Projekt on rahastatud Euroopa Liidu poolt.&nbsp;<\/p>\n\n\n<a href=\"https:\/\/www.terveilm.ee\/leht\/wp-content\/uploads\/2025\/12\/Maailmahariduse-heade-tavade-juhend.pdf\" class=\"pdfemb-viewer\" style=\"\" data-width=\"max\" data-height=\"max\" data-toolbar=\"bottom\" data-toolbar-fixed=\"off\">Maailmahariduse-heade-tavade-juhend<\/a>\n\n\n<figure class=\"wp-block-image size-full\"><a href=\"https:\/\/www.terveilm.ee\/leht\/wp-content\/uploads\/2025\/12\/EuroRubik_fondotransparente-600x600-1-1.png\"><img loading=\"lazy\" decoding=\"async\" width=\"600\" height=\"600\" src=\"https:\/\/www.terveilm.ee\/leht\/wp-content\/uploads\/2025\/12\/EuroRubik_fondotransparente-600x600-1-1.png\" alt=\"\" class=\"wp-image-15733\" srcset=\"https:\/\/www.terveilm.ee\/leht\/wp-content\/uploads\/2025\/12\/EuroRubik_fondotransparente-600x600-1-1.png 600w, https:\/\/www.terveilm.ee\/leht\/wp-content\/uploads\/2025\/12\/EuroRubik_fondotransparente-600x600-1-1-300x300.png 300w, https:\/\/www.terveilm.ee\/leht\/wp-content\/uploads\/2025\/12\/EuroRubik_fondotransparente-600x600-1-1-150x150.png 150w, https:\/\/www.terveilm.ee\/leht\/wp-content\/uploads\/2025\/12\/EuroRubik_fondotransparente-600x600-1-1-500x500.png 500w, https:\/\/www.terveilm.ee\/leht\/wp-content\/uploads\/2025\/12\/EuroRubik_fondotransparente-600x600-1-1-120x120.png 120w\" sizes=\"auto, (max-width: 600px) 100vw, 600px\" \/><\/a><\/figure>\n","protected":false},"excerpt":{"rendered":"<p>EuroRubiku projekti \u00fcldine eesm\u00e4rk on edendada&nbsp;noorte vabatahtlikkust ja aktivismi Euroopas, soodustades rahumeelse ja \u00f5iglase \u00fchiskondliku muutuse nimel tegutsevat kodanikuaktiivsust. Seda&#8230;<\/p>\n","protected":false},"author":26,"featured_media":0,"parent":10331,"menu_order":0,"comment_status":"closed","ping_status":"closed","template":"","meta":{"_acf_changed":false,"footnotes":""},"categories":[],"class_list":["post-15728","page","type-page","status-publish","hentry"],"acf":[],"_links":{"self":[{"href":"https:\/\/www.terveilm.ee\/leht\/wp-json\/wp\/v2\/pages\/15728","targetHints":{"allow":["GET"]}}],"collection":[{"href":"https:\/\/www.terveilm.ee\/leht\/wp-json\/wp\/v2\/pages"}],"about":[{"href":"https:\/\/www.terveilm.ee\/leht\/wp-json\/wp\/v2\/types\/page"}],"author":[{"embeddable":true,"href":"https:\/\/www.terveilm.ee\/leht\/wp-json\/wp\/v2\/users\/26"}],"replies":[{"embeddable":true,"href":"https:\/\/www.terveilm.ee\/leht\/wp-json\/wp\/v2\/comments?post=15728"}],"version-history":[{"count":1,"href":"https:\/\/www.terveilm.ee\/leht\/wp-json\/wp\/v2\/pages\/15728\/revisions"}],"predecessor-version":[{"id":15735,"href":"https:\/\/www.terveilm.ee\/leht\/wp-json\/wp\/v2\/pages\/15728\/revisions\/15735"}],"up":[{"embeddable":true,"href":"https:\/\/www.terveilm.ee\/leht\/wp-json\/wp\/v2\/pages\/10331"}],"wp:attachment":[{"href":"https:\/\/www.terveilm.ee\/leht\/wp-json\/wp\/v2\/media?parent=15728"}],"wp:term":[{"taxonomy":"category","embeddable":true,"href":"https:\/\/www.terveilm.ee\/leht\/wp-json\/wp\/v2\/categories?post=15728"}],"curies":[{"name":"wp","href":"https:\/\/api.w.org\/{rel}","templated":true}]}}

<p>EuroRubiku projekti üldine eesmärk on edendada&nbsp;noorte vabatahtlikkust ja aktivismi Euroopas, soodustades rahumeelse ja õiglase ühiskondliku muutuse nimel tegutsevat kodanikuaktiivsust. Seda tehakse aga keskendudes just&nbsp;noorsootöötajatele ja andes neile ressursse, mis aitavad edendada teadlikku, aktiivset ja inimõiguste keskset kodanikuühiskonda.</p>



<p>Projekt põhineb digitaalsel platvormil&nbsp;<strong>«Operación Rubik»</strong>, mille Coordinadora Valenciana de ONGD lõi 2018. aastal. Platvorm pakkus tasuta haridusressursse, mis olid seotud säästva arengu, rahu, õigluse ja võrdsusega. Platvormi hetkel uuendatakse ning selle sisu laiendatakse, et seejärel seda laialdaselt haridussektoris levitada.</p>



<p>Projekti tulemused</p>



<ul class="wp-block-list">
<li>Hariduslike tööriistade ja heade tavade vahetamine Eesti ja Hispaania noorsootöötajate vahel, et soodustada noorte osalust kodanikuühiskonnas ja inimõiguste kaitses. </li>



<li>Digiplatvorm haridusressurssidega noorte osaluse edendamiseks.</li>



<li>Heade tavade levitamine osaluse, vabatahtlikkuse ja aktivismi edendamiseks.</li>
</ul>



<p>Ajavahemik</p>



<p>Detsember 2024 – mai 2026</p>



<p>Rahastaja&nbsp;</p>



<p>Euroopa Komisjon Erasmus+ KA2 programm</p>



<p>Projekti viitenumber&nbsp;</p>



<p>2024-1-ES02-KA210-YOU-000247515</p>



<p>Partnerorganisatsioonid</p>



<p>Coordinadora Valenciana de ONGD (Hispaania) ja Plan B (Hispaania).</p>



<p><strong>EuroRubiku&nbsp;projekti raames arendas Arengukoostöö Ümarlaud välja koos oma partneritega &#8220;Maailmahariduse heade tavade juhendi&#8221;</strong></p>



<p>Selle jaoks, et maailmahariduse valdkonnas jõuda soovitud&nbsp;tulemusteni viies läbi&nbsp;töötubasid ja tegevusi tuleb tegevused planeerida viisil, mis oleks võimalikult kaasavad, mängulised ja harivad noortele.&nbsp;</p>



<ul class="wp-block-list">
<li>Seetõttu oleme <strong>EuroRubiku </strong>projekti raames loonud ingliskeelse selgitava juhendi kõigist olulistest elementidest, mis on vajalikud kvaliteetsete maailmahariduse ressursside ja meetodite rakendamiseks.</li>
</ul>



<p>Tegemist on põhjaliku loeteluga, mis põhineb projekti partnerite kohtumisel peetud aruteludel. Kohtumine toimus 2025 aasta aprillis, Tallinnas, mil noored ja noorsootöötajad Hispaaniast ja Eestist said kokku, et arutada valdkonna häid tavasid.</p>



<p>Projekt on rahastatud Euroopa Liidu poolt.&nbsp;</p>


<a href="https://www.terveilm.ee/leht/wp-content/uploads/2025/12/Maailmahariduse-heade-tavade-juhend.pdf" class="pdfemb-viewer" style="" data-width="max" data-height="max" data-toolbar="bottom" data-toolbar-fixed="off">Maailmahariduse-heade-tavade-juhend</a>


<figure class="wp-block-image size-full"><a href="https://www.terveilm.ee/leht/wp-content/uploads/2025/12/EuroRubik_fondotransparente-600x600-1-1.png"><img loading="lazy" decoding="async" width="600" height="600" src="https://www.terveilm.ee/leht/wp-content/uploads/2025/12/EuroRubik_fondotransparente-600x600-1-1.png" alt="" class="wp-image-15733" srcset="https://www.terveilm.ee/leht/wp-content/uploads/2025/12/EuroRubik_fondotransparente-600x600-1-1.png 600w, https://www.terveilm.ee/leht/wp-content/uploads/2025/12/EuroRubik_fondotransparente-600x600-1-1-300x300.png 300w, https://www.terveilm.ee/leht/wp-content/uploads/2025/12/EuroRubik_fondotransparente-600x600-1-1-150x150.png 150w, https://www.terveilm.ee/leht/wp-content/uploads/2025/12/EuroRubik_fondotransparente-600x600-1-1-500x500.png 500w, https://www.terveilm.ee/leht/wp-content/uploads/2025/12/EuroRubik_fondotransparente-600x600-1-1-120x120.png 120w" sizes="auto, (max-width: 600px) 100vw, 600px" /></a></figure>

<p>EuroRubiku projekti üldine eesmärk on edendada&nbsp;noorte vabatahtlikkust ja aktivismi Euroopas, soodustades rahumeelse ja õiglase ühiskondliku muutuse nimel tegutsevat kodanikuaktiivsust. Seda&#8230;</p>
