{"id":33,"date":"2015-09-18T11:51:36","date_gmt":"2015-09-18T11:51:36","guid":{"rendered":"http:\/\/www.terveilm.ee\/teabekeskus\/arengukoostoo\/"},"modified":"2018-04-03T12:36:04","modified_gmt":"2018-04-03T09:36:04","slug":"arengukoostoo","status":"publish","type":"page","link":"https:\/\/www.terveilm.ee\/leht\/teabekeskuse-teemad\/arengukoostoo\/","title":{"rendered":"Arengukoost\u00f6\u00f6"},"content":{"rendered":"<div>\n<p><strong>Tiheda majanduslik koost\u00f6\u00f6, globaliseerumine, avatud kaubandus ning piirid on loonud olukorra, kus riigid s\u00f5ltuvad \u00fcha enam \u00fcksteisest. Kui suurimas kakaoubade eksportijariigis Elevandiluurannikul piirab poliitiline olukord sealsetel p\u00f5llumeestel kakaoubade kasvatamist, teeb see \u0161okolaadi kallimaks k\u00f5ikjal maailmas, sealhulgas ka Eesti poodides.<\/strong><\/p>\n<p>Arengukoost\u00f6\u00f6 on arenguabi, mille kaudu suunavad v\u00f5imekamad riigid arenguriikidele vajalikku abi. Riikidevaheline arengukoost\u00f6\u00f6 aitab eesm\u00e4rgip\u00e4raselt ja j\u00e4rjepidevalt kaasa \u00f5igluse, rahu ja heaolu loomisele maailmas l\u00e4bi teadmiste edasiandmise ning rahalise ja materiaalse abi. Oma panusega toetatakse stabiilsemate, j\u00e4tkusuutlikumate ja \u00f5iglasemate olukordade loomist, mis oma tulemusega m\u00f5jutab positiivselt nii sihtriiki, aga l\u00e4bi omavahelise seotuse ka teisi riike.<\/p>\n<p>Enam levinud arengukoost\u00f6\u00f6 tegemise viisid on:<\/p>\n<ul>\n<li><strong>kahepoolne<\/strong> (bilateraalne) \u2013 arengukoost\u00f6\u00f6, mida doonorriik (v\u00f5i riigid koost\u00f6\u00f6s) annavad arengumaale v\u00f5i mida doonorriik annab sihtotstarbeliselt rahvusvahelise abiorganisatsiooni kaudu. N\u00e4iteks Ukrainas aitame paremaks teha IT-haridust ja v\u00e4ikeettev\u00f5tluse k\u00e4imal\u00fckkamist, Gruusias anname edasi teadmisi k\u00fcberjulgeolekust.;<\/li>\n<li><strong>mitmepoolne<\/strong> (multilateraalne) \u2013 arengukoost\u00f6\u00f6, mida annavad arenguriikidele\u00a0rahvusvahelised organisatsioonid,\u00a0n\u00e4iteks Maailma Toiduprogramm. Eesti on toetanud selle kaudu nii Nigerit kui ka Somaaliat.<\/li>\n<li><strong>humanitaarabi ehk toimeabi<\/strong> \u2013 l\u00fchiajaline ja kiireloomuline abi, mida antakse l\u00e4bi rahvusvaheliste organisatsioonide v\u00f5i riikide humanitaar- ja p\u00e4\u00e4steabi meeskondade.<\/li>\n<\/ul>\n<p>Abi eesm\u00e4rk on loodus- v\u00f5i inimtegevusest p\u00f5hjustatud katastroofide ajal v\u00f5i nende j\u00e4rel inimelude p\u00e4\u00e4stmine, inimeste kannatuste v\u00e4hendamine ja inimv\u00e4\u00e4rseks eluks h\u00e4davajaliku tagamine. N\u00e4iteks Eesti toetab Ukrainat rahaliselt \u00dcRO Lastefondi kaudu, et leevendada sisep\u00f5genike olukorda riigis. Eesti P\u00e4\u00e4stemeeskond on k\u00e4inud Indoneesias, et aidata looduskatastroofis kannatanuid.<\/p>\n<p>&nbsp;<\/p>\n<p>Arengukoost\u00f6\u00f6 on aeglane protsess, millel on pikaajalised eesm\u00e4rgid nagu vaesuse v\u00e4hendamine, arengumaade majandusliku ja sotsiaalse arengu soodustamine. Arenguabi andmise viisid on erinevad, mis h\u00f5lmavad nii rahalist tuge kui ka oskusteabe edasiandmist ja materiaalset abi. Nii on riikidel v\u00f5imalik panustada arengukoost\u00f6\u00f6sse vastavalt oma v\u00f5imalustele. Arengukoost\u00f6\u00f6d saab teha riikide kahepoolse ja mitmepoolse kokkuleppe alusel. Humanitaarabi on \u00fcks arengukoost\u00f6\u00f6 andmise viis, mis on omadustelt erinev \u2013 see on kiireloomuline abi, mille eesm\u00e4rk on loodus- v\u00f5i inimtegevusest p\u00f5hjustatud katastroofide ajal v\u00f5i nende j\u00e4rel inimeste kannatuse v\u00e4hendamine ja inimv\u00e4rseks eluks h\u00e4davajaliku tagamine.<\/p>\n<p><a href=\"#_ftnref1\" name=\"_ftn1\"><\/a><\/p>\n<\/div>\n<div>\n<p><strong>Ametlik arenguabi<\/strong> (<em>Official Development Assistance,\u00a0<\/em>ODA) on aga rahvusvaheline termin, mis t\u00e4hendab arenguriikidele avalikust sektorist majandusliku arengu ja heaolu toetamiseks antavaid laene ja grante, sealhulgas humanitaarabi. Ametliku arenguabi definitsiooni ja sinna alla loetavad abitegevused otsustab <a href=\"http:\/\/www.terveilm.ee\/teabekeskus\/rahvusvahelised-organisatsioonid\/\">Majandusliku Koost\u00f6\u00f6 ja Arengu Organisatsiooni (OECD) Arenguabi Komitee (DAC)<\/a>, mis kogub ka rahvusvahelist arenguabi statistikat.<\/p>\n<\/div>\n<div>Maailmas on arengukoost\u00f6\u00f6 alustaladeks \u00dcRO liikmesriikide, seal hulgas ka Eesti poolt kokku lepitud kaheksa <a href=\"http:\/\/www.terveilm.ee\/teabekeskus\/uro-arengueesmargid\/\">aastatuhande arengueesm\u00e4rki<\/a> aastaks 2015. Eesm\u00e4rkideks on vaesuse ja n\u00e4lja likvideerimine, laste suremuse v\u00e4hendamine, inimeste tervise parandamine, alghariduse k\u00e4ttesaadavuse suurendamine, v\u00f5rd\u00f5iguslikkuse edendamine ja looduss\u00e4\u00e4stlikuma keskkonna tagamine.<\/div>\n<div><\/div>\n<p><iframe loading=\"lazy\" id=\"player_1\" src=\"http:\/\/player.vimeo.com\/video\/5425300?api=1&amp;player_id=player_1&amp;wmode=opaque\" width=\"500\" height=\"275\" frameborder=\"0\" allowfullscreen=\"allowfullscreen\"><\/iframe><\/p>\n<p><a href=\"http:\/\/vimeo.com\/5425300\">TERVE ILM 1: sissejuhatus arengukoost\u00f6\u00f6sse<\/a> from <a href=\"http:\/\/vimeo.com\/terveilm\">TERVEILM<\/a> on <a href=\"http:\/\/vimeo.com\/\">Vimeo<\/a>.<\/p>\n<h3 data-fontsize=\"16\" data-lineheight=\"27\">Seotud teemad:<\/h3>\n<ul>\n<li><a href=\"http:\/\/www.terveilm.ee\/meist\/tegevusalad\/eesti-arengukoostoo\/\">Eesti arengukoost\u00f6\u00f6<\/a><\/li>\n<li><a href=\"http:\/\/www.terveilm.ee\/meist\/tegevusalad\/euroopa-liidu-arengukoostoo\/\">Euroopa Liidu arengukoost\u00f6\u00f6<\/a><\/li>\n<li><a href=\"http:\/\/www.terveilm.ee\/teabekeskus\/humanitaarabi\/\">Humanitaarabi<\/a><\/li>\n<li><a href=\"http:\/\/www.terveilm.ee\/teabekeskus\/uro-arengueesmargid\/\">\u00dcRO aastatuhande arengueesm\u00e4rgid<\/a><\/li>\n<\/ul>\n","protected":false},"excerpt":{"rendered":"<p>Tiheda majanduslik koost\u00f6\u00f6, globaliseerumine, avatud kaubandus ning piirid on loonud olukorra, kus riigid s\u00f5ltuvad \u00fcha enam \u00fcksteisest. Kui suurimas kakaoubade&#8230;<\/p>\n","protected":false},"author":32,"featured_media":0,"parent":8,"menu_order":3,"comment_status":"closed","ping_status":"closed","template":"template-kc-article.php","meta":{"_acf_changed":false,"footnotes":""},"categories":[41],"class_list":["post-33","page","type-page","status-publish","hentry","category-teabekeskus"],"acf":[],"_links":{"self":[{"href":"https:\/\/www.terveilm.ee\/leht\/wp-json\/wp\/v2\/pages\/33","targetHints":{"allow":["GET"]}}],"collection":[{"href":"https:\/\/www.terveilm.ee\/leht\/wp-json\/wp\/v2\/pages"}],"about":[{"href":"https:\/\/www.terveilm.ee\/leht\/wp-json\/wp\/v2\/types\/page"}],"author":[{"embeddable":true,"href":"https:\/\/www.terveilm.ee\/leht\/wp-json\/wp\/v2\/users\/32"}],"replies":[{"embeddable":true,"href":"https:\/\/www.terveilm.ee\/leht\/wp-json\/wp\/v2\/comments?post=33"}],"version-history":[{"count":4,"href":"https:\/\/www.terveilm.ee\/leht\/wp-json\/wp\/v2\/pages\/33\/revisions"}],"predecessor-version":[{"id":9118,"href":"https:\/\/www.terveilm.ee\/leht\/wp-json\/wp\/v2\/pages\/33\/revisions\/9118"}],"up":[{"embeddable":true,"href":"https:\/\/www.terveilm.ee\/leht\/wp-json\/wp\/v2\/pages\/8"}],"wp:attachment":[{"href":"https:\/\/www.terveilm.ee\/leht\/wp-json\/wp\/v2\/media?parent=33"}],"wp:term":[{"taxonomy":"category","embeddable":true,"href":"https:\/\/www.terveilm.ee\/leht\/wp-json\/wp\/v2\/categories?post=33"}],"curies":[{"name":"wp","href":"https:\/\/api.w.org\/{rel}","templated":true}]}}