{"id":34,"date":"2015-09-18T11:51:36","date_gmt":"2015-09-18T11:51:36","guid":{"rendered":"http:\/\/www.terveilm.ee\/teabekeskus\/eesti-arengukoostoo\/"},"modified":"2018-04-17T11:06:52","modified_gmt":"2018-04-17T08:06:52","slug":"eesti-arengukoostoo","status":"publish","type":"page","link":"https:\/\/www.terveilm.ee\/leht\/teabekeskuse-teemad\/arengukoostoo\/eesti-arengukoostoo\/","title":{"rendered":"Eesti arengukoost\u00f6\u00f6"},"content":{"rendered":"<div>\n<h3 data-fontsize=\"16\" data-lineheight=\"27\">Eesti \u2013 v\u00e4ike oja, mis annab j\u00f5udu ookeanile!<\/h3>\n<\/div>\n<p>On inimlik ja loomulik, et edukad riigid aitavad kaasa abi vajavate riikide arengule. \u00dcks selline abi ja tuge vajav riik oli alles hiljuti ka Eesti. N\u00fc\u00fcd, kui kuulume edukate riikide hulka, on meie kord olla toeks teistele.<\/p>\n<p>Juba \u00fcle k\u00fcmne aasta on Eesti jaganud oma teadmisi, kogemusi ja rahalisi ressursse k\u00fcmnete riikidega. T\u00e4na on Eesti s\u00fcdameasjaks aidata kaasa\u00a0 <a href=\"http:\/\/www.terveilm.ee\/meist\/projektid\/afganistan\/\">Afganistani<\/a>, <a href=\"http:\/\/www.terveilm.ee\/meist\/projektid\/gruusia\/\">Gruusia<\/a>, <a href=\"http:\/\/www.terveilm.ee\/meist\/projektid\/moldova\/\">Moldova<\/a> ja <a href=\"http:\/\/www.terveilm.ee\/meist\/projektid\/ukraina\/\">Ukraina<\/a> arengule, aga koost\u00f6\u00f6d tehakse ka teiste Euroopa Liidu\u00a0<a href=\"http:\/\/www.terveilm.ee\/meist\/tegevusalad\/euroopa-liidu-arengukoostoo\/idapartnerlus\/\">Idapartnerluse <\/a>riikidega (<a href=\"http:\/\/www.terveilm.ee\/meist\/projektid\/armeenia\/\">Armeenia<\/a>, <a href=\"http:\/\/www.terveilm.ee\/meist\/projektid\/aserbaidzaan\/\">Aserbaid\u017eaan<\/a>, <a href=\"http:\/\/www.terveilm.ee\/meist\/projektid\/valgevene\/\">Valgevene<\/a>).<\/p>\n<p>Eesti arengukoost\u00f6\u00f6d viivad ellu nii avalik sektor, kodaniku\u00fchendused kui eraettev\u00f5tted. Riigi tasandil koordineerib arengupoliitikat V\u00e4lisministeerium ja valdkonnas tegutsevaid v\u00f5i sellest huvituvaid Eesti kodaniku\u00fchendusi koondab\u00a0<a href=\"http:\/\/www.terveilm.ee\/leht\/umarlaud\/kes-me-oleme\/\">Arengukoost\u00f6\u00f6 \u00dcmarlaud<\/a>.<\/p>\n<p>Eesti arengukoost\u00f6\u00f6 eesm\u00e4rgid on:<\/p>\n<ul>\n<li>Toetada inimarengut, haridust ning tervishoidu, fookusega naistel ja lastel. MT\u00dc Mondo kaudu on toetatud erivajadustega noorte eneseteostamise v\u00f5imalusi Ugandas, koolitatud \u00e4mmaemandaid Afganistanis ja haritud Jeemeni kirjaoskamatuid t\u00fcdrukuid, et nad saaksid minna \u00f5ppima.<\/li>\n<li>Toetada rahu ja inim\u00f5iguste kaitset ning demokraatia arengut, head valitsemistava ja inim\u00f5iguste tagamist. Inim\u00f5iguste Instituut koos Tad\u017eikistani ja K\u00f5rg\u00f5zstani koost\u00f6\u00f6partneritega on koolitanud noori inim\u00f5igustega seotud teemadel, et nad ise l\u00e4htuksid oma tegevuses neist p\u00f5him\u00f5tetest ja riiklikul tasandil sekkuksid, kui n\u00e4evad inim\u00f5iguste rikkumisi.<\/li>\n<li>Toetada majandusarengut ja p\u00f5llumajandust, soodustada keskkonnas\u00e4\u00e4stliku ja j\u00e4tkusuutlikku arengut. MT\u00dc Peipsi Koost\u00f6\u00f6 keskus on t\u00f6\u00f6tanud Kasahstanis, et koolitada kohalikke vee- ja energiaressursse s\u00e4\u00e4stlikumalt kasutama.<\/li>\n<li>Toetada rahvusvaheliste organisatsioonide t\u00f6\u00f6d ja partnerriike. Eesti teeb seda l\u00e4bi korrap\u00e4raste annetuste rahvusvahelistele arengu- ja humanitaarabi organisatsioonidele.<\/li>\n<li>Toetada avaliku, era- ja kolmanda sektori arengukoost\u00f6\u00f6v\u00f5imekust, teadlikkuse t\u00f5stmist ja maailmahariduse tutvustamist. E-riigi Akadeemia on aidanud luua Armeeniasse erinevate sektorite vahelist koost\u00f6\u00f6v\u00f5ime platvormi. Samuti koolitanud l\u00e4bipaistvate e-valimiste teemal Armeenias, Gruusias, Aserbaid\u017eaanis, Ukrainas ja Valgevenes ning turvalise andmevahetuse kohta teadmisi jaganud K\u00f5rg\u00f5zstanis.<\/li>\n<\/ul>\n<p>Suure osa arengukoost\u00f6\u00f6sse minevast rahalisest abist suunab Eesti <a href=\"http:\/\/www.terveilm.ee\/teabekeskus\/euroopa-liidu-arengukoostoo\/\">Euroopa Liidu \u00fchisesse arengukoost\u00f6\u00f6 eelarvesse<\/a>, mille kaudu rahastatakse erinevaid rahvusvahelisi projekte paljudes riikides. Samuti vahendab Eesti osa arenguabist l\u00e4bi siinsete, Euroopa Liidu ja \u00dcRO s\u00fcsteemi kuuluvate organisatsioonide nagu Rahvusvaheline Punase Risti Komitee, \u00dcRO Lastefond, \u00dcRO Pagulaste \u00dclemvoliniku Amet ja \u00dcRO p\u00f5lisrahvaste fond.\u00a0Eesti on aktiivne ka <a href=\"http:\/\/www.terveilm.ee\/teabekeskus\/humanitaarabi\/\">humanitaarabi<\/a> andjana.<\/p>\n<div><\/div>\n<p><iframe loading=\"lazy\" src=\"https:\/\/maps.google.com\/maps\/ms?msa=0&amp;msid=213751840663236772858.0004d0cd23aeca8db970b&amp;ie=UTF8&amp;t=m&amp;ll=12.765528,34.867438&amp;spn=77.468945,71.160679&amp;output=embed\" width=\"681\" height=\"390\" frameborder=\"0\" marginwidth=\"0\" marginheight=\"0\" scrolling=\"no\"><\/iframe><br \/>\n<small>Vaata kaarti <a href=\"https:\/\/maps.google.com\/maps\/ms?msa=0&amp;msid=213751840663236772858.0004d0cd23aeca8db970b&amp;ie=UTF8&amp;t=m&amp;ll=12.765528,34.867438&amp;spn=77.468945,71.160679&amp;source=embed\">Eesti arengukoost\u00f6\u00f6 terves ilmas<\/a> suuremalt<\/small><\/p>\n<p>Kaardilt saad uurida, kus on Eesti riik ja vaba\u00fchendused viimastel aastatel tegutsenud.<\/p>\n<div>Detailne info Eesti riigi tegevustest on leitav\u00a0<a href=\"https:\/\/rakendused.vm.ee\/akta\/andmed_otsing.php\" target=\"_blank\" rel=\"noopener\">Eesti arengukoost\u00f6\u00f6 andmebaasis<\/a>.<\/div>\n","protected":false},"excerpt":{"rendered":"<p>Eesti \u2013 v\u00e4ike oja, mis annab j\u00f5udu ookeanile! On inimlik ja loomulik, et edukad riigid aitavad kaasa abi vajavate riikide&#8230;<\/p>\n","protected":false},"author":32,"featured_media":0,"parent":33,"menu_order":4,"comment_status":"closed","ping_status":"closed","template":"template-kc-article.php","meta":{"_acf_changed":false,"footnotes":""},"categories":[41],"class_list":["post-34","page","type-page","status-publish","hentry","category-teabekeskus"],"acf":[],"_links":{"self":[{"href":"https:\/\/www.terveilm.ee\/leht\/wp-json\/wp\/v2\/pages\/34","targetHints":{"allow":["GET"]}}],"collection":[{"href":"https:\/\/www.terveilm.ee\/leht\/wp-json\/wp\/v2\/pages"}],"about":[{"href":"https:\/\/www.terveilm.ee\/leht\/wp-json\/wp\/v2\/types\/page"}],"author":[{"embeddable":true,"href":"https:\/\/www.terveilm.ee\/leht\/wp-json\/wp\/v2\/users\/32"}],"replies":[{"embeddable":true,"href":"https:\/\/www.terveilm.ee\/leht\/wp-json\/wp\/v2\/comments?post=34"}],"version-history":[{"count":5,"href":"https:\/\/www.terveilm.ee\/leht\/wp-json\/wp\/v2\/pages\/34\/revisions"}],"predecessor-version":[{"id":9249,"href":"https:\/\/www.terveilm.ee\/leht\/wp-json\/wp\/v2\/pages\/34\/revisions\/9249"}],"up":[{"embeddable":true,"href":"https:\/\/www.terveilm.ee\/leht\/wp-json\/wp\/v2\/pages\/33"}],"wp:attachment":[{"href":"https:\/\/www.terveilm.ee\/leht\/wp-json\/wp\/v2\/media?parent=34"}],"wp:term":[{"taxonomy":"category","embeddable":true,"href":"https:\/\/www.terveilm.ee\/leht\/wp-json\/wp\/v2\/categories?post=34"}],"curies":[{"name":"wp","href":"https:\/\/api.w.org\/{rel}","templated":true}]}}