{"id":35,"date":"2015-09-18T11:51:36","date_gmt":"2015-09-18T11:51:36","guid":{"rendered":"http:\/\/www.terveilm.ee\/teabekeskus\/euroopa-liidu-arengukoostoo\/"},"modified":"2015-09-30T10:11:36","modified_gmt":"2015-09-30T10:11:36","slug":"euroopa-liidu-arengukoostoo","status":"publish","type":"page","link":"https:\/\/www.terveilm.ee\/leht\/teabekeskuse-teemad\/euroopa-liidu-arengukoostoo\/","title":{"rendered":"Euroopa Liidu arengukoost\u00f6\u00f6"},"content":{"rendered":"<div>\n<h3 data-fontsize=\"13\" data-lineheight=\"24\">Euroopa Liidu arengukoost\u00f6\u00f6 poliitika<\/h3>\n<\/div>\n<p>Alates 2006. aastast suunatakse suurem osa Eesti arengukoost\u00f6\u00f6 ja humanitaarabi ressurssidest (80% 2006.a) Euroopa Arengufondi (ik. European Development Fund, EDF). Lisaks m\u00f5jutavad Eesti arengukoost\u00f6\u00f6d olulisel m\u00e4\u00e4ral ka ELi eesm\u00e4rgid ja strateegiad. Seet\u00f5ttu peab AK\u00dc vajalikuks, et Eesti ametkonnad omandaksid Euroopa tasandil kindlama positsiooni.<\/p>\n<p><strong>Euroopa Liit <\/strong>on lubanud suurendada oma v\u00e4lisabi, parandades \u00fchtlasi selle kvaliteeti ja t\u00f5husust. Neid arenguid tuleks j\u00e4lgida mitte ainult liikmesriikide tasandil, vaid ka komisjoni pool eraldatava abi puhul, mille puhul on ette heidetud, et see ei ole keskendu piisavalt vaesusele.<\/p>\n<div class=\"fusion-video fusion-youtube\">\n<div class=\"video-shortcode\">\n<div class=\"fluid-width-video-wrapper\"><iframe loading=\"lazy\" id=\"player_1\" title=\"YouTube video player\" src=\"http:\/\/www.youtube.com\/embed\/6lqz8xW4fLA?autoplay=0&amp;enablejsapi=1&amp;wmode=opaque\" width=\"300\" height=\"150\" frameborder=\"0\" allowfullscreen=\"allowfullscreen\"><\/iframe><\/div>\n<\/div>\n<\/div>\n<p><strong>Vaata lisaks:<\/strong><\/p>\n<p><a href=\"http:\/\/ec.europa.eu\/europeaid\/index_et.htm\">EuropeAid<\/a> \u2013 Euroopa Komisjoni arengu ja koost\u00f6\u00f6 peadirektoraat<\/p>\n<p><a href=\"http:\/\/aidwatch.concordeurope.org\/\">AidWatch<\/a> \u2013 kodaniku\u00fchenduste hinnang EL aregukoost\u00f6\u00f6le<\/p>\n","protected":false},"excerpt":{"rendered":"<p>Euroopa Liidu arengukoost\u00f6\u00f6 poliitika Alates 2006. aastast suunatakse suurem osa Eesti arengukoost\u00f6\u00f6 ja humanitaarabi ressurssidest (80% 2006.a) Euroopa Arengufondi (ik&#8230;.<\/p>\n","protected":false},"author":32,"featured_media":0,"parent":8,"menu_order":5,"comment_status":"closed","ping_status":"closed","template":"","meta":{"_acf_changed":false,"footnotes":""},"categories":[],"class_list":["post-35","page","type-page","status-publish","hentry"],"acf":[],"_links":{"self":[{"href":"https:\/\/www.terveilm.ee\/leht\/wp-json\/wp\/v2\/pages\/35","targetHints":{"allow":["GET"]}}],"collection":[{"href":"https:\/\/www.terveilm.ee\/leht\/wp-json\/wp\/v2\/pages"}],"about":[{"href":"https:\/\/www.terveilm.ee\/leht\/wp-json\/wp\/v2\/types\/page"}],"author":[{"embeddable":true,"href":"https:\/\/www.terveilm.ee\/leht\/wp-json\/wp\/v2\/users\/32"}],"replies":[{"embeddable":true,"href":"https:\/\/www.terveilm.ee\/leht\/wp-json\/wp\/v2\/comments?post=35"}],"version-history":[{"count":1,"href":"https:\/\/www.terveilm.ee\/leht\/wp-json\/wp\/v2\/pages\/35\/revisions"}],"predecessor-version":[{"id":5886,"href":"https:\/\/www.terveilm.ee\/leht\/wp-json\/wp\/v2\/pages\/35\/revisions\/5886"}],"up":[{"embeddable":true,"href":"https:\/\/www.terveilm.ee\/leht\/wp-json\/wp\/v2\/pages\/8"}],"wp:attachment":[{"href":"https:\/\/www.terveilm.ee\/leht\/wp-json\/wp\/v2\/media?parent=35"}],"wp:term":[{"taxonomy":"category","embeddable":true,"href":"https:\/\/www.terveilm.ee\/leht\/wp-json\/wp\/v2\/categories?post=35"}],"curies":[{"name":"wp","href":"https:\/\/api.w.org\/{rel}","templated":true}]}}