{"id":5868,"date":"2015-09-30T09:01:22","date_gmt":"2015-09-30T09:01:22","guid":{"rendered":"http:\/\/www.terveilm.ee\/?page_id=5868"},"modified":"2015-10-01T17:06:20","modified_gmt":"2015-10-01T17:06:20","slug":"rahastusvoimalused","status":"publish","type":"page","link":"https:\/\/www.terveilm.ee\/leht\/meist\/tegevusalad\/rahastusvoimalused\/","title":{"rendered":"Rahastusv\u00f5imalused"},"content":{"rendered":"<div>\n<p>AK\u00dc abistab organisatsioone arengukoost\u00f6\u00f6 ja maailmahariduse projektideks rahastamise saamise v\u00f5imalustega seotud k\u00fcsimustes ning korraldab v\u00f5imalusel ja vajadusel rahastamise taotlemist ja projektijuhtimist k\u00e4sitlevaid koolitusi.Samuti abistab AK\u00dc teistest ELi liikmesriikidest koost\u00f6\u00f6partnerite leidmisel. Kui olete huvitatud uue projekti rakendamiseks partneri leidmisest, v\u00f5tke <a href=\"http:\/\/www.terveilm.ee\/meist\/\">AK\u00dc t\u00f6\u00f6tajatega <\/a>\u00fchendust.<\/p>\n<p>AK\u00dc kaudu saate v\u00e4rskeid andmeid rahastamiskoolituste ja infotundide kohta ning ka lisateavet Eesti organisatsioonide ELi rahastamise abil rakendatud projektide kohta.<\/p>\n<\/div>\n<h3 data-fontsize=\"13\" data-lineheight=\"24\"><strong>Uuri <a href=\"http:\/\/www.terveilm.ee\/teabekeskus\/\">rahastusv\u00f5imalusi<\/a> ka teabekeskusest!<\/strong><\/h3>\n","protected":false},"excerpt":{"rendered":"<p>AK\u00dc abistab organisatsioone arengukoost\u00f6\u00f6 ja maailmahariduse projektideks rahastamise saamise v\u00f5imalustega seotud k\u00fcsimustes ning korraldab v\u00f5imalusel ja vajadusel rahastamise taotlemist ja&#8230;<\/p>\n","protected":false},"author":6,"featured_media":0,"parent":144,"menu_order":0,"comment_status":"closed","ping_status":"closed","template":"","meta":{"_acf_changed":false,"footnotes":""},"categories":[],"class_list":["post-5868","page","type-page","status-publish","hentry"],"acf":[],"_links":{"self":[{"href":"https:\/\/www.terveilm.ee\/leht\/wp-json\/wp\/v2\/pages\/5868","targetHints":{"allow":["GET"]}}],"collection":[{"href":"https:\/\/www.terveilm.ee\/leht\/wp-json\/wp\/v2\/pages"}],"about":[{"href":"https:\/\/www.terveilm.ee\/leht\/wp-json\/wp\/v2\/types\/page"}],"author":[{"embeddable":true,"href":"https:\/\/www.terveilm.ee\/leht\/wp-json\/wp\/v2\/users\/6"}],"replies":[{"embeddable":true,"href":"https:\/\/www.terveilm.ee\/leht\/wp-json\/wp\/v2\/comments?post=5868"}],"version-history":[{"count":3,"href":"https:\/\/www.terveilm.ee\/leht\/wp-json\/wp\/v2\/pages\/5868\/revisions"}],"predecessor-version":[{"id":6252,"href":"https:\/\/www.terveilm.ee\/leht\/wp-json\/wp\/v2\/pages\/5868\/revisions\/6252"}],"up":[{"embeddable":true,"href":"https:\/\/www.terveilm.ee\/leht\/wp-json\/wp\/v2\/pages\/144"}],"wp:attachment":[{"href":"https:\/\/www.terveilm.ee\/leht\/wp-json\/wp\/v2\/media?parent=5868"}],"wp:term":[{"taxonomy":"category","embeddable":true,"href":"https:\/\/www.terveilm.ee\/leht\/wp-json\/wp\/v2\/categories?post=5868"}],"curies":[{"name":"wp","href":"https:\/\/api.w.org\/{rel}","templated":true}]}}