{"id":5909,"date":"2015-09-30T10:41:14","date_gmt":"2015-09-30T10:41:14","guid":{"rendered":"http:\/\/www.terveilm.ee\/?page_id=5909"},"modified":"2015-10-01T17:37:28","modified_gmt":"2015-10-01T17:37:28","slug":"laste-oigused","status":"publish","type":"page","link":"https:\/\/www.terveilm.ee\/leht\/teabekeskuse-teemad\/inimoigused\/laste-oigused\/","title":{"rendered":"Laste \u00f5igused"},"content":{"rendered":"<p>K\u00f5ik lapsed maailmas on v\u00e4\u00e4rtuslikud. Riikide valitsused peavad hoolt kandma selle eest, et k\u00f5igi laste \u00f5igused oleksid kaitstud.<\/p>\n<p><a href=\"https:\/\/www.riigiteataja.ee\/akt\/24016\"><strong>\u00dcRO lapse \u00f5iguste konventsioonis<\/strong><\/a> kirja pandud \u00f5igused kuuluvad igale kuni 18-aastasele lapsele ja noorele inimesele kogu maailmas. Seda hoolimata v\u00e4limusest, nahav\u00e4rvist, soost, emakeelest, uskumustest ja arvamustest ning rahvusest. Konventsioon j\u00f5ustus Eesti suhtes 21.10.1991.<\/p>\n<p><strong>Lisaks on \u00dcRO-s j\u00f5ustunud:<\/strong><\/p>\n<ul>\n<li>Lapse \u00f5iguste konventsiooni<strong> laste osalust relvakonfliktis<\/strong> k\u00e4sitlev fakultatiivprotokoll (j\u00f5ustunud 12.02.2002) \u2013 Eesti alla kirjutanud 24.09.2003 (ei ole ratifitseeritud) (saadaval <a href=\"http:\/\/www2.ohchr.org\/english\/law\/crc-conflict.htm\">inglise keeles<\/a>);<\/li>\n<li>Lapse \u00f5iguste konventsiooni<strong> laste m\u00fc\u00fcgi, lasteprostitutsiooni ja -pornograafiat<\/strong> k\u00e4sitlev fakultatiivprotokoll (j\u00f5ustunud 12.02.2002) \u2013 j\u00f5ustunud Eesti suhtes 03.09.2004\u00a0 (<a href=\"https:\/\/www.riigiteataja.ee\/ert\/act.jsp?id=772870\">RT II 2004\/23\/94<\/a>)<\/li>\n<\/ul>\n<p>&nbsp;<\/p>\n<p><strong>Vaata lisaks:<br \/>\n<\/strong><\/p>\n<p><a href=\"https:\/\/www.riigiteataja.ee\/akt\/24016\">\u00dcRO lapse \u00f5iguste konventsioon<\/a> (1989)<\/p>\n<p><a href=\"http:\/\/www.lastekaitseliit.ee\/infokeskus\/lapse-oigused\/\">Lastekaitse Liit<br \/>\n<\/a><\/p>\n<p><a href=\"http:\/\/www.unicef.ee\/\">\u00dcRO lastefond \u2013 UNICEF<br \/>\n<\/a><\/p>\n<p><a href=\"http:\/\/lasteombudsman.ee\/\">Eesti lasteombudsman<br \/>\n<\/a><\/p>\n<p><a href=\"http:\/\/www.terveilm.ee\/teabekeskus\/inimoigused\/lapstoojou-valtimine\/\">Kuidas saavad ettev\u00f5tted v\u00e4listada lapst\u00f6\u00f6j\u00f5u kasutamist?<\/a><\/p>\n","protected":false},"excerpt":{"rendered":"<p>K\u00f5ik lapsed maailmas on v\u00e4\u00e4rtuslikud. Riikide valitsused peavad hoolt kandma selle eest, et k\u00f5igi laste \u00f5igused oleksid kaitstud. \u00dcRO lapse&#8230;<\/p>\n","protected":false},"author":6,"featured_media":0,"parent":5899,"menu_order":0,"comment_status":"closed","ping_status":"closed","template":"","meta":{"_acf_changed":false,"footnotes":""},"categories":[],"class_list":["post-5909","page","type-page","status-publish","hentry"],"acf":[],"_links":{"self":[{"href":"https:\/\/www.terveilm.ee\/leht\/wp-json\/wp\/v2\/pages\/5909","targetHints":{"allow":["GET"]}}],"collection":[{"href":"https:\/\/www.terveilm.ee\/leht\/wp-json\/wp\/v2\/pages"}],"about":[{"href":"https:\/\/www.terveilm.ee\/leht\/wp-json\/wp\/v2\/types\/page"}],"author":[{"embeddable":true,"href":"https:\/\/www.terveilm.ee\/leht\/wp-json\/wp\/v2\/users\/6"}],"replies":[{"embeddable":true,"href":"https:\/\/www.terveilm.ee\/leht\/wp-json\/wp\/v2\/comments?post=5909"}],"version-history":[{"count":2,"href":"https:\/\/www.terveilm.ee\/leht\/wp-json\/wp\/v2\/pages\/5909\/revisions"}],"predecessor-version":[{"id":6305,"href":"https:\/\/www.terveilm.ee\/leht\/wp-json\/wp\/v2\/pages\/5909\/revisions\/6305"}],"up":[{"embeddable":true,"href":"https:\/\/www.terveilm.ee\/leht\/wp-json\/wp\/v2\/pages\/5899"}],"wp:attachment":[{"href":"https:\/\/www.terveilm.ee\/leht\/wp-json\/wp\/v2\/media?parent=5909"}],"wp:term":[{"taxonomy":"category","embeddable":true,"href":"https:\/\/www.terveilm.ee\/leht\/wp-json\/wp\/v2\/categories?post=5909"}],"curies":[{"name":"wp","href":"https:\/\/api.w.org\/{rel}","templated":true}]}}

Laste õigused

<p>Kõik lapsed maailmas on väärtuslikud. Riikide valitsused peavad hoolt kandma selle eest, et kõigi laste õigused oleksid kaitstud.</p>
<p><a href="https://www.riigiteataja.ee/akt/24016"><strong>ÜRO lapse õiguste konventsioonis</strong></a> kirja pandud õigused kuuluvad igale kuni 18-aastasele lapsele ja noorele inimesele kogu maailmas. Seda hoolimata välimusest, nahavärvist, soost, emakeelest, uskumustest ja arvamustest ning rahvusest. Konventsioon jõustus Eesti suhtes 21.10.1991.</p>
<p><strong>Lisaks on ÜRO-s jõustunud:</strong></p>
<ul>
<li>Lapse õiguste konventsiooni<strong> laste osalust relvakonfliktis</strong> käsitlev fakultatiivprotokoll (jõustunud 12.02.2002) – Eesti alla kirjutanud 24.09.2003 (ei ole ratifitseeritud) (saadaval <a href="http://www2.ohchr.org/english/law/crc-conflict.htm">inglise keeles</a>);</li>
<li>Lapse õiguste konventsiooni<strong> laste müügi, lasteprostitutsiooni ja -pornograafiat</strong> käsitlev fakultatiivprotokoll (jõustunud 12.02.2002) – jõustunud Eesti suhtes 03.09.2004  (<a href="https://www.riigiteataja.ee/ert/act.jsp?id=772870">RT II 2004/23/94</a>)</li>
</ul>
<p>&nbsp;</p>
<p><strong>Vaata lisaks:<br />
</strong></p>
<p><a href="https://www.riigiteataja.ee/akt/24016">ÜRO lapse õiguste konventsioon</a> (1989)</p>
<p><a href="http://www.lastekaitseliit.ee/infokeskus/lapse-oigused/">Lastekaitse Liit<br />
</a></p>
<p><a href="http://www.unicef.ee/">ÜRO lastefond – UNICEF<br />
</a></p>
<p><a href="http://lasteombudsman.ee/">Eesti lasteombudsman<br />
</a></p>
<p><a href="http://www.terveilm.ee/teabekeskus/inimoigused/lapstoojou-valtimine/">Kuidas saavad ettevõtted välistada lapstööjõu kasutamist?</a></p>

<p>Kõik lapsed maailmas on väärtuslikud. Riikide valitsused peavad hoolt kandma selle eest, et kõigi laste õigused oleksid kaitstud. ÜRO lapse&#8230;</p>
