{"id":5921,"date":"2015-09-30T10:54:44","date_gmt":"2015-09-30T10:54:44","guid":{"rendered":"http:\/\/www.terveilm.ee\/?page_id=5921"},"modified":"2015-10-03T20:03:43","modified_gmt":"2015-10-03T17:03:43","slug":"puuvill","status":"publish","type":"page","link":"https:\/\/www.terveilm.ee\/leht\/teabekeskuse-teemad\/keskkond\/puuvill\/","title":{"rendered":"Puuvill"},"content":{"rendered":"<h2 data-fontsize=\"16\" data-lineheight=\"27\">Puuvilla globaalne teekond<\/h2>\n<p>Aina enam huvituvad inimesed sellest, mida nad selga panevad. Tekstiilitoodete elukaar on pahatihti halvasti j\u00e4rgitav, harva teame t\u00e4pselt, millise hinnaga on p\u00fcksipaar v\u00f5i s\u00e4rk toodetud.<\/p>\n<p><iframe loading=\"lazy\" id=\"player_1\" src=\"http:\/\/player.vimeo.com\/video\/34618681?title=0&amp;byline=0&amp;portrait=0&amp;api=1&amp;player_id=player_1&amp;wmode=opaque\" width=\"400\" height=\"300\" frameborder=\"0\" allowfullscreen=\"allowfullscreen\"><\/iframe><\/p>\n<p><a href=\"http:\/\/vimeo.com\/34618681\">hea kohtingu retsept<\/a>\u00a0via\u00a0<a href=\"http:\/\/vimeo.com\/user2552486\">Eestimaa Looduse Fond<\/a><\/p>\n<p>Siiski pole vaja olla ekspert, et globaalse p\u00f5llumajanduse toimimisele pilku heites j\u00f5uda spetsialistidega samale j\u00e4reldusele: maaviljelus vajab \u00fcleimses m\u00f5\u00f5tmes radikaalset \u00fcmberkorraldamist.<\/p>\n<p>P\u00f5llumajandus on j\u00e4tkuvalt s\u00fcgavas s\u00f5ltuvuses kahjurim\u00fcrkidest. Puuvill on ehe n\u00e4ide saadusest, kus tehnoloogia on turu n\u00f5udlusele alla j\u00e4\u00e4nud. Kogu maailmas tarvitatavatest <strong>putukam\u00fcrkidest l\u00e4heb\u00a0neljandik \u00a0puuvilla tarbeks<\/strong>, ehkki puuvillap\u00f5ldude osakaal moodustab vaid 2,5% haritavast maast (WWF: \u201c<em><a href=\"http:\/\/awsassets.panda.org\/downloads\/impact_long.pdf\" target=\"_blank\">The Impact of Cotton on Fresh Water Resources and Ecosystems<\/a><\/em>\u201c).<\/p>\n<p><a href=\"http:\/\/ejfoundation.org\/cotton\/the-deadly-chemicals-in-cotton\" target=\"_blank\">Keskkonna\u00f5iguse Fondi EJF raporti<\/a> andmetel kasvas n\u00e4iteks Punjabi provintsis puuvilla <strong>pestitsiidis\u00f5ltuvus<\/strong> aastatel 1983-1991 uskumatuna tunduvalt 5-10 %-lt 95-98 %-ni. Sama raport nendib, et \u00fche hektari puuvilla kasvatamiseks kasutatakse umbes \u00fche kilo jagu kahjurim\u00fcrke. Puuvill kasvab igikaudu 35 miljonil hektaril, mis teeb ainu\u00fcksi puuvillap\u00f5ldude kaudu keskkonda paistatud m\u00fcrkide aastaseks koguseks 35 000 tonni. EJF andmetel saab igal aastal p\u00f5llumajandusm\u00fcrkidest\u00a0t\u00f5sise<strong> tervisekahjustuse<\/strong>\u00a0 ligi miljon farmerit ja nende pereliiget. <a href=\"http:\/\/wwf.panda.org\/?uNewsID=115940\" target=\"_blank\">WWF andmetel<\/a>\u00a0<strong>sureb igal aastal m\u00fcrgistusse 20-40 000 inimest<\/strong>.<\/p>\n<p>Biotehnoloogia lobistid on altenatiivse l\u00e4henemisena pakkunud v\u00e4lja\u00a0<strong>geneetiliselt muundatud (GM) puuvilla<\/strong> kasutamise kui lahenduse pestitsiidide kasutamise v\u00e4hendamiseks. Siiski on tegemist pigem laiahaardelise finantsprojektiga, mille eesm\u00e4rk on muuta vaesed arengumaade talunikud enda pakutavatest patenteeritud GM puuvillaseemnetest s\u00f5ltuvaks. <a href=\"http:\/\/www.greenpeace.org\/india\/en\/publications\/picking-cotton\/\" target=\"_blank\">Greenpeace-i \u00a0uurimus L\u00f5una-Indias<\/a>\u00a0n\u00e4itab, et GM puuvilla kasvatanud arengumaade farmerid olid 65% ulatuses <strong>rohkem v\u00f5lgades<\/strong>\u00a0kui tavapuuvilla kasvatavad talunikud. Kusjuures \u00f6kopuuvilla kasvatanud farmerid saavutasid p\u00f5uastel aastatel 200% suurema kasumi kui GM seemnetesse investeerinud talunikud. Seejuures ei \u00fcletanud aastate keskmine <strong>saagikus<\/strong>\u00a0GM puuvilla puhul \u00f6kopuuvilla oma.<\/p>\n<h3 data-fontsize=\"13\" data-lineheight=\"24\">Mida saame meie teha?<\/h3>\n<p>Kuna iga puuvillatups, mis kunagi meie s\u00e4rki j\u00f5uab, on harva j\u00e4litatav, ei saa me alati kindlalt v\u00e4ita, et see v\u00f5i teine tavas\u00e4rk on r\u00f6\u00f6vellikult toodetud. Kui tahame kindlad olla, et s\u00e4rk toodeti loodusesse ja inimestesse hoolivalt suhtudes, siis v\u00f5ime <strong>ostelda \u00f6kopuuvillast<\/strong> toodetud tekstiilikaupa pakkuvates poodides. Kerge lahendus on ka <strong>taaskasutus<\/strong> ning moetrendide j\u00e4lgijatele pakuvad lahendusi <strong><em><a href=\"http:\/\/en.wikipedia.org\/wiki\/Upcycling\" target=\"_blank\">upcycling<\/a><\/em><\/strong> tooted.<\/p>\n<p>Praktilisi n\u00e4pun\u00e4iteid oma riidekapi korrastamiseks jagab ka saade \u201c<a href=\"http:\/\/etv.err.ee\/arhiiv.php?id=135761\" target=\"_blank\">M\u00f5istlik v\u00f5i m\u00f5ttetu<\/a>\u201d.<\/p>\n<h2>Mis on keskkonnas\u00f5bralikud alternatiivid puuvillale?<\/h2>\n<p>&nbsp;<\/p>\n<h3 data-fontsize=\"16\" data-lineheight=\"27\"><a href=\"http:\/\/www.terveilm.ee\/leht\/wp-content\/uploads\/2015\/09\/puuvill.jpeg\"><img loading=\"lazy\" decoding=\"async\" class=\"alignnone wp-image-5924 size-large\" src=\"http:\/\/www.terveilm.ee\/leht\/wp-content\/uploads\/2015\/09\/puuvill-232x1024.jpeg\" alt=\"puuvill\" width=\"232\" height=\"1024\" srcset=\"https:\/\/www.terveilm.ee\/leht\/wp-content\/uploads\/2015\/09\/puuvill-232x1024.jpeg 232w, https:\/\/www.terveilm.ee\/leht\/wp-content\/uploads\/2015\/09\/puuvill-68x300.jpeg 68w, https:\/\/www.terveilm.ee\/leht\/wp-content\/uploads\/2015\/09\/puuvill.jpeg 1000w\" sizes=\"auto, (max-width: 232px) 100vw, 232px\" \/><\/a><\/h3>\n<h3 data-fontsize=\"16\" data-lineheight=\"27\">Vaata lisaks\u00a0<a href=\"http:\/\/www.elfond.ee\/meieplaneet#puuvill\" target=\"_blank\">elfond.ee\/meieplaneet<\/a><\/h3>\n","protected":false},"excerpt":{"rendered":"<p>Puuvilla globaalne teekond Aina enam huvituvad inimesed sellest, mida nad selga panevad. Tekstiilitoodete elukaar on pahatihti halvasti j\u00e4rgitav, harva teame&#8230;<\/p>\n","protected":false},"author":6,"featured_media":0,"parent":5915,"menu_order":0,"comment_status":"closed","ping_status":"closed","template":"","meta":{"_acf_changed":false,"footnotes":""},"categories":[],"class_list":["post-5921","page","type-page","status-publish","hentry"],"acf":[],"_links":{"self":[{"href":"https:\/\/www.terveilm.ee\/leht\/wp-json\/wp\/v2\/pages\/5921","targetHints":{"allow":["GET"]}}],"collection":[{"href":"https:\/\/www.terveilm.ee\/leht\/wp-json\/wp\/v2\/pages"}],"about":[{"href":"https:\/\/www.terveilm.ee\/leht\/wp-json\/wp\/v2\/types\/page"}],"author":[{"embeddable":true,"href":"https:\/\/www.terveilm.ee\/leht\/wp-json\/wp\/v2\/users\/6"}],"replies":[{"embeddable":true,"href":"https:\/\/www.terveilm.ee\/leht\/wp-json\/wp\/v2\/comments?post=5921"}],"version-history":[{"count":5,"href":"https:\/\/www.terveilm.ee\/leht\/wp-json\/wp\/v2\/pages\/5921\/revisions"}],"predecessor-version":[{"id":6370,"href":"https:\/\/www.terveilm.ee\/leht\/wp-json\/wp\/v2\/pages\/5921\/revisions\/6370"}],"up":[{"embeddable":true,"href":"https:\/\/www.terveilm.ee\/leht\/wp-json\/wp\/v2\/pages\/5915"}],"wp:attachment":[{"href":"https:\/\/www.terveilm.ee\/leht\/wp-json\/wp\/v2\/media?parent=5921"}],"wp:term":[{"taxonomy":"category","embeddable":true,"href":"https:\/\/www.terveilm.ee\/leht\/wp-json\/wp\/v2\/categories?post=5921"}],"curies":[{"name":"wp","href":"https:\/\/api.w.org\/{rel}","templated":true}]}}