{"id":5999,"date":"2015-09-30T12:31:47","date_gmt":"2015-09-30T12:31:47","guid":{"rendered":"http:\/\/www.terveilm.ee\/?page_id=5999"},"modified":"2015-09-30T12:33:43","modified_gmt":"2015-09-30T12:33:43","slug":"relvad","status":"publish","type":"page","link":"https:\/\/www.terveilm.ee\/leht\/teabekeskuse-teemad\/arengukoostoo\/poliitikate-sidusus\/relvad\/","title":{"rendered":"Relvad"},"content":{"rendered":"<p><strong>Probleem: Euroopa Liit on maailma suurim arengukoost\u00f6\u00f6 rahastaja ning oluline rahu ja demokraatia eestk\u00f5neleja maailmas. Samas on mitmed Euroopa riigid suured relvaeksportijad. Niisiis annab EL abi rahu kehtestamiseks, kuid relvam\u00fc\u00fcgi kaudu takistab selle unistuse tegelikkuseks saamist ning v\u00f5tab s\u00fc\u00fctutelt kannatajatelt v\u00f5imaluse inimv\u00e4\u00e4rselt elada.<\/strong><\/p>\n<p>Relvade m\u00fc\u00fck ebastabiilsetesse piirkondadesse suurendab relvastatud v\u00e4givalla puhkemise ohtu. Mitu EL liikmesriiki on suured relvaeksportijad ja see on \u00fcks valdkond, kus majanduslik v\u00f5i julgeolekualane kasu p\u00f5rkuvad selgelt arengueesm\u00e4rkidega.<\/p>\n<p>ELi liikmesriigid on lubanud, et ei ekspordi sellist varustust, mida v\u00f5idakse kasutada siserepressioonideks, rahvusvaheliseks agressiooniks v\u00f5i mis toidaks ebastabiilsust kohapeal. Samas ei ole see seisukoht aidanud peatada ELi relvade eksporti inim\u00f5iguste rikkujatele ja konflikti tulipunktidesse. N\u00e4iteks 2010. aastal l\u00e4ks Saudi Araabiasse ligi 20% \u00dchendkuningriigi tavarelvade ekspordist.<\/p>\n<p>Lisaks \u00fctleb EL, et liikmesriigid peavad vaatama, kas eksport takistab relvi ostva riigi s\u00e4\u00e4stvat arengut. Vaatamata sellele m\u00fc\u00fcb EL relvi riikidele, kes kannatavad s\u00fcgava vaesuse all. N\u00e4iteks, 2006. aastal andis Rootsi loa s\u00f5jalise radariseires\u00fcsteemi ekspordiks Pakistani, mis maksis 814 miljonit dollarit. See on 12 korda rohkem kui Pakistani vee ja kanalisatsiooni aastaeelarve.<\/p>\n<p>Vastutustundetu relvakaubandus rikub otseselt inim\u00f5igusi ning lisaks on sellel h\u00e4vitav, tihti aastaid kestev m\u00f5ju majandusarengule. V\u00f5tame n\u00e4iteks Nepali. See riik kulutab umbes 10% oma kogurahvatulust riigikaitsele \u2013 rohkem kui haridusele v\u00f5i tervisele. K\u00fcmme aastat kestnud relvastatud konflikt on t\u00f5siselt k\u00e4rpinud riigi arengut. EL kulutab Nepalis arendustegevustele miljoneid, sh rahastab head valitsemistava, vaesuse v\u00e4hendamist ja inim\u00f5iguste tagamist. 2002. ja 2005. aasta vahel sai Nepal v\u00e4ga palju relvi, mitte ainult USAst ja Indiast, vaid ka ELi liikmesriikidest, sh \u00dchendkuningriigist, Belgiast ja Prantsusmaalt.<\/p>\n<p><a href=\"http:\/\/www.terveilm.ee\/wp-content\/uploads\/2015\/09\/eu-arms-sales-to-egypt.jpg\"><img loading=\"lazy\" decoding=\"async\" class=\"alignnone size-full wp-image-6002\" src=\"http:\/\/www.terveilm.ee\/wp-content\/uploads\/2015\/09\/eu-arms-sales-to-egypt.jpg\" alt=\"eu-arms-sales-to-egypt\" width=\"587\" height=\"782\" srcset=\"https:\/\/www.terveilm.ee\/leht\/wp-content\/uploads\/2015\/09\/eu-arms-sales-to-egypt.jpg 587w, https:\/\/www.terveilm.ee\/leht\/wp-content\/uploads\/2015\/09\/eu-arms-sales-to-egypt-225x300.jpg 225w\" sizes=\"auto, (max-width: 587px) 100vw, 587px\" \/><\/a><\/p>\n<p><em>Veel \u00fcks n\u00e4ide ELi relvatarnetest, seekord Egiptusesse.<br \/>\n<\/em><em><a href=\"http:\/\/visual.ly\/eu-arms-sales-egypt\/?utm_source=visually_embed\">EU Arms Sales to Egypt infographic<\/a> by <a href=\"http:\/\/ekapros.eu\/?utm_source=visually_embed\" target=\"_blank\">ekapros<\/a>.<\/em><\/p>\n<p>Samal ajal kulutab EL igal aastal arengufondidele umbes seitse miljardit eurot. Aafrika sai 2010. aastal umbes k\u00fcmme miljardit eurot. Paljud ELi prioriteetsed riigid on konfliktsed v\u00f5i konfliktij\u00e4rgsed riigid, n\u00e4iteks Kongo Demokraatlik Vabariik, Sudaan, Eritrea, Uganda, Libeeria, Etioopia, Kolumbia ja Nepal. Osa ELi rahastusest on suunatud otse v\u00e4givallaga seotud probleemide lahendamisele, n\u00e4iteks v\u00e4ikerelvade h\u00e4vitusprojektid.<\/p>\n<p>Tutvu ka <a href=\"http:\/\/www.enaat.org\/\" target=\"_blank\">European Network Against Arms Trade<\/a> ja <a href=\"https:\/\/www.caat.org.uk\/\" target=\"_blank\">Campaign Against Arms Trade<\/a> tegevusega.<\/p>\n<p>T\u00f5lgitud ja kohandatud j\u00e4rgmistest allikatest:<br \/>\nCONCORD, 2011, <a href=\"http:\/\/issuu.com\/terveilm\/docs\/pcd2011\" target=\"_blank\">\u201eEuroopa Liidu poliitikate sidusus arengueesm\u00e4rkidega 2011\u201c<\/a><br \/>\nEvert Vermeer Foundation, 2007, <a href=\"http:\/\/www.globaleverantwortung.at\/images\/doku\/coherence-guide-concord.pdf\" target=\"_blank\">\u201cPolicy Coherence for Development: A practical guide\u201d<\/a><\/p>\n","protected":false},"excerpt":{"rendered":"<p>Probleem: Euroopa Liit on maailma suurim arengukoost\u00f6\u00f6 rahastaja ning oluline rahu ja demokraatia eestk\u00f5neleja maailmas. Samas on mitmed Euroopa riigid&#8230;<\/p>\n","protected":false},"author":6,"featured_media":0,"parent":38,"menu_order":0,"comment_status":"closed","ping_status":"closed","template":"","meta":{"_acf_changed":false,"footnotes":""},"categories":[],"class_list":["post-5999","page","type-page","status-publish","hentry"],"acf":[],"_links":{"self":[{"href":"https:\/\/www.terveilm.ee\/leht\/wp-json\/wp\/v2\/pages\/5999","targetHints":{"allow":["GET"]}}],"collection":[{"href":"https:\/\/www.terveilm.ee\/leht\/wp-json\/wp\/v2\/pages"}],"about":[{"href":"https:\/\/www.terveilm.ee\/leht\/wp-json\/wp\/v2\/types\/page"}],"author":[{"embeddable":true,"href":"https:\/\/www.terveilm.ee\/leht\/wp-json\/wp\/v2\/users\/6"}],"replies":[{"embeddable":true,"href":"https:\/\/www.terveilm.ee\/leht\/wp-json\/wp\/v2\/comments?post=5999"}],"version-history":[{"count":2,"href":"https:\/\/www.terveilm.ee\/leht\/wp-json\/wp\/v2\/pages\/5999\/revisions"}],"predecessor-version":[{"id":6003,"href":"https:\/\/www.terveilm.ee\/leht\/wp-json\/wp\/v2\/pages\/5999\/revisions\/6003"}],"up":[{"embeddable":true,"href":"https:\/\/www.terveilm.ee\/leht\/wp-json\/wp\/v2\/pages\/38"}],"wp:attachment":[{"href":"https:\/\/www.terveilm.ee\/leht\/wp-json\/wp\/v2\/media?parent=5999"}],"wp:term":[{"taxonomy":"category","embeddable":true,"href":"https:\/\/www.terveilm.ee\/leht\/wp-json\/wp\/v2\/categories?post=5999"}],"curies":[{"name":"wp","href":"https:\/\/api.w.org\/{rel}","templated":true}]}}