{"id":6076,"date":"2015-09-30T19:10:49","date_gmt":"2015-09-30T19:10:49","guid":{"rendered":"http:\/\/www.terveilm.ee\/?page_id=6076"},"modified":"2015-09-30T19:12:20","modified_gmt":"2015-09-30T19:12:20","slug":"ghana","status":"publish","type":"page","link":"https:\/\/www.terveilm.ee\/leht\/meist\/ghana\/","title":{"rendered":"Ghana"},"content":{"rendered":"<p><iframe loading=\"lazy\" src=\"https:\/\/maps.google.com\/maps\/ms?hl=en&amp;ptab=2&amp;ie=UTF8&amp;oe=UTF8&amp;msa=0&amp;msid=213751840663236772858.00047c5bdbef32fede0b2&amp;source=embed&amp;t=m&amp;ll=9.102097,-1.010742&amp;spn=10.400128,10.50293&amp;output=embed\" width=\"100%\" height=\"295\" frameborder=\"0\" marginwidth=\"0\" marginheight=\"0\" scrolling=\"no\"><\/iframe><br \/>\n<small>View <a href=\"https:\/\/maps.google.com\/maps\/ms?hl=en&amp;ptab=2&amp;ie=UTF8&amp;oe=UTF8&amp;msa=0&amp;msid=213751840663236772858.00047c5bdbef32fede0b2&amp;source=embed&amp;t=m&amp;ll=9.102097,-1.010742&amp;spn=10.400128,10.50293\">Eesti arengukoost\u00f6\u00f6 Ghanaga<\/a> in a larger map<\/small><\/p>\n<p>Ghana on pindalalt u. Suurbritannia suurune riik ning on endine Briti koloonia. Kolooniana oli Ghana nimi Kuldrannik, aga kui Ghana iseseisvus esimese Aafrika riigina aastal 1957, muutis ta oma nime Ghanaks, iidse Ashanti kuningriigi nime j\u00e4rgi. Praegu on Ghanas u. 24 790 000 elaniku ja riik on jagatud 10 administratiivseks osaks. Poliitiliselt ja majanduslikult l\u00e4heb Ghanal hetkel h\u00e4sti. Taha on j\u00e4\u00e4nud sotsialistlikud eksperimendid, s\u00f5jav\u00e4eline v\u00f5im ja majanduslangus. N\u00e4itajate poolest v\u00f5ib Ghana saavutada m\u00f5ned aastatuhande arengueesm\u00e4rgid aastaks 2015. Siiski on inimarengult Ghana 135. kohal 187 riigi seast \u00dcRO inimarengu indeksi j\u00e4rgi (2011).<\/p>\n<p>Riigi erinevad osad on siiski arengus v\u00e4ga erineval j\u00e4rjel. Kui terves riigis l\u00e4heb kooli 84% lastest, j\u00f5uab koolipinki ainult 56% P\u00f5hja-Ghana lastest. Hariduse erinev tase on n\u00e4ha ka kirjaoskuse suhtes. Kolm neljast P\u00f5hja-Ghana elanikust ei oska lugeda ja kirjutada, samas riiklikul tasandil on kirjaoskamatuid u. 43%, (statistika 2008). Statistika j\u00e4rgi elab 70% Upper-East regiooni (kus Kongo k\u00fcla asub) elanikest vaesuses (elamiseks alla $2 p\u00e4evas).<\/p>\n<p>Eestist teeb Ghanas arengukoost\u00f6\u00f6d <a href=\"http:\/\/www.muudamaailma.ee\/\" target=\"_blank\">MT\u00dc Mondo<\/a>, kelle tegevuskohaks on Kongo k\u00fcla riigi p\u00f5hjaosas, Bolgatangast u. 30 km Bawku poole. MT\u00dc Mondo partneriks Ghanas on kohalik organisatsioon Kongo Village Development Committee (KDC), kus kohalike k\u00fclalaste hariduse toetuse koordineerimisega tegeleb eraldi komisjon \u201cAdopted children sub-committee\u201d. Toetatakse <a href=\"http:\/\/www.muudamaailma.ee\/toeta\/ghana-laste-sponsorlus\/\">laste haridusteed<\/a> ning <a href=\"http:\/\/www.muudamaailma.ee\/kingitused\/kingid-ghanasse\/\">lesknaiste toimetulekut<\/a>.<\/p>\n<p><a href=\"http:\/\/muudamaailma.ee\/eetilised-kingitused\/kingid-ghanasse-toimetulek-lesknaistele\/\">Kingid Ghanasse<\/a><\/p>\n","protected":false},"excerpt":{"rendered":"<p>View Eesti arengukoost\u00f6\u00f6 Ghanaga in a larger map Ghana on pindalalt u. Suurbritannia suurune riik ning on endine Briti koloonia&#8230;.<\/p>\n","protected":false},"author":6,"featured_media":0,"parent":5,"menu_order":0,"comment_status":"closed","ping_status":"closed","template":"","meta":{"_acf_changed":false,"footnotes":""},"categories":[],"class_list":["post-6076","page","type-page","status-publish","hentry"],"acf":[],"_links":{"self":[{"href":"https:\/\/www.terveilm.ee\/leht\/wp-json\/wp\/v2\/pages\/6076","targetHints":{"allow":["GET"]}}],"collection":[{"href":"https:\/\/www.terveilm.ee\/leht\/wp-json\/wp\/v2\/pages"}],"about":[{"href":"https:\/\/www.terveilm.ee\/leht\/wp-json\/wp\/v2\/types\/page"}],"author":[{"embeddable":true,"href":"https:\/\/www.terveilm.ee\/leht\/wp-json\/wp\/v2\/users\/6"}],"replies":[{"embeddable":true,"href":"https:\/\/www.terveilm.ee\/leht\/wp-json\/wp\/v2\/comments?post=6076"}],"version-history":[{"count":2,"href":"https:\/\/www.terveilm.ee\/leht\/wp-json\/wp\/v2\/pages\/6076\/revisions"}],"predecessor-version":[{"id":6081,"href":"https:\/\/www.terveilm.ee\/leht\/wp-json\/wp\/v2\/pages\/6076\/revisions\/6081"}],"up":[{"embeddable":true,"href":"https:\/\/www.terveilm.ee\/leht\/wp-json\/wp\/v2\/pages\/5"}],"wp:attachment":[{"href":"https:\/\/www.terveilm.ee\/leht\/wp-json\/wp\/v2\/media?parent=6076"}],"wp:term":[{"taxonomy":"category","embeddable":true,"href":"https:\/\/www.terveilm.ee\/leht\/wp-json\/wp\/v2\/categories?post=6076"}],"curies":[{"name":"wp","href":"https:\/\/api.w.org\/{rel}","templated":true}]}}