{"id":6096,"date":"2015-09-30T19:24:19","date_gmt":"2015-09-30T19:24:19","guid":{"rendered":"http:\/\/www.terveilm.ee\/?page_id=6096"},"modified":"2015-09-30T19:27:25","modified_gmt":"2015-09-30T19:27:25","slug":"moldova","status":"publish","type":"page","link":"https:\/\/www.terveilm.ee\/leht\/meist\/moldova\/","title":{"rendered":"Moldova"},"content":{"rendered":"<p><iframe loading=\"lazy\" src=\"https:\/\/maps.google.com\/maps\/ms?hl=en&amp;ptab=2&amp;ie=UTF8&amp;oe=UTF8&amp;msa=0&amp;msid=213751840663236772858.00047c5bd7d00ddc2ee99&amp;source=embed&amp;t=m&amp;ll=47.144897,28.432617&amp;spn=3.586805,5.251465&amp;output=embed\" width=\"100%\" height=\"303\" frameborder=\"0\" marginwidth=\"0\" marginheight=\"0\" scrolling=\"no\"><\/iframe><br \/>\n<small>View <a href=\"https:\/\/maps.google.com\/maps\/ms?hl=en&amp;ptab=2&amp;ie=UTF8&amp;oe=UTF8&amp;msa=0&amp;msid=213751840663236772858.00047c5bd7d00ddc2ee99&amp;source=embed&amp;t=m&amp;ll=47.144897,28.432617&amp;spn=3.586805,5.251465\">Eesti arengukoost\u00f6\u00f6 Moldovaga<\/a> in a larger map<\/small><\/p>\n<p>Moldova on madalaima inimarenguga riik Euroopas \u00dcRO inimarengu indeksi (2011) alusel, olles 111. kohal ning keskmise inimarenguga riikide grupis.<\/p>\n<p>Eesti on Moldova suunalisi tegevusi toetanud alates 2000. aastast ning alates 2006.a. on Moldova olnud Eesti \u00fcks prioriteetsetest sihtriikidest. Ning seesuguse huvi j\u00e4tkumist kinnitab ka \u201cEesti arengukoost\u00f6\u00f6 ja humanitaarabi arengukava aastateks 2011 \u2013 2015\u201d.<\/p>\n<p>Eesti on jaganud kogemust nii avaliku sektori reformimiseks (s.h. ametkondliku t\u00f6\u00f6 t\u00f5hustamiseks) kui ka e-struktuuride \u00fclesehitamiseks ning rakendamiseks. Aastatel 2007-2011 teostus Moldovas UNDP poolt koordineeritav projekt Moldova v\u00e4lis-ja eurointegratsiooni ministeeriumi institutsionaalse v\u00f5imekuse t\u00f5stmiseks, millega toetati ametnike koolitusi, ministeeriumi personalit\u00f6\u00f6 s\u00fcsteemsemaks muutmist, uue dokumendihalduse s\u00fcsteemi ettevalmistamist jmt. 2010.a. projektid h\u00f5lmasid nii majandusvaldkondi (s.h. maksundust), haridust, p\u00f5llumajandust ja regionaalpoliitikat (nt. maaelu j\u00e4tkusuutlik planeerimine) kui ka julgeolekut (piirivalve tutvustas Eesti maismaapiiri kaitse kogemust). Kaasates nii \u00f5ppe-kui ka ametiasutusi ning erasektorit.<\/p>\n<p>2011.a. avatud <a href=\"http:\/\/www.eceap.eu\/\">Eesti Idapartnerluse Keskus<\/a> loob pinnase veelgi intensiivsemaks koost\u00f6\u00f6ks. Keskusel on plaanis korraldada ametnikele m\u00f5eldud l\u00fchikoolitusi, seminare, h\u00f5lmates nii avaliku halduse kui ka e-valitsemise temaatikat ning finantseerida Moldova noordiplomaatide \u00f5pinguid Eesti Diplomaatide koolis.<\/p>\n<p><em>Allikas: <a href=\"http:\/\/www.vm.ee\/?q=node\/144\">V\u00e4lisministeerium<\/a>, 12. aprill, 2011<br \/>\n<\/em><\/p>\n<p><strong>Vaata ka dokumentaalsaadet Moldova kodaniku\u00fchiskonnast:<br \/>\n<iframe loading=\"lazy\" id=\"player_2\" src=\"http:\/\/player.vimeo.com\/video\/5436714?api=1&amp;player_id=player_2&amp;wmode=opaque\" width=\"500\" height=\"400\" frameborder=\"0\" allowfullscreen=\"allowfullscreen\"><\/iframe><\/strong><\/p>\n<p><a href=\"http:\/\/vimeo.com\/5436714\">TERVE ILM 2: kodaniku\u00fchiskond<\/a> from <a href=\"http:\/\/vimeo.com\/terveilm\">TERVEILM<\/a> on <a href=\"http:\/\/vimeo.com\/\">Vimeo<\/a>.<\/p>\n","protected":false},"excerpt":{"rendered":"<p>View Eesti arengukoost\u00f6\u00f6 Moldovaga in a larger map Moldova on madalaima inimarenguga riik Euroopas \u00dcRO inimarengu indeksi (2011) alusel, olles&#8230;<\/p>\n","protected":false},"author":6,"featured_media":0,"parent":5,"menu_order":0,"comment_status":"closed","ping_status":"closed","template":"","meta":{"_acf_changed":false,"footnotes":""},"categories":[],"class_list":["post-6096","page","type-page","status-publish","hentry"],"acf":[],"_links":{"self":[{"href":"https:\/\/www.terveilm.ee\/leht\/wp-json\/wp\/v2\/pages\/6096","targetHints":{"allow":["GET"]}}],"collection":[{"href":"https:\/\/www.terveilm.ee\/leht\/wp-json\/wp\/v2\/pages"}],"about":[{"href":"https:\/\/www.terveilm.ee\/leht\/wp-json\/wp\/v2\/types\/page"}],"author":[{"embeddable":true,"href":"https:\/\/www.terveilm.ee\/leht\/wp-json\/wp\/v2\/users\/6"}],"replies":[{"embeddable":true,"href":"https:\/\/www.terveilm.ee\/leht\/wp-json\/wp\/v2\/comments?post=6096"}],"version-history":[{"count":3,"href":"https:\/\/www.terveilm.ee\/leht\/wp-json\/wp\/v2\/pages\/6096\/revisions"}],"predecessor-version":[{"id":6100,"href":"https:\/\/www.terveilm.ee\/leht\/wp-json\/wp\/v2\/pages\/6096\/revisions\/6100"}],"up":[{"embeddable":true,"href":"https:\/\/www.terveilm.ee\/leht\/wp-json\/wp\/v2\/pages\/5"}],"wp:attachment":[{"href":"https:\/\/www.terveilm.ee\/leht\/wp-json\/wp\/v2\/media?parent=6096"}],"wp:term":[{"taxonomy":"category","embeddable":true,"href":"https:\/\/www.terveilm.ee\/leht\/wp-json\/wp\/v2\/categories?post=6096"}],"curies":[{"name":"wp","href":"https:\/\/api.w.org\/{rel}","templated":true}]}}