{"id":6127,"date":"2015-09-30T19:46:22","date_gmt":"2015-09-30T19:46:22","guid":{"rendered":"http:\/\/www.terveilm.ee\/?page_id=6127"},"modified":"2018-04-11T13:55:42","modified_gmt":"2018-04-11T10:55:42","slug":"projekti-tutvustus","status":"publish","type":"page","link":"https:\/\/www.terveilm.ee\/leht\/teabekeskuse-teemad\/teadlikkuse-tostmine\/projekti-tutvustus\/","title":{"rendered":"Projekti tutvustus"},"content":{"rendered":"<h3>GLEN Eestis<\/h3>\n<p>GLEN Eesti\u00a0projekt saadab igal aastal laia maailma 5 &#8211; 10 vabatahtlikku.\u00a0Alates 2004. aastast on vabatahtlikud osalenud arenguprojektides Ghanas, Gruusias, Indias, Kambod\u017eas, Kamerunis, Nepalis, Tais, Keenias, L\u00f5una-Aafrika Vabariigis, Malawis, Sambias, Tansaanias, Ugandas ja Etioopias. Oma kirevaid elamusi, t\u00e4helepanekuid ning v\u00f5\u00f5rsil kogetud eluolu on GLEN vabatahtlikud jaganud laiemale avalikkusele foton\u00e4ituste, loengute, artiklite ja intervjuude vahendusel. GLEN osalejatelt on ilmunud raamat, film ja audioraamat.<\/p>\n<p>GLEN Eesti projekti eesm\u00e4rk on kasutada osalejate isiklikku t\u00f6\u00f6kogemust inspiratsiooniallikana arengukoost\u00f6\u00f6 ja maailmahariduse edendamiseks Eestis.<\/p>\n<p>GLEN l\u00e4hetusele eelneb intensiivne koolitus, mis valmistab osalejad ette toimetulekuks uues keskkonnas ja projekti edukaks elluviimiseks. P\u00e4rast seda siirduvad noored vabatahtlikud kolmeks kuuks t\u00f6\u00f6le arengumaadesse, kus nad t\u00f6\u00f6tavad kahe- v\u00f5i kolmeliikmeliste meeskondadena m\u00f5ne konkreetse arengukoost\u00f6\u00f6 projekti juures. GLEN projektide temaatika varieerub infotehnoloogiast ja keskkonnahoiust kuni kohaliku ettev\u00f5tluse edendamiseni. T\u00f6\u00f6d tehakse kohaliku organisatsiooni kutsel ja juhendamisel. P\u00e4rast kodumaale naasmist osalevad GLEN vabatahtlikud kokkuv\u00f5tval seminaril ning panustavad erinevate tegevuste n\u00e4ol maailmahariduse edendamisse Eestis.<\/p>\n<p>&nbsp;<\/p>\n<blockquote><p>\u201eMa \u00f5ppisin v\u00e4ga palju L\u00f5una-Aafrika Vabariigi ja selle riigi mitmek\u00fclgse kultuuri kohta ning leidsin sealt palju h\u00e4id s\u00f5pru. GLEN projekti raames Aafrikas veedetud kuud on kahtlemata \u00fcks minu elu eredamaid kogemusi.\u201c <a title=\"GLEN2005 Kadri LAVis\" href=\"http:\/\/kadri10.pri.ee\/africa\/index.php\" target=\"_blank\" rel=\"noopener\" shape=\"rect\">Kadri Aavik, GLEN Eesti vabatahtlik L\u00f5una-Aafrika Vabariigis 2005<\/a><\/p><\/blockquote>\n<h3 data-fontsize=\"13\" data-lineheight=\"24\"><\/h3>\n<h3 data-fontsize=\"13\" data-lineheight=\"24\">GLEN projektist<\/h3>\n<p><a title=\"GLEN Europe\" href=\"http:\/\/www.glen-europe.org\/\" target=\"_blank\" rel=\"noopener\" shape=\"rect\">GLEN ehk Global Education Network of Young Europeans<\/a> on Euroopa kodaniku\u00fchenduste ja noorte vabatahtlike v\u00f5rgustik, mis tegeleb maailmahariduse edendamisega. \u00dchise tegevuse eesm\u00e4rk on t\u00f5sta eurooplaste teadlikkust arengumaade probleemidest ning toetada noorte aktiivset osalemist solidaarse maailmavaate edendamisel.<\/p>\n<p>GLEN projekti raames l\u00e4hetatakse noored vabatahtlikud arengumaadesse, kus nad teevad kohalike organisatsioonide eestvedamisel rahvusvahelistes tandemites projektip\u00f5hist t\u00f6\u00f6d. Kodumaale naastes osalevad GLEN vabatahtlikud erinevates teavitusprojektides ja -kampaaniates.<\/p>\n<p>GLEN projekt alustas tegevust 2003. aastal ning on selle aja jooksul saatnud vabatahtlikuna laia maailma aastas enam kui 500 Euroopast p\u00e4rit noort, kellele on osaks saanud ainulaadne kogemus t\u00f6\u00f6st m\u00f5nes Aafrika v\u00f5i Aasia riigis.<\/p>\n<p>Johannes Krause, endine GLEN koordinaator (Saksamaa): \u201eMe valmistame Euroopa noori ette, mitte ainult tegevuseks arengukoost\u00f6\u00f6 v\u00f5i maailmahariduse vallas, vaid \u00fchtlasi ka t\u00f6\u00f6ks \u00fcle-euroopalistes v\u00f5i rahvusvahelistes v\u00f5rgustikes ning see kogemus muutub \u00fcleilmastumise ja Euroopa Liidu s\u00fcveneva l\u00f5imumise kontekstis \u00fcha v\u00e4\u00e4rtuslikumaks.\u201c<\/p>\n<p>2005. aastal tunnustati GLEN projekti prestii\u017ese auhinnaga \u201eWorld Aware Education Award\u00a0\u201c, mida annab v\u00e4lja <a title=\"Council of Europe North-Souh Centre\" href=\"http:\/\/www.coe.int\/t\/dg4\/nscentre\/default_EN.asp\" target=\"_blank\" rel=\"noopener\" shape=\"rect\">Euroopa N\u00f5ukogu P\u00f5hja-L\u00f5una Keskus<\/a>.<\/p>\n<p><a href=\"https:\/\/www.facebook.com\/glenestonia\" target=\"_blank\" rel=\"noopener\">Ole GLEN tegemistega kursis FB kaudu<\/a>.<\/p>\n<p><strong>GLEN partnerorganisatsioonid<\/strong><\/p>\n<p>GLEN projekti koordineerib pikaajalise kogemusega Saksa maailmahariduse organisatsioon <a title=\"GLEN \/ ASA program\" href=\"http:\/\/www.asa-programm.de\/en\/index.html\" target=\"_blank\" rel=\"noopener\" shape=\"rect\">ASA Programm InWent<br \/>\n<\/a>GLEN Euroopa v\u00f5rgustiku veebikodu asub aadressil <a title=\"GLEN Europe\" href=\"http:\/\/www.glen-europe.org\/\" target=\"_blank\" rel=\"noopener\" shape=\"rect\">www.glen-europe.org\u00a0<\/a><\/p>\n<p>* <a title=\"AK\u00dc\" href=\"http:\/\/www.terveilm.net\/aky\" target=\"_blank\" rel=\"noopener\" shape=\"rect\">Arengukoost\u00f6\u00f6 \u00dcmarlaud<\/a> (Eesti)<br \/>\n* <a title=\"GLEN LAT\" href=\"http:\/\/www.glen.lv\/?l=1516\" target=\"_blank\" rel=\"noopener\" shape=\"rect\">GLEN Latvia<\/a> (L\u00e4ti)<br \/>\n* <a title=\"GLEN POL\" href=\"http:\/\/www.pah.org.pl\/\" target=\"_blank\" rel=\"noopener\" shape=\"rect\">Polish Humanitarian Organisation<\/a> (Poola)<br \/>\n* <a title=\"GLEN SLOVAKIA\" href=\"http:\/\/www.glen-slovakia.org\/#?lang=en\" target=\"_blank\" rel=\"noopener\" shape=\"rect\">Tabita<\/a> (Slovakkia)<br \/>\n* <a title=\"GLEN HUN\" href=\"http:\/\/www.hvsf.hu\/presentation-of-our-mission.html\" target=\"_blank\" rel=\"noopener\" shape=\"rect\">Hungarian Volunteer Sending Foundation<\/a> (Ungari)<br \/>\n* <a title=\"GLEN CZH\" href=\"http:\/\/www.inexsda.cz\/en\/?nfwarn=false\" target=\"_blank\" rel=\"noopener\" shape=\"rect\">INEX \u2013 Association for Voluntary Activities<\/a> (T\u0161ehhi Vabariik)<br \/>\n* <a title=\"GLEN FRA\" href=\"http:\/\/www.chlorofil.fr\/\" target=\"_blank\" rel=\"noopener\" shape=\"rect\">BRECI \u2013 Enseignement Agricole Francais<\/a> (Prantsusmaa)<br \/>\n* <a title=\"GLEN MAL\" href=\"http:\/\/www.thirdworldgroup.org\/\" target=\"_blank\" rel=\"noopener\" shape=\"rect\">Third World Group<\/a> (Malta)<br \/>\n*\u00a0<a href=\"http:\/\/www.zavod-voluntariat.si\/\" shape=\"rect\">Zavod Voluntariat \u2013 SCI Slovenia<\/a>\u00a0(Sloveenia)<\/p>\n<p>&nbsp;<\/p>\n<p>&nbsp;<\/p>\n","protected":false},"excerpt":{"rendered":"<p>GLEN Eestis GLEN Eesti\u00a0projekt saadab igal aastal laia maailma 5 &#8211; 10 vabatahtlikku.\u00a0Alates 2004. aastast on vabatahtlikud osalenud arenguprojektides Ghanas,&#8230;<\/p>\n","protected":false},"author":32,"featured_media":0,"parent":9046,"menu_order":9,"comment_status":"closed","ping_status":"closed","template":"template-kc-article.php","meta":{"_acf_changed":false,"footnotes":""},"categories":[41],"class_list":["post-6127","page","type-page","status-publish","hentry","category-teabekeskus"],"acf":[],"_links":{"self":[{"href":"https:\/\/www.terveilm.ee\/leht\/wp-json\/wp\/v2\/pages\/6127","targetHints":{"allow":["GET"]}}],"collection":[{"href":"https:\/\/www.terveilm.ee\/leht\/wp-json\/wp\/v2\/pages"}],"about":[{"href":"https:\/\/www.terveilm.ee\/leht\/wp-json\/wp\/v2\/types\/page"}],"author":[{"embeddable":true,"href":"https:\/\/www.terveilm.ee\/leht\/wp-json\/wp\/v2\/users\/32"}],"replies":[{"embeddable":true,"href":"https:\/\/www.terveilm.ee\/leht\/wp-json\/wp\/v2\/comments?post=6127"}],"version-history":[{"count":5,"href":"https:\/\/www.terveilm.ee\/leht\/wp-json\/wp\/v2\/pages\/6127\/revisions"}],"predecessor-version":[{"id":9170,"href":"https:\/\/www.terveilm.ee\/leht\/wp-json\/wp\/v2\/pages\/6127\/revisions\/9170"}],"up":[{"embeddable":true,"href":"https:\/\/www.terveilm.ee\/leht\/wp-json\/wp\/v2\/pages\/9046"}],"wp:attachment":[{"href":"https:\/\/www.terveilm.ee\/leht\/wp-json\/wp\/v2\/media?parent=6127"}],"wp:term":[{"taxonomy":"category","embeddable":true,"href":"https:\/\/www.terveilm.ee\/leht\/wp-json\/wp\/v2\/categories?post=6127"}],"curies":[{"name":"wp","href":"https:\/\/api.w.org\/{rel}","templated":true}]}}