{"id":6365,"date":"2015-10-02T12:49:22","date_gmt":"2015-10-02T12:49:22","guid":{"rendered":"http:\/\/www.terveilm.ee\/?page_id=6365"},"modified":"2015-10-02T12:49:22","modified_gmt":"2015-10-02T12:49:22","slug":"lehte-ei-leitud","status":"publish","type":"page","link":"https:\/\/www.terveilm.ee\/leht\/lehte-ei-leitud\/","title":{"rendered":"Lehte ei leitud!"},"content":{"rendered":"<p>Hea uudis on see, et meil on t\u00e4itsa uus koduleht, aga seda juba m\u00e4rkasite. Halvem uudis on see, et kuigi me p\u00fc\u00fcdsime, ei suutnud me ilmselgelt k\u00f5iki linke \u00f5igetesse kohtadesse suunata (muidu te ju ei n\u00e4eks seda teksti).<\/p>\n<p>Kui otsite m\u00f5nda kindlat artiklit, siis ilmselt leiate selle <a href=\"http:\/\/www.terveilm.ee\/teabekeskuse-teemad\/\">Teabekeskusest <\/a>v\u00f5i <a href=\"http:\/\/www.terveilm.ee\/meist\/\">AK\u00dc tegevuse lehelt<\/a>. Kui soovite ringi vaadata, siis soovitame <a href=\"http:\/\/www.terveilm.ee\/blogi\/\">Terve ilma blogi<\/a>.<\/p>\n<p>Kui teil on tunne, et tahaksite natuke head teha, siis andke palun sellest katkisest lingist teada aadressile <a href=\"mailto:info@terveilm.ee\">info@terveilm.ee<\/a>. See ei v\u00f5ta palju aega, piisab teemareast &#8220;Katkine link&#8221; ja samast lingist kirja sisus.<\/p>\n","protected":false},"excerpt":{"rendered":"<p>Hea uudis on see, et meil on t\u00e4itsa uus koduleht, aga seda juba m\u00e4rkasite. Halvem uudis on see, et kuigi&#8230;<\/p>\n","protected":false},"author":6,"featured_media":0,"parent":0,"menu_order":0,"comment_status":"closed","ping_status":"closed","template":"template-wide.php","meta":{"_acf_changed":false,"footnotes":""},"categories":[],"class_list":["post-6365","page","type-page","status-publish","hentry"],"acf":[],"_links":{"self":[{"href":"https:\/\/www.terveilm.ee\/leht\/wp-json\/wp\/v2\/pages\/6365","targetHints":{"allow":["GET"]}}],"collection":[{"href":"https:\/\/www.terveilm.ee\/leht\/wp-json\/wp\/v2\/pages"}],"about":[{"href":"https:\/\/www.terveilm.ee\/leht\/wp-json\/wp\/v2\/types\/page"}],"author":[{"embeddable":true,"href":"https:\/\/www.terveilm.ee\/leht\/wp-json\/wp\/v2\/users\/6"}],"replies":[{"embeddable":true,"href":"https:\/\/www.terveilm.ee\/leht\/wp-json\/wp\/v2\/comments?post=6365"}],"version-history":[{"count":1,"href":"https:\/\/www.terveilm.ee\/leht\/wp-json\/wp\/v2\/pages\/6365\/revisions"}],"predecessor-version":[{"id":6366,"href":"https:\/\/www.terveilm.ee\/leht\/wp-json\/wp\/v2\/pages\/6365\/revisions\/6366"}],"wp:attachment":[{"href":"https:\/\/www.terveilm.ee\/leht\/wp-json\/wp\/v2\/media?parent=6365"}],"wp:term":[{"taxonomy":"category","embeddable":true,"href":"https:\/\/www.terveilm.ee\/leht\/wp-json\/wp\/v2\/categories?post=6365"}],"curies":[{"name":"wp","href":"https:\/\/api.w.org\/{rel}","templated":true}]}}