{"id":7056,"date":"2016-09-23T14:17:27","date_gmt":"2016-09-23T11:17:27","guid":{"rendered":"http:\/\/www.terveilm.ee\/leht\/?page_id=7056"},"modified":"2018-08-13T10:02:44","modified_gmt":"2018-08-13T07:02:44","slug":"vaesus","status":"publish","type":"page","link":"https:\/\/www.terveilm.ee\/leht\/teabekeskuse-teemad\/kestliku-arengu-eesmargid\/vaesus\/","title":{"rendered":"Vaesus"},"content":{"rendered":"<p><img loading=\"lazy\" decoding=\"async\" class=\"size-medium wp-image-7057 alignright\" src=\"http:\/\/www.terveilm.ee\/leht\/wp-content\/uploads\/2016\/09\/unrwa-pic-poverty-300x166.jpg\" alt=\"unrwa-pic-poverty\" width=\"300\" height=\"166\" srcset=\"https:\/\/www.terveilm.ee\/leht\/wp-content\/uploads\/2016\/09\/unrwa-pic-poverty-300x166.jpg 300w, https:\/\/www.terveilm.ee\/leht\/wp-content\/uploads\/2016\/09\/unrwa-pic-poverty.jpg 850w\" sizes=\"auto, (max-width: 300px) 100vw, 300px\" \/>Alates 1990ndast aastast on \u00e4\u00e4rmise vaesuse osakaal v\u00e4henenud enam kui poole v\u00f5rra. Kuigi see on m\u00e4rkimisv\u00e4\u00e4rne saavutus, elab arengumaades iga viies inimene endiselt v\u00e4hem kui 1,25 dollari eest p\u00e4evas ja miljonid inimesed teenivad sellest vaid veidi enam. Lisaks on palju neid, kes v\u00f5ivad iga hetk enda piskust ilma j\u00e4\u00e4da.<\/p>\n<p>Vaesus t\u00e4hendab enamat kui puudus sissetulekust ja vahenditest, mis tagaksid normaalse \u00e4raelamise. See t\u00e4hendab n\u00e4lga ja alatoitumust, lapsi, kes ei saa kooli minna, sotsiaalset diskrimineerimist ja t\u00f5rjutust, aga ka v\u00e4hest kaasatust otsuste langetamisse. Oluline on majanduskasv, mis panustab just vaesema elanikkonna heaolusse, et tekiksid t\u00f6\u00f6kohad ja edeneks v\u00f5rdsus.<\/p>\n<h3>Faktid:<\/h3>\n<ul>\n<li>836 miljonit inimest elab endiselt \u00e4\u00e4rmises vaesuses.<\/li>\n<li>Umbes iga viies arengumaade elanik peab toime tulema v\u00e4hem kui 1,25 dollariga p\u00e4evas.<\/li>\n<li>Enamus neist, kes peavad hakkama saama v\u00e4hema kui 1,25 dollariga p\u00e4evas, elavad L\u00f5una-Aasias ja Sahara-taguses Aafrikas.<\/li>\n<li>V\u00e4ga vaesed on v\u00e4ikesed, haavatavad ja konfliktidest r\u00e4situd riigid.<\/li>\n<li>Iga neljas alla 5-aastane laps on oma vanuse kohta liiga l\u00fchikest kasvu.<\/li>\n<li>2014. aastal lahkus oma kodust konflikti t\u00f5ttu 42 000 inimest p\u00e4evas.<\/li>\n<\/ul>\n<h3>Eesm\u00e4rgid:<\/h3>\n<ul>\n<li>Kaotada 2030. aastaks k\u00f5ikjal \u00e4\u00e4rmuslik vaesus (ehk olukord, kus inimesed peavad \u00e4ra elama v\u00e4hemaga kui 1,25 USA dollarit p\u00e4evas).<\/li>\n<li>V\u00e4hendada 2030. aastaks v\u00e4hemalt poole v\u00f5rra vaesuses elavate inimeste osakaalu.<\/li>\n<li>Arendada k\u00f5igis riikides sotsiaalkaitses\u00fcsteeme, nii et 2030. aastaks kataks sotsiaalkaitse enamikku maailma vaestest inimestest.<\/li>\n<li>Tagada 2030. aastaks, et k\u00f5igil on v\u00f5rdne \u00f5igus majandusressurssidele ning juurdep\u00e4\u00e4s p\u00f5hiteenustele, maaomandile ja maa kontrollimisele ning varale, p\u00e4randile, loodusvaradele, uuele tehnoloogiale ja finantsteenustele (n\u00e4it. mikrofinantseerimisele).<\/li>\n<li>Suurendada 2030. aastaks vaeste inimeste toimetulekuv\u00f5imet ning v\u00e4hendada nende vastuv\u00f5tlikkust \u00e4\u00e4rmuslikele kliiman\u00e4htustele ja majanduslikele, sotsiaalsetele ja keskkonnaga seotud vapustustele ja katastroofidele.<\/li>\n<li>Leida vahendeid, et anda arenguriikidele v\u00f5imalus oma vaesuse kaotamise kavade ja poliitikate ellurakendamiseks.<\/li>\n<li>Luua riikides, piirkondades ja rahvusvaheliselt kindlad tegevuspoliitikad, et toetada kiiremat investeerimist vaesuse kaotamise tegevustesse.<\/li>\n<\/ul>\n<h3>Lingid:<\/h3>\n<p><a href=\"http:\/\/www.undp.org\/\" target=\"_blank\" rel=\"noopener\">United Nations Development Programme<\/a><\/p>\n<p><a href=\"http:\/\/www.worldbank.org\/\" target=\"_blank\" rel=\"noopener\">World Bank<\/a><\/p>\n<p><a href=\"http:\/\/www.unicef.org\/\" target=\"_blank\" rel=\"noopener\">UN Children\u2019s Fund<\/a><\/p>\n<p><a href=\"http:\/\/www.imf.org\/\" target=\"_blank\" rel=\"noopener\">International Monetary Fund<\/a><\/p>\n<p><em>Allikas: <a href=\"http:\/\/www.un.org\/sustainabledevelopment\/poverty\/\" target=\"_blank\" rel=\"noopener\">UN.org<\/a><\/em><\/p>\n","protected":false},"excerpt":{"rendered":"<p>Alates 1990ndast aastast on \u00e4\u00e4rmise vaesuse osakaal v\u00e4henenud enam kui poole v\u00f5rra. Kuigi see on m\u00e4rkimisv\u00e4\u00e4rne saavutus, elab arengumaades iga&#8230;<\/p>\n","protected":false},"author":32,"featured_media":0,"parent":6040,"menu_order":1,"comment_status":"closed","ping_status":"closed","template":"template-kc-article.php","meta":{"_acf_changed":false,"footnotes":""},"categories":[41],"class_list":["post-7056","page","type-page","status-publish","hentry","category-teabekeskus"],"acf":[],"_links":{"self":[{"href":"https:\/\/www.terveilm.ee\/leht\/wp-json\/wp\/v2\/pages\/7056","targetHints":{"allow":["GET"]}}],"collection":[{"href":"https:\/\/www.terveilm.ee\/leht\/wp-json\/wp\/v2\/pages"}],"about":[{"href":"https:\/\/www.terveilm.ee\/leht\/wp-json\/wp\/v2\/types\/page"}],"author":[{"embeddable":true,"href":"https:\/\/www.terveilm.ee\/leht\/wp-json\/wp\/v2\/users\/32"}],"replies":[{"embeddable":true,"href":"https:\/\/www.terveilm.ee\/leht\/wp-json\/wp\/v2\/comments?post=7056"}],"version-history":[{"count":5,"href":"https:\/\/www.terveilm.ee\/leht\/wp-json\/wp\/v2\/pages\/7056\/revisions"}],"predecessor-version":[{"id":9756,"href":"https:\/\/www.terveilm.ee\/leht\/wp-json\/wp\/v2\/pages\/7056\/revisions\/9756"}],"up":[{"embeddable":true,"href":"https:\/\/www.terveilm.ee\/leht\/wp-json\/wp\/v2\/pages\/6040"}],"wp:attachment":[{"href":"https:\/\/www.terveilm.ee\/leht\/wp-json\/wp\/v2\/media?parent=7056"}],"wp:term":[{"taxonomy":"category","embeddable":true,"href":"https:\/\/www.terveilm.ee\/leht\/wp-json\/wp\/v2\/categories?post=7056"}],"curies":[{"name":"wp","href":"https:\/\/api.w.org\/{rel}","templated":true}]}}