{"id":7092,"date":"2016-09-26T12:09:17","date_gmt":"2016-09-26T09:09:17","guid":{"rendered":"http:\/\/www.terveilm.ee\/leht\/?page_id=7092"},"modified":"2018-04-18T15:18:20","modified_gmt":"2018-04-18T12:18:20","slug":"v8rd8iguslikkus","status":"publish","type":"page","link":"https:\/\/www.terveilm.ee\/leht\/teabekeskuse-teemad\/kestliku-arengu-eesmargid\/v8rd8iguslikkus\/","title":{"rendered":"Sooline v\u00f5rd\u00f5iguslikkus"},"content":{"rendered":"<p><img loading=\"lazy\" decoding=\"async\" class=\"alignright wp-image-7093 size-medium\" src=\"http:\/\/www.terveilm.ee\/leht\/wp-content\/uploads\/2016\/09\/goal-6-300x171.jpg\" alt=\"goal-5\" width=\"300\" height=\"171\" srcset=\"https:\/\/www.terveilm.ee\/leht\/wp-content\/uploads\/2016\/09\/goal-6-300x171.jpg 300w, https:\/\/www.terveilm.ee\/leht\/wp-content\/uploads\/2016\/09\/goal-6.jpg 850w\" sizes=\"auto, (max-width: 300px) 100vw, 300px\" \/><\/p>\n<p>Soolise v\u00f5rd\u00f5iguslikkuse saavutamine \u2013 lahendades ebav\u00f5rdsed v\u00f5imusuhted ning rakendades naiste ja t\u00fcdrukute \u00f5igusi k\u00f5ikidel tasanditel \u2013 on kestlike arengutulemuste saavutamisel \u00fclioluline.<\/p>\n<p>Naiste ja t\u00fcdrukute haavatavust ja marginaliseerimist p\u00f5listavad mitmesugused diskrimineerimise vormid, kaasa arvatud majanduslik diskrimineerimine, kahjulikud traditsioonilised praktikad, seksuaalne \u00e4rakasutamine ja sooline v\u00e4givald.<\/p>\n<p>Naiste m\u00f5juv\u00f5imu suurendamine meeste ja naiste v\u00f5rdsete v\u00f5imaluste ja v\u00f5rdse kohtlemise toetamise teel soodustab naiste ja t\u00fcdrukute v\u00f5rdset juurdep\u00e4\u00e4su v\u00f5imalustele, ressurssidele ja otsustamisele.<\/p>\n<p>Kuigi maailmas on tehtud edusamme soolise v\u00f5rdsuse ja naiste \u00f5iguste tagamisel, kannatavad naised ja t\u00fctarlapsed igas maailma osas endiselt diskrimineerimise ja v\u00e4givalla all.<\/p>\n<p>Sooline v\u00f5rdsus pole pelgalt \u00fcks inimese p\u00f5hi\u00f5igusi, vaid ka rahumeelse, j\u00f5uka ja kestliku maailma alus.<\/p>\n<p>Kui naised ja t\u00fcdrukud saavad v\u00f5rdse juurdep\u00e4\u00e4su haridusele, tervishoiule, tasuvale t\u00f6\u00f6le ning v\u00f5ivad osaleda majanduselus ja poliitikas, annab see hoogu majandusele ja toob kasu \u00fchiskonnale ning inimkonnale laiemalt.<\/p>\n<h3>Faktid:<\/h3>\n<ul>\n<li>Ligi kaks kolmandikku arengumaade riikidest on saavutanud soolise v\u00f5rdsuse alghariduse osas<\/li>\n<li>L\u00f5una-Aasias astus 1990ndal aastal algkooli ainult 74 t\u00fctarlast iga 100 poisslapse kohta. 2012ndaks aastaks oli t\u00fctarlaste ja poiste koolisk\u00e4imise osakaal \u00fchtlustunud<\/li>\n<li>Sahara-taguses Aafrikas, Okeaanias ja L\u00e4\u00e4ne-Aasias seisavad t\u00fcdrukud endiselt silmitsi takistustega nii alg- kui p\u00f5hikooli astumisel<\/li>\n<li>P\u00f5hja-Aafrikas t\u00f6\u00f6tavad naised\u00a0peamiselt p\u00f5llumajandussektoris,\u00a0sageli on tegemist tasuta t\u00f6\u00f6ga oma kodus. Muudes valdkondades on vaid iga viiendal\u00a0palgalisel t\u00f6\u00f6kohal\u00a0naine<\/li>\n<li>V\u00e4ljaspool p\u00f5llumajandussektorit t\u00f6\u00f6tavate naiste osakaal on t\u00f5usnud 35 protsendilt 199ndal aastal 41 protsendini 2015. aastal<\/li>\n<li>46 riigis on \u00fcle 30% parlamendikohtadest v\u00e4hemalt \u00fches kojas t\u00e4idetud naistega<\/li>\n<\/ul>\n<h3>Eesm\u00e4rgid:<\/h3>\n<ul>\n<li>L\u00f5petada k\u00f5ikjal naiste ja t\u00fctarlaste diskrimineerimine mis tahes kujul.<\/li>\n<li>Teha l\u00f5pp mistahes naiste ja t\u00fctarlaste vastasele v\u00e4givallale avalikus ja erasektoris, sealhulgas inimkaubandusele ja seksuaalsel ning muul viisil \u00e4rakasutamisele.<\/li>\n<li>Teha l\u00f5pp kahjulikele tavadele, n\u00e4iteks laste ja noorukite abielud ning sundabielud ja naiste suguelundite moonutamine.<\/li>\n<li>Tunnustada ja v\u00e4\u00e4rtustada tasustamata hooldamist ja kodut\u00f6id, osutades avalikke teenuseid, tagades taristu ja sotsiaalkaitse ning propageerides riigis sobival viisil kohustuste jagamist leibkonnas ja perekonnas.<\/li>\n<li>Tagada, et naistel on v\u00f5rdsed v\u00f5imalused osaleda poliitikat, majandust ja avalikku elu k\u00e4sitlevate otsuste tegemises k\u00f5ikidel tasanditel.<\/li>\n<li>Tagada seksuaal- ja reproduktiivtervise teenuste \u00fcldine k\u00e4ttesaadavus ning reproduktiivtervisega seonduvad \u00f5igused.<\/li>\n<li>Viia l\u00e4bi reformid, et tagada naistele v\u00f5rdne \u00f5igus majandusressurssidele ning juurdep\u00e4\u00e4s maaomandile ja maa \u00fcle otsustamisele. Samuti \u00f5igus varale, finantsteenustele, p\u00e4randile ja loodusvaradele koosk\u00f5las siseriiklike seadustega.<\/li>\n<li>Suurendada v\u00f5imalusi avardava tehnoloogia, eelk\u00f5ige info- ja sidetehnoloogia kasutamist naiste m\u00f5juv\u00f5imu suurendamiseks.<\/li>\n<li>V\u00f5tta vastu ja tugevdada usaldusv\u00e4\u00e4rseid tegevuspoliitikaid soolise v\u00f5rd\u00f5iguslikkuse ning naiste ja t\u00fctarlaste m\u00f5juv\u00f5imu tagamiseks k\u00f5ikidel tasanditel.<\/li>\n<\/ul>\n<h3>Lingid:<\/h3>\n<p><a href=\"http:\/\/www.unwomen.org\/en\">UN Women<\/a><\/p>\n<p><a href=\"http:\/\/www.heforshe.org\/\">He for She campaign<\/a><\/p>\n<p><a href=\"http:\/\/endviolence.un.org\/\">United Secretary-General Campaign UNiTE to End Violence Against Women<\/a><\/p>\n<p><a href=\"http:\/\/www.everywomaneverychild.org\/\">Every Woman Every Child Initiative<\/a><\/p>\n<p><a href=\"http:\/\/www.unicef.org\/gender\/\">United Nations Children\u2019s Fund (UNICEF)<\/a><\/p>\n<p><a href=\"http:\/\/www.unfpa.org\/gender-equality\">UN Population Fund: Gender equality<\/a><\/p>\n<p><a href=\"http:\/\/www.unfpa.org\/female-genital-mutilation\">UN Population Fund: Female genital mutilation<\/a><\/p>\n<p><a href=\"http:\/\/www.unfpa.org\/child-marriage\">UN Population Fund: Child marriage<\/a><\/p>\n<p><a href=\"http:\/\/www.unfpa.org\/engaging-men-boys\">UN Population Fund: Engaging men &amp; boys<\/a><\/p>\n<p><a href=\"http:\/\/www.unfpa.org\/gender-based-violence\">UN Population Fund: Gender-based violence<\/a><\/p>\n<p><a href=\"http:\/\/www.who.int\/gender\/en\/\">World Health Organization (WHO)<\/a><\/p>\n<p><a href=\"http:\/\/www.ohchr.org\/EN\/Issues\/Women\/WRGS\/Pages\/WRGSIndex.aspx\">UN Office of the High Commissioner for Human Rights<\/a><\/p>\n<p><a href=\"http:\/\/www.unhcr.org\/pages\/49c3646c1d9.html\">UN High Commissioner for Refugees (UNHCR)<\/a><\/p>\n<p><a href=\"http:\/\/www.unesco.org\/new\/en\/unesco\/themes\/gender-equality\/\">UN Education, Scientific and Cultural Organisation (UNESCO)<\/a><\/p>\n<p><a href=\"http:\/\/unstats.un.org\/unsd\/gender\/default.html\">UN Department of Economic and Social Affairs, Gender Statistics<\/a><\/p>\n<p><em>Allikas: <a href=\"http:\/\/www.un.org\/sustainabledevelopment\/gender-equality\/\">UN.org<\/a><\/em><\/p>\n<p>&nbsp;<\/p>\n","protected":false},"excerpt":{"rendered":"<p>Soolise v\u00f5rd\u00f5iguslikkuse saavutamine \u2013 lahendades ebav\u00f5rdsed v\u00f5imusuhted ning rakendades naiste ja t\u00fcdrukute \u00f5igusi k\u00f5ikidel tasanditel \u2013 on kestlike arengutulemuste saavutamisel&#8230;<\/p>\n","protected":false},"author":32,"featured_media":0,"parent":6040,"menu_order":8,"comment_status":"closed","ping_status":"closed","template":"template-kc-article.php","meta":{"_acf_changed":false,"footnotes":""},"categories":[41],"class_list":["post-7092","page","type-page","status-publish","hentry","category-teabekeskus"],"acf":[],"_links":{"self":[{"href":"https:\/\/www.terveilm.ee\/leht\/wp-json\/wp\/v2\/pages\/7092","targetHints":{"allow":["GET"]}}],"collection":[{"href":"https:\/\/www.terveilm.ee\/leht\/wp-json\/wp\/v2\/pages"}],"about":[{"href":"https:\/\/www.terveilm.ee\/leht\/wp-json\/wp\/v2\/types\/page"}],"author":[{"embeddable":true,"href":"https:\/\/www.terveilm.ee\/leht\/wp-json\/wp\/v2\/users\/32"}],"replies":[{"embeddable":true,"href":"https:\/\/www.terveilm.ee\/leht\/wp-json\/wp\/v2\/comments?post=7092"}],"version-history":[{"count":5,"href":"https:\/\/www.terveilm.ee\/leht\/wp-json\/wp\/v2\/pages\/7092\/revisions"}],"predecessor-version":[{"id":9312,"href":"https:\/\/www.terveilm.ee\/leht\/wp-json\/wp\/v2\/pages\/7092\/revisions\/9312"}],"up":[{"embeddable":true,"href":"https:\/\/www.terveilm.ee\/leht\/wp-json\/wp\/v2\/pages\/6040"}],"wp:attachment":[{"href":"https:\/\/www.terveilm.ee\/leht\/wp-json\/wp\/v2\/media?parent=7092"}],"wp:term":[{"taxonomy":"category","embeddable":true,"href":"https:\/\/www.terveilm.ee\/leht\/wp-json\/wp\/v2\/categories?post=7092"}],"curies":[{"name":"wp","href":"https:\/\/api.w.org\/{rel}","templated":true}]}}