{"id":7095,"date":"2016-09-26T12:13:43","date_gmt":"2016-09-26T09:13:43","guid":{"rendered":"http:\/\/www.terveilm.ee\/leht\/?page_id=7095"},"modified":"2018-04-17T11:00:31","modified_gmt":"2018-04-17T08:00:31","slug":"vesi-ja-kanalisatsioon","status":"publish","type":"page","link":"https:\/\/www.terveilm.ee\/leht\/teabekeskuse-teemad\/kestliku-arengu-eesmargid\/vesi-ja-kanalisatsioon\/","title":{"rendered":"Vesi ja kanalisatsioon"},"content":{"rendered":"<p><img loading=\"lazy\" decoding=\"async\" class=\"size-medium wp-image-7096 alignright\" src=\"http:\/\/www.terveilm.ee\/leht\/wp-content\/uploads\/2016\/09\/goal6-300x163.jpg\" alt=\"goal6\" width=\"300\" height=\"163\" srcset=\"https:\/\/www.terveilm.ee\/leht\/wp-content\/uploads\/2016\/09\/goal6-300x163.jpg 300w, https:\/\/www.terveilm.ee\/leht\/wp-content\/uploads\/2016\/09\/goal6.jpg 850w\" sizes=\"auto, (max-width: 300px) 100vw, 300px\" \/>Puhas, k\u00f5igile k\u00e4ttesaadav vesi on oluline osa maailmast, kus soovime elada. Maakeral on selle saavutamiseks piisavalt vett. Kuid halva majandamise v\u00f5i taristu puuduse t\u00f5ttu sureb igal aastal miljoneid inimesi (enamus neist lapsed) haigustesse, mis on seotud ebapiisava veevarustuse, kanalisatsiooni ja h\u00fcgieenivahendite puudumisega.<\/p>\n<p>Veepuudus, vee halb kvaliteet ja puudulik kanalisatsioon m\u00f5juvad halvasti vaeste perede toidulauale, toimetulekule ja haridusv\u00f5imalustele. P\u00f5ud p\u00f5hjustab kannatusi maailma k\u00f5ige vaesemates riikides, s\u00fcvendades n\u00e4lga ja alatoitumust.<\/p>\n<p>2050. aastaks elab iga neljas inimene t\u00f5en\u00e4oliselt riigis, mis kannatab joogivee puuduse k\u00e4es.<\/p>\n<h3>Faktid:<\/h3>\n<ul>\n<li>Alates 1990ndast aastast on 2,6 miljardit inimest saanud juurdep\u00e4\u00e4su parematele veeallikatele, aga 663 miljonit inimest on neist endiselt ilma<\/li>\n<li>\u00dcle maailma kasutab 1,8 miljardit inimest joogivett, mis on saastunud v\u00e4ljaheidetega<\/li>\n<li>Perioodil 1990\u20132015 on paremat veeallikat kasutavate inimeste osakaal suurenenud 76 protsendilt 91 protsendile<\/li>\n<li>Veepuudus m\u00f5jutab ligi 40% \u00fcleilmsest rahvastikust ja see arv kasvab. \u00dcle 1,7 miljardi inimese elab hetkel j\u00f5e valgaladel, kus veekasutus on suurem kui pealevool<\/li>\n<li>2,4 miljardil inimesel puudub v\u00f5imalus kasutada vetsu v\u00f5i v\u00e4lik\u00e4imlat<\/li>\n<li>Enam kui 80% inimtegevusest tekkivast reoveest heidetakse j\u00f5gedesse v\u00f5i merre ilma puhastamata<\/li>\n<li>Iga p\u00e4ev sureb ligi 1000 last k\u00f5hulahtisusse, mis on seotud vee ja kanalisatsiooniga<\/li>\n<li>H\u00fcdroenergia on olulisim ja levinuim taastuv energiaallikas. 2011. aasta seisuga moodustas see \u00fcleilmsest elektritootmisest 16%<\/li>\n<li>Ligikaudu 70% veest, mis j\u00f5gedest, j\u00e4rvedest ja p\u00f5hjaveekihtidest v\u00e4lja pumbatakse, kulub kastmiseks<\/li>\n<li>\u00dcleujutused ja muud veega seotud katastroofid p\u00f5hjustavad 70% k\u00f5igist loodus\u00f5nnetustega seotud surmadest<\/li>\n<\/ul>\n<h3>Eesm\u00e4rgid:<\/h3>\n<ul>\n<li>Tagada 2030. aastaks k\u00f5ikidele inimestele juurdep\u00e4\u00e4s ohutule ja taskukohasele joogiveele.<\/li>\n<li>Tagada 2030. aastaks k\u00f5igile juurdep\u00e4\u00e4s kanalisatsioonile ja h\u00fcgieenile. Teha l\u00f5pp avalikule roojamisele, p\u00f6\u00f6rates erilist t\u00e4helepanu naiste ja t\u00fctarlaste ning ebasoodsas olukorras olevate inimeste vajadustele.<\/li>\n<li>Parandada 2030. aastaks vee kvaliteeti, v\u00e4hendades saastamist, tehes l\u00f5pu keelatud kohtadesse pr\u00fcgi mahapanekule ja viies miinimumini ohtlike kemikaalide ja materjalide keskkonda heitmise. V\u00e4hendada poole v\u00f5rra puhastamata reovee kogust ja suurendada kogu maailmas oluliselt j\u00e4\u00e4tmete ringlussev\u00f5ttu ja ohutut taaskasutust.<\/li>\n<li>Muuta 2030. aastaks veekasutus k\u00f5ikides sektorites oluliselt t\u00f5husamaks. Tagada magevee s\u00e4\u00e4stlik kasutamine, et lahendada veepuuduse probleem. V\u00e4hendada oluliselt veepuuduse all kannatavate inimeste arvu.<\/li>\n<li>Rakendada 2030. aastaks veeressursside integreeritud haldamine k\u00f5ikidel tasanditel, sealhulgas vajadusel piiri\u00fclese koost\u00f6\u00f6 raames.<\/li>\n<li>Kaitsta ja taastada 2020. aastaks veega seotud \u00f6kos\u00fcsteeme, sealhulgas m\u00e4gesid, metsi, m\u00e4rgalasid, j\u00f5gesid, p\u00f5hjaveekihte ja j\u00e4rvi.<\/li>\n<li>Laiendada 2030. aastaks rahvusvahelist koost\u00f6\u00f6d ja suurendada toetust arengumaadele, et suurendada nende v\u00f5imekust vee ja kanalisatsiooniga seotud tegevuste l\u00e4bi viimisel, sealhulgas vee ammutamise, magestamise, t\u00f5husa veekasutuse, reovee puhastamise, ringlussev\u00f5tu ja taaskasutuse tehnoloogiate valdkonnas.<\/li>\n<li>Toetada ja intensiivistada kohalike kogukondade osalemist vee ja kanalisatsiooni haldamise parandamisel.<\/li>\n<\/ul>\n<h3>Lingid:<\/h3>\n<p><a href=\"http:\/\/www.unwater.org\/\">UN-Water<\/a><\/p>\n<p><a href=\"http:\/\/www.unesco.org\/water\/wwap\/\">World Water Assessment Programme<\/a><\/p>\n<p><a href=\"http:\/\/www.unesco.org\/new\/en\/natural-sciences\/environment\/water\/\">UNESCO Water<\/a><\/p>\n<p><a href=\"http:\/\/www.undp.org\/water\/\">UNDP Water and Ocean Governance<\/a><\/p>\n<p><a href=\"http:\/\/www.un.org\/waterforlifedecade\/\">UN Water for Life Decade<\/a><\/p>\n<p><a href=\"http:\/\/opendefecation.org\/\">End Open Defecation<\/a><\/p>\n<p><a href=\"http:\/\/www.unhabitat.org\/categories.asp?catid=270\">UN-HABITAT Water and Sanitation<\/a><\/p>\n<p><a href=\"http:\/\/www.un.org\/waterforlifedecade\/waterandsustainabledevelopment2015\/water_post2015.shtml\">A Post-2015 Global Goal for Water: Recommendations from UN-Water<\/a><\/p>\n<p><a href=\"http:\/\/www.un.org\/waterforlifedecade\/waterandsustainabledevelopment2015\/open_working_group_sdg.shtml\">Water and Sustainable Development Goals<\/a><\/p>\n<p><a href=\"http:\/\/www.un.org\/waterforlifedecade\/waterandsustainabledevelopment2015\/information_briefs.shtml\">Information briefs on water and sustainable development<\/a><\/p>\n<p><a href=\"http:\/\/www.un.org\/waterforlifedecade\/unwdpac.shtml\">UN-Water Decade Programme on Advocacy and Communication<\/a><\/p>\n<p><a href=\"http:\/\/www.unwaterbestpractices.org\/\">UN Water and Sanitation Best Practices Platform<\/a><\/p>\n<p><em>Allikas: <a href=\"http:\/\/www.un.org\/sustainabledevelopment\/water-and-sanitation\/\">UN.org<\/a><\/em><\/p>\n","protected":false},"excerpt":{"rendered":"<p>Puhas, k\u00f5igile k\u00e4ttesaadav vesi on oluline osa maailmast, kus soovime elada. Maakeral on selle saavutamiseks piisavalt vett. Kuid halva majandamise&#8230;<\/p>\n","protected":false},"author":32,"featured_media":0,"parent":6040,"menu_order":9,"comment_status":"closed","ping_status":"closed","template":"template-kc-article.php","meta":{"_acf_changed":false,"footnotes":""},"categories":[41],"class_list":["post-7095","page","type-page","status-publish","hentry","category-teabekeskus"],"acf":[],"_links":{"self":[{"href":"https:\/\/www.terveilm.ee\/leht\/wp-json\/wp\/v2\/pages\/7095","targetHints":{"allow":["GET"]}}],"collection":[{"href":"https:\/\/www.terveilm.ee\/leht\/wp-json\/wp\/v2\/pages"}],"about":[{"href":"https:\/\/www.terveilm.ee\/leht\/wp-json\/wp\/v2\/types\/page"}],"author":[{"embeddable":true,"href":"https:\/\/www.terveilm.ee\/leht\/wp-json\/wp\/v2\/users\/32"}],"replies":[{"embeddable":true,"href":"https:\/\/www.terveilm.ee\/leht\/wp-json\/wp\/v2\/comments?post=7095"}],"version-history":[{"count":3,"href":"https:\/\/www.terveilm.ee\/leht\/wp-json\/wp\/v2\/pages\/7095\/revisions"}],"predecessor-version":[{"id":9240,"href":"https:\/\/www.terveilm.ee\/leht\/wp-json\/wp\/v2\/pages\/7095\/revisions\/9240"}],"up":[{"embeddable":true,"href":"https:\/\/www.terveilm.ee\/leht\/wp-json\/wp\/v2\/pages\/6040"}],"wp:attachment":[{"href":"https:\/\/www.terveilm.ee\/leht\/wp-json\/wp\/v2\/media?parent=7095"}],"wp:term":[{"taxonomy":"category","embeddable":true,"href":"https:\/\/www.terveilm.ee\/leht\/wp-json\/wp\/v2\/categories?post=7095"}],"curies":[{"name":"wp","href":"https:\/\/api.w.org\/{rel}","templated":true}]}}