{"id":7126,"date":"2016-09-26T12:57:51","date_gmt":"2016-09-26T09:57:51","guid":{"rendered":"http:\/\/www.terveilm.ee\/leht\/?page_id=7126"},"modified":"2018-04-17T11:03:58","modified_gmt":"2018-04-17T08:03:58","slug":"uhiskonnad","status":"publish","type":"page","link":"https:\/\/www.terveilm.ee\/leht\/teabekeskuse-teemad\/kestliku-arengu-eesmargid\/uhiskonnad\/","title":{"rendered":"Rahumeelsed ja kaasavad \u00fchiskonnad"},"content":{"rendered":"<p><img loading=\"lazy\" decoding=\"async\" class=\"alignright size-medium wp-image-7127\" src=\"http:\/\/www.terveilm.ee\/leht\/wp-content\/uploads\/2016\/09\/goal16-300x139.jpg\" alt=\"goal16\" width=\"300\" height=\"139\" srcset=\"https:\/\/www.terveilm.ee\/leht\/wp-content\/uploads\/2016\/09\/goal16-300x139.jpg 300w, https:\/\/www.terveilm.ee\/leht\/wp-content\/uploads\/2016\/09\/goal16.jpg 850w\" sizes=\"auto, (max-width: 300px) 100vw, 300px\" \/>Rahumeelsete ja kaasavate \u00fchiskondade edendamisega saavutatakse j\u00e4tkusuutlik areng. See t\u00e4hendab, et k\u00f5igil inimestel on v\u00f5imalus elada \u00f5iglases \u00fchiskonnas, kus on t\u00f5husad ja enda tegevuse eest vastutavad institutsioonid.<\/p>\n<h3>Faktid:<\/h3>\n<ul>\n<li>Korruptsioonist on k\u00f5ige enam m\u00f5jutatud kohtud ja politsei<\/li>\n<li>Korruptsioon, altk\u00e4emaksud, vargused ja maksudest k\u00f5rvalehoidmine l\u00e4heb arengumaadele igal aastal maksma 1,26 triljonit USA dollarit. Seda v\u00f5iks kasutada v\u00e4ga vaeste inimeste sissetuleku suurendamiseks \u00fcle 1,25 dollari piiri v\u00e4hemalt kuueks aastaks<\/li>\n<li>Laste osakaal, kes lahkuvad s\u00f5japiirkondades algkoolist, j\u00f5udis 2011. aastal 50 protsendini. See h\u00f5lmab 28,5 miljonit last, mis n\u00e4itab ebastabiilsete \u00fchiskondade m\u00f5ju haridusele.<\/li>\n<li>\u00d5igusriigi ja arengu vahel on oluline seos, kumbki tugevdab teist.<\/li>\n<\/ul>\n<h3>Eesm\u00e4rgid:<\/h3>\n<ul>\n<li>V\u00e4hendada k\u00f5ikjal oluliselt v\u00e4givalda mistahes kujul ja sellega seotud surmade arvu.<\/li>\n<li>Teha l\u00f5pp laste kuritarvitamisele ja ekspluateerimisele, lastega kaubitsemisele ning lastevastasele v\u00e4givallale ja laste piinamisele mistahes kujul.<\/li>\n<li>Propageerida riikide ja rahvusvahelisel tasandil \u00f5igusriigi p\u00f5him\u00f5tet ja tagada k\u00f5ikidele inimestele v\u00f5rdne \u00f5iguskaitse.<\/li>\n<li>V\u00e4hendada 2030. aastaks oluliselt ebaseaduslikke raha- ja relvavooge, t\u00f5hustada varastatud varade sissen\u00f5udmist ja tagastamist ning v\u00f5idelda mistahes vormis organiseeritud kuritegevusega.<\/li>\n<li>V\u00e4hendada oluliselt korruptsiooni ning altk\u00e4emaksude andmist ja v\u00f5tmist mistahes vormis.<\/li>\n<li>Luua k\u00f5ikidel tasanditel t\u00f5husad, vastutustundlikud ja ausalt tegutsevad institutsioonid.<\/li>\n<li>Tagada reageeriv, kaasav, osalemist v\u00f5imaldav ja esinduslik otsustusprotsess k\u00f5ikidel valitsemistasanditel.<\/li>\n<li>Suurendada ja tugevdada arenguriikide osalemist globaalses valitsemises.<\/li>\n<li>Anda 2030. aastaks k\u00f5ikidele inimestele \u00f5iguslikult m\u00e4\u00e4ratletud identiteet, sealhulgas registreerida k\u00f5ik s\u00fcnnid.<\/li>\n<li>Tagada \u00fcldsusele juurdep\u00e4\u00e4s teabele ja nende p\u00f5hivabaduste kaitse koosk\u00f5las riiklike \u00f5igusaktide ja rahvusvaheliste kokkulepetega.<\/li>\n<li>Suurendada eelk\u00f5ige arenguriikide asjaomaste riiklike ametiasutuste suutlikkust v\u00e4ltida v\u00e4givalda ning v\u00f5idelda terrorismi ja kuritegevusega k\u00f5ikidel tasanditel.<\/li>\n<li>Toetada ja j\u00f5ustada diskrimineerimisvastaseid \u00f5igusakte ja s\u00e4\u00e4stvat arengut k\u00e4sitlevaid tegevuspoliitikaid.<\/li>\n<\/ul>\n<h3>Lingid:<\/h3>\n<p><a href=\"http:\/\/en.unesco.org\/\">United Nations Educational, Scientific and Cultural Organization<\/a><\/p>\n<p><a href=\"http:\/\/www.ohchr.org\/EN\/Pages\/WelcomePage.aspx\">Office of the High Commissioner for Human Rights<\/a><\/p>\n<p><a href=\"http:\/\/www.un.org\/en\/documents\/udhr\/\">Universal Declaration of Human Rights<\/a><\/p>\n<p><a href=\"http:\/\/www.un.org\/undpa\/en\">UN Department of Political Affairs<\/a><\/p>\n<p><a href=\"http:\/\/www.unodc.org\/\">United Nations Office on Drugs and Crime<\/a><\/p>\n<p><a href=\"http:\/\/www.unicef.org\/endviolence\/\">UNICEF #EndViolence<\/a><\/p>\n<p><a href=\"http:\/\/www.un.org\/en\/peacekeeping\/\">United Nations Peacekeeping<\/a><\/p>\n<p><a href=\"http:\/\/www.un.org\/en\/sc\/ctc\/\">UN Counter Terrorism Committee<\/a><\/p>\n<p><em>Allikas: <a href=\"http:\/\/www.un.org\/sustainabledevelopment\/peace-justice\/\">UN.org<\/a><\/em><\/p>\n","protected":false},"excerpt":{"rendered":"<p>Rahumeelsete ja kaasavate \u00fchiskondade edendamisega saavutatakse j\u00e4tkusuutlik areng. See t\u00e4hendab, et k\u00f5igil inimestel on v\u00f5imalus elada \u00f5iglases \u00fchiskonnas, kus on&#8230;<\/p>\n","protected":false},"author":32,"featured_media":0,"parent":6040,"menu_order":19,"comment_status":"closed","ping_status":"closed","template":"template-kc-article.php","meta":{"_acf_changed":false,"footnotes":""},"categories":[41],"class_list":["post-7126","page","type-page","status-publish","hentry","category-teabekeskus"],"acf":[],"_links":{"self":[{"href":"https:\/\/www.terveilm.ee\/leht\/wp-json\/wp\/v2\/pages\/7126","targetHints":{"allow":["GET"]}}],"collection":[{"href":"https:\/\/www.terveilm.ee\/leht\/wp-json\/wp\/v2\/pages"}],"about":[{"href":"https:\/\/www.terveilm.ee\/leht\/wp-json\/wp\/v2\/types\/page"}],"author":[{"embeddable":true,"href":"https:\/\/www.terveilm.ee\/leht\/wp-json\/wp\/v2\/users\/32"}],"replies":[{"embeddable":true,"href":"https:\/\/www.terveilm.ee\/leht\/wp-json\/wp\/v2\/comments?post=7126"}],"version-history":[{"count":3,"href":"https:\/\/www.terveilm.ee\/leht\/wp-json\/wp\/v2\/pages\/7126\/revisions"}],"predecessor-version":[{"id":9246,"href":"https:\/\/www.terveilm.ee\/leht\/wp-json\/wp\/v2\/pages\/7126\/revisions\/9246"}],"up":[{"embeddable":true,"href":"https:\/\/www.terveilm.ee\/leht\/wp-json\/wp\/v2\/pages\/6040"}],"wp:attachment":[{"href":"https:\/\/www.terveilm.ee\/leht\/wp-json\/wp\/v2\/media?parent=7126"}],"wp:term":[{"taxonomy":"category","embeddable":true,"href":"https:\/\/www.terveilm.ee\/leht\/wp-json\/wp\/v2\/categories?post=7126"}],"curies":[{"name":"wp","href":"https:\/\/api.w.org\/{rel}","templated":true}]}}