{"id":7310,"date":"2016-11-30T14:50:45","date_gmt":"2016-11-30T12:50:45","guid":{"rendered":"http:\/\/www.terveilm.ee\/leht\/?page_id=7310"},"modified":"2017-11-01T10:34:17","modified_gmt":"2017-11-01T08:34:17","slug":"kingi-targalt","status":"publish","type":"page","link":"https:\/\/www.terveilm.ee\/leht\/kingi-targalt\/","title":{"rendered":"Kingi Targalt 2016"},"content":{"rendered":"<p><strong><span style=\"color: #000000;\">J\u00f5ulup\u00fchad hiilivad iga p\u00e4evaga l\u00e4hemale. Paljudes peredes on juba m\u00f5tlema hakatud, mida pereliikmetele sel aastal kingiks osta. Kas ka teie tunnete r\u00f5\u00f5msa j\u00f5uluootuse asemel \u00e4ngi, et varsti peab poodidesse minema? Paljud pered on juba oma lahenduse leidnud ja tunnevad, et ilma ostuhulluseta j\u00f5ulud on kingitus kogu perele. Paljud veel otsivad h\u00e4id ja t\u00f6\u00f6tavaid lahendusi.<\/span><\/strong><\/p>\n<p><span style=\"font-weight: 400;\">Algatus \u201c<\/span><b>Kingi targalt<\/b><span style=\"font-weight: 400;\">!\u201d tahab laste r\u00f5\u00f5mu suurendada ja pakkuda tuge k\u00f5igile, kes usuvad, et rohkem ei ole alati parem. <\/span><\/p>\n<p><span style=\"font-weight: 400;\">J\u00f5ulud peaksidki olema r\u00f5\u00f5mu ja koosolemise, heategude ja rahu aeg. K\u00f5igil ja alati see muidugi nii ei ole. Meie tegudest j\u00f5ulude ajal s\u00f5ltub nii meie l\u00e4hedaste kui ka hoopis kaugete inimeste heaolu.\u00a0<strong>Sellest, miks laiemalt hoolida, <a href=\"http:\/\/www.terveilm.ee\/leht\/miks-hoolida\/\">saab l\u00e4hemalt lugeda siit<\/a>.\u00a0Kuidas nii p\u00fchade ajal kui muidu targalt k\u00e4ituda,<a href=\"http:\/\/www.terveilm.ee\/leht\/kuidas-kaituda\/\"> uuri siit<\/a><\/strong>.\u00a0<\/span><\/p>\n<p><strong>Kuidas aga tuua see t\u00f5eline j\u00f5ulur\u00f5\u00f5m oma v\u00e4ikeste ja suurte pereliikmeteni?<\/strong> Siin m\u00f5ned head soovitused:<\/p>\n<ul>\n<li style=\"font-weight: 400;\"><span style=\"font-weight: 400;\">Tehke peres kokkulepe, et iga\u00fcks, ka lapsed, saavad \u00fche h\u00e4sti l\u00e4bi m\u00f5eldud kingi. Ps\u00fchholoogid kinnitavad, et suurim r\u00f5\u00f5m on \u00fchest oodatud kingist. Iga j\u00e4rgmine kink hoopis v\u00e4hendab r\u00f5\u00f5mu.<\/span><\/li>\n<li style=\"font-weight: 400;\"><span style=\"font-weight: 400;\">Eelista ise tehtud v\u00f5i kodumaiseid kinke. R\u00e4\u00e4gime ju ka lastele, et ise tehtud asi on k\u00f5ige armsam. \u201cMade in China\u201d m\u00e4rgiga asjade ostmisel v\u00f5ib juhtuda, et toetad lapst\u00f6\u00f6j\u00f5udu kasutavaid suurfirmasid. Loe t\u00e4psemalt <a href=\"http:\/\/www.terveilm.ee\/leht\/teabekeskuse-teemad\/inimoigused\/lapstoojou-valtimine\/\" target=\"_blank\" rel=\"noopener\">siit<\/a>.<\/span><\/li>\n<li style=\"font-weight: 400;\"><span style=\"font-weight: 400;\">Kui inimesel on k\u00f5ik olemas, kingi elamusi. \u00dchine teatrisk\u00e4ik v\u00f5i kontsert aitab j\u00f5ulur\u00f5\u00f5mu pikendada. \u00a0<\/span><span style=\"font-weight: 400;\">Ka laste jaoks on \u00fchiselt veedetud aeg sageli olulisem kui kingiks saadavad asjad.\u00a0<\/span><\/li>\n<li style=\"font-weight: 400;\"><span style=\"font-weight: 400;\">Veendu, et kingitust on p\u00e4riselt vaja. Ilmselt oleme k\u00f5ik v\u00e4hemalt \u00fche korra elus saanud m\u00f5ttetu kingituse, mis kapinurgas tolmu koguma hakkab.\u00a0N\u00e4iteks v\u00f5iks\u00a0j\u00f5uluteemalisi asju kinkides kindel olla, et t\u00e4pselt see on puudu, seda\u00a0saab ju kasutada ainult\u00a0paaril n\u00e4dalal aastas.\u00a0<\/span><\/li>\n<li style=\"font-weight: 400;\"><span style=\"font-weight: 400;\">J\u00f5ulud on andmise aeg. Nii Eestis kui mujal maailmas on sel ajal palju v\u00f5imalusi, kuidas teha head neile, kel on oluliselt v\u00e4hem v\u00f5imalusi kui meil.<\/span><\/li>\n<li style=\"font-weight: 400;\"><span style=\"font-weight: 400;\">Kingi esemete asemel h\u00e4id soove &#8211; n\u00e4iteks postkaart v\u00f5i kiri, kus on kirjas k\u00f5ik hea, mida kingisaaja sulle t\u00e4hendab. Lisaks lahendab see meie kinnise iseloomuga seotud mure, et sageli ei leia head hetke, et l\u00e4hedastele \u00f6elda, kui kallid nad meile on.<\/span><\/li>\n<li style=\"font-weight: 400;\"><span style=\"font-weight: 400;\">Kingituste kasutusiga v\u00f5iks olla v\u00f5imalikult pikk, siis hoiame ka <a href=\"http:\/\/www.terveilm.ee\/leht\/teabekeskuse-teemad\/keskkond\/\" target=\"_blank\" rel=\"noopener\">loodust<\/a>.<\/span><\/li>\n<\/ul>\n<p><span style=\"font-weight: 400;\"><strong>Kust leida s\u00fcdamega tehtud kinke? Konkreetsed ideed ja viited kogume lehele<a href=\"http:\/\/www.terveilm.ee\/leht\/mida-kinkida\"> Mida kinkida<\/a><a href=\"http:\/\/www.terveilm.ee\/leht\/mida-osta\/\">.<\/a><\/strong><\/span><\/p>\n<p><span style=\"font-weight: 400;\">H\u00e4id n\u00f5uandeid saad ise anda <a href=\"https:\/\/www.facebook.com\/events\/1233492490065952\/\" target=\"_blank\" rel=\"noopener\">&#8220;Kingi targalt!&#8221;<\/a> s\u00fcndmuse juures FBs.\u00a0<\/span><\/p>\n<p><span style=\"font-weight: 400;\">Hoolivaid j\u00f5ule!<\/span><\/p>\n","protected":false},"excerpt":{"rendered":"<p>J\u00f5ulup\u00fchad hiilivad iga p\u00e4evaga l\u00e4hemale. Paljudes peredes on juba m\u00f5tlema hakatud, mida pereliikmetele sel aastal kingiks osta. Kas ka teie&#8230;<\/p>\n","protected":false},"author":32,"featured_media":0,"parent":0,"menu_order":0,"comment_status":"closed","ping_status":"closed","template":"","meta":{"_acf_changed":false,"footnotes":""},"categories":[],"class_list":["post-7310","page","type-page","status-publish","hentry"],"acf":[],"_links":{"self":[{"href":"https:\/\/www.terveilm.ee\/leht\/wp-json\/wp\/v2\/pages\/7310","targetHints":{"allow":["GET"]}}],"collection":[{"href":"https:\/\/www.terveilm.ee\/leht\/wp-json\/wp\/v2\/pages"}],"about":[{"href":"https:\/\/www.terveilm.ee\/leht\/wp-json\/wp\/v2\/types\/page"}],"author":[{"embeddable":true,"href":"https:\/\/www.terveilm.ee\/leht\/wp-json\/wp\/v2\/users\/32"}],"replies":[{"embeddable":true,"href":"https:\/\/www.terveilm.ee\/leht\/wp-json\/wp\/v2\/comments?post=7310"}],"version-history":[{"count":5,"href":"https:\/\/www.terveilm.ee\/leht\/wp-json\/wp\/v2\/pages\/7310\/revisions"}],"predecessor-version":[{"id":8442,"href":"https:\/\/www.terveilm.ee\/leht\/wp-json\/wp\/v2\/pages\/7310\/revisions\/8442"}],"wp:attachment":[{"href":"https:\/\/www.terveilm.ee\/leht\/wp-json\/wp\/v2\/media?parent=7310"}],"wp:term":[{"taxonomy":"category","embeddable":true,"href":"https:\/\/www.terveilm.ee\/leht\/wp-json\/wp\/v2\/categories?post=7310"}],"curies":[{"name":"wp","href":"https:\/\/api.w.org\/{rel}","templated":true}]}}