{"id":8651,"date":"2018-01-11T00:04:28","date_gmt":"2018-01-10T22:04:28","guid":{"rendered":"http:\/\/www.terveilm.ee\/leht\/?page_id=8651"},"modified":"2021-01-14T19:46:00","modified_gmt":"2021-01-14T17:46:00","slug":"uro-kestliku-arengu-eesmargid","status":"publish","type":"page","link":"https:\/\/www.terveilm.ee\/leht\/kestliku-arengu-koalitsioon\/uro-kestliku-arengu-eesmargid\/","title":{"rendered":"Maailma kestliku arengu eesm\u00e4rgid"},"content":{"rendered":"<p><span style=\"font-weight: 400;\">2015. aasta septembris lepiti \u00dcRO-s globaalselt kokku maailma kestliku arengu eesm\u00e4rgid (Sustainable Development Goals) j\u00e4rgmiseks 15 aastaks. K\u00f5ikidelt liikmesriikidelt, ka Eestilt, oodatakse poliitikate kujundamist nendest eesm\u00e4rkidest l\u00e4htuvalt \u2013 \u00a0et k\u00f5ik, mida me teeme, ei teeks maakerale ega siin elavatele inimestele veel rohkem kahju. Kestliku arengu eesm\u00e4rgid on koondatud raamdokumenti <a href=\"http:\/\/www.terveilm.ee\/leht\/wp-content\/uploads\/2018\/01\/Agenda-2030_eestikeelne.pdf\">Agenda 2030 (eesti keeles)<\/a><\/span><\/p>\n<p>\u00dclevaadet kestliku arengu eesm\u00e4rkidest teemade kaupa <a href=\"https:\/\/www.terveilm.ee\/leht\/teabekeskuse-teemad\/kestliku-arengu-eesmargid\/\" target=\"_blank\" rel=\"noopener noreferrer\">saab lugeda siit <\/a>ja eesm\u00e4rkidega saab l\u00e4hemalt tutvust teha \u00dcRO lehel <a href=\"https:\/\/sdgs.un.org\/goals\">siin<\/a>.<\/p>\n<p><a href=\"http:\/\/www.terveilm.ee\/leht\/wp-content\/uploads\/2018\/04\/AKU-gfx-1024x979-1.png\"><img loading=\"lazy\" decoding=\"async\" class=\"size-medium wp-image-9372 aligncenter\" src=\"http:\/\/www.terveilm.ee\/leht\/wp-content\/uploads\/2018\/04\/AKU-gfx-1024x979-1-300x287.png\" alt=\"\" width=\"300\" height=\"287\" srcset=\"https:\/\/www.terveilm.ee\/leht\/wp-content\/uploads\/2018\/04\/AKU-gfx-1024x979-1-300x287.png 300w, https:\/\/www.terveilm.ee\/leht\/wp-content\/uploads\/2018\/04\/AKU-gfx-1024x979-1-768x734.png 768w, https:\/\/www.terveilm.ee\/leht\/wp-content\/uploads\/2018\/04\/AKU-gfx-1024x979-1.png 1024w\" sizes=\"auto, (max-width: 300px) 100vw, 300px\" \/><\/a><\/p>\n","protected":false},"excerpt":{"rendered":"<p>2015. aasta septembris lepiti \u00dcRO-s globaalselt kokku maailma kestliku arengu eesm\u00e4rgid (Sustainable Development Goals) j\u00e4rgmiseks 15 aastaks. K\u00f5ikidelt liikmesriikidelt, ka&#8230;<\/p>\n","protected":false},"author":17,"featured_media":0,"parent":8647,"menu_order":0,"comment_status":"closed","ping_status":"closed","template":"template-coal.php","meta":{"_acf_changed":false,"footnotes":""},"categories":[],"class_list":["post-8651","page","type-page","status-publish","hentry"],"acf":[],"_links":{"self":[{"href":"https:\/\/www.terveilm.ee\/leht\/wp-json\/wp\/v2\/pages\/8651","targetHints":{"allow":["GET"]}}],"collection":[{"href":"https:\/\/www.terveilm.ee\/leht\/wp-json\/wp\/v2\/pages"}],"about":[{"href":"https:\/\/www.terveilm.ee\/leht\/wp-json\/wp\/v2\/types\/page"}],"author":[{"embeddable":true,"href":"https:\/\/www.terveilm.ee\/leht\/wp-json\/wp\/v2\/users\/17"}],"replies":[{"embeddable":true,"href":"https:\/\/www.terveilm.ee\/leht\/wp-json\/wp\/v2\/comments?post=8651"}],"version-history":[{"count":5,"href":"https:\/\/www.terveilm.ee\/leht\/wp-json\/wp\/v2\/pages\/8651\/revisions"}],"predecessor-version":[{"id":12156,"href":"https:\/\/www.terveilm.ee\/leht\/wp-json\/wp\/v2\/pages\/8651\/revisions\/12156"}],"up":[{"embeddable":true,"href":"https:\/\/www.terveilm.ee\/leht\/wp-json\/wp\/v2\/pages\/8647"}],"wp:attachment":[{"href":"https:\/\/www.terveilm.ee\/leht\/wp-json\/wp\/v2\/media?parent=8651"}],"wp:term":[{"taxonomy":"category","embeddable":true,"href":"https:\/\/www.terveilm.ee\/leht\/wp-json\/wp\/v2\/categories?post=8651"}],"curies":[{"name":"wp","href":"https:\/\/api.w.org\/{rel}","templated":true}]}}

Maailma kestliku arengu eesmärgid

<p><span style="font-weight: 400;">2015. aasta septembris lepiti ÜRO-s globaalselt kokku maailma kestliku arengu eesmärgid (Sustainable Development Goals) järgmiseks 15 aastaks. Kõikidelt liikmesriikidelt, ka Eestilt, oodatakse poliitikate kujundamist nendest eesmärkidest lähtuvalt –  et kõik, mida me teeme, ei teeks maakerale ega siin elavatele inimestele veel rohkem kahju. Kestliku arengu eesmärgid on koondatud raamdokumenti <a href="http://www.terveilm.ee/leht/wp-content/uploads/2018/01/Agenda-2030_eestikeelne.pdf">Agenda 2030 (eesti keeles)</a></span></p>
<p>Ülevaadet kestliku arengu eesmärkidest teemade kaupa <a href="https://www.terveilm.ee/leht/teabekeskuse-teemad/kestliku-arengu-eesmargid/" target="_blank" rel="noopener noreferrer">saab lugeda siit </a>ja eesmärkidega saab lähemalt tutvust teha ÜRO lehel <a href="https://sdgs.un.org/goals">siin</a>.</p>
<p><a href="http://www.terveilm.ee/leht/wp-content/uploads/2018/04/AKU-gfx-1024x979-1.png"><img loading="lazy" decoding="async" class="size-medium wp-image-9372 aligncenter" src="http://www.terveilm.ee/leht/wp-content/uploads/2018/04/AKU-gfx-1024x979-1-300x287.png" alt="" width="300" height="287" srcset="https://www.terveilm.ee/leht/wp-content/uploads/2018/04/AKU-gfx-1024x979-1-300x287.png 300w, https://www.terveilm.ee/leht/wp-content/uploads/2018/04/AKU-gfx-1024x979-1-768x734.png 768w, https://www.terveilm.ee/leht/wp-content/uploads/2018/04/AKU-gfx-1024x979-1.png 1024w" sizes="auto, (max-width: 300px) 100vw, 300px" /></a></p>

<p>2015. aasta septembris lepiti ÜRO-s globaalselt kokku maailma kestliku arengu eesmärgid (Sustainable Development Goals) järgmiseks 15 aastaks. Kõikidelt liikmesriikidelt, ka&#8230;</p>
