{"id":8839,"date":"2018-02-27T00:18:33","date_gmt":"2018-02-26T22:18:33","guid":{"rendered":"http:\/\/www.terveilm.ee\/leht\/?page_id=8839"},"modified":"2026-01-28T11:35:28","modified_gmt":"2026-01-28T09:35:28","slug":"kes-me-oleme","status":"publish","type":"page","link":"https:\/\/www.terveilm.ee\/leht\/umarlaud\/kes-me-oleme\/","title":{"rendered":"Kes me oleme"},"content":{"rendered":"<p>Esindame Eesti vaba\u00fchendusi, kes tegutsevad arengukoost\u00f6\u00f6, maailmahariduse v\u00f5i kestliku arengu vallas Eestis v\u00f5i arengukoost\u00f6\u00f6 sihtriikides. Oleme huvikaitseorganisatsioon, kellega riik saab konsulteerida arengukavade, m\u00e4\u00e4ruste ja seaduste osas, mida iga vaba\u00fchendus eraldi seda enda t\u00f6\u00f6 k\u00f5rvalt teha ei j\u00f5ua. L\u00e4htume k\u00f5igis oma tegevustes <a href=\"https:\/\/heakodanik.ee\/vabauhenduste-eetikakoodeks\/\">Vaba\u00fchenduste eetikakoodeksist<\/a>.\u00a0<\/p>\n<p>Lisaks huvikaitsele ehk liikmete esindamisele tegeleb AK\u00dc b\u00fcroo kestliku arengu teemade ning teadlikkuse t\u00f5stmisega \u00fchiskonnas. Teemad on keerulised, kuid v\u00e4ga vajalikud &#8211; n\u00e4iteks poliitikate sidusus\u00a0 t\u00e4hendab, et k\u00f5iki Eesti seaduseid peaks vaatama ka selle pilguga, et nad enda k\u00f5rvalm\u00f5juna vaesemaid riike ei kahjustaks.<\/p>\n<p><strong>Rahvusvaheline koost\u00f6\u00f6<\/strong><\/p>\n<p>AK\u00dc teeb aktiivset huvikaitset Euroopa Liidu tasandil l\u00e4bi mitme Euroopa v\u00f5rgustiku.<\/p>\n<p><a href=\"https:\/\/concordeurope.org\/about-us\/\" target=\"_blank\" rel=\"noopener\"><img loading=\"lazy\" decoding=\"async\" class=\"aligncenter wp-image-10696\" src=\"https:\/\/www.terveilm.ee\/leht\/wp-content\/uploads\/2019\/04\/CONCORD-1024x461.jpg\" alt=\"\" width=\"236\" height=\"106\" srcset=\"https:\/\/www.terveilm.ee\/leht\/wp-content\/uploads\/2019\/04\/CONCORD-1024x461.jpg 1024w, https:\/\/www.terveilm.ee\/leht\/wp-content\/uploads\/2019\/04\/CONCORD-300x135.jpg 300w, https:\/\/www.terveilm.ee\/leht\/wp-content\/uploads\/2019\/04\/CONCORD-768x345.jpg 768w, https:\/\/www.terveilm.ee\/leht\/wp-content\/uploads\/2019\/04\/CONCORD.jpg 1772w\" sizes=\"auto, (max-width: 236px) 100vw, 236px\" \/><\/a><\/p>\n<p><a href=\"eurodad.org\"><img loading=\"lazy\" decoding=\"async\" class=\"aligncenter wp-image-13396\" src=\"https:\/\/www.terveilm.ee\/leht\/wp-content\/uploads\/2021\/07\/eurodad_logo_portrait_web.jpeg\" alt=\"\" width=\"152\" height=\"125\" srcset=\"https:\/\/www.terveilm.ee\/leht\/wp-content\/uploads\/2021\/07\/eurodad_logo_portrait_web.jpeg 760w, https:\/\/www.terveilm.ee\/leht\/wp-content\/uploads\/2021\/07\/eurodad_logo_portrait_web-300x246.jpeg 300w\" sizes=\"auto, (max-width: 152px) 100vw, 152px\" \/><\/a><a href=\"https:\/\/eap-csf.eu\/\" target=\"_blank\" rel=\"noopener\"><img loading=\"lazy\" decoding=\"async\" class=\"aligncenter wp-image-15485 size-full\" src=\"https:\/\/www.terveilm.ee\/leht\/wp-content\/uploads\/2024\/12\/download-5.png\" alt=\"\" width=\"275\" height=\"183\" \/><\/a><a href=\"https:\/\/www.forus-international.org\/en\/\"><img loading=\"lazy\" decoding=\"async\" class=\"aligncenter wp-image-15476 size-medium\" src=\"https:\/\/www.terveilm.ee\/leht\/wp-content\/uploads\/2024\/12\/download-4-300x71.png\" alt=\"\" width=\"300\" height=\"71\" srcset=\"https:\/\/www.terveilm.ee\/leht\/wp-content\/uploads\/2024\/12\/download-4-300x71.png 300w, https:\/\/www.terveilm.ee\/leht\/wp-content\/uploads\/2024\/12\/download-4.png 461w\" sizes=\"auto, (max-width: 300px) 100vw, 300px\" \/><\/a><\/p>\n\n\n<p><\/p>\n","protected":false},"excerpt":{"rendered":"<p>Esindame Eesti vaba\u00fchendusi, kes tegutsevad arengukoost\u00f6\u00f6, maailmahariduse v\u00f5i kestliku arengu vallas Eestis v\u00f5i arengukoost\u00f6\u00f6 sihtriikides. Oleme huvikaitseorganisatsioon, kellega riik saab&#8230;<\/p>\n","protected":false},"author":17,"featured_media":0,"parent":8837,"menu_order":0,"comment_status":"closed","ping_status":"closed","template":"template-about-who.php","meta":{"_acf_changed":false,"footnotes":""},"categories":[],"class_list":["post-8839","page","type-page","status-publish","hentry"],"acf":[],"_links":{"self":[{"href":"https:\/\/www.terveilm.ee\/leht\/wp-json\/wp\/v2\/pages\/8839","targetHints":{"allow":["GET"]}}],"collection":[{"href":"https:\/\/www.terveilm.ee\/leht\/wp-json\/wp\/v2\/pages"}],"about":[{"href":"https:\/\/www.terveilm.ee\/leht\/wp-json\/wp\/v2\/types\/page"}],"author":[{"embeddable":true,"href":"https:\/\/www.terveilm.ee\/leht\/wp-json\/wp\/v2\/users\/17"}],"replies":[{"embeddable":true,"href":"https:\/\/www.terveilm.ee\/leht\/wp-json\/wp\/v2\/comments?post=8839"}],"version-history":[{"count":5,"href":"https:\/\/www.terveilm.ee\/leht\/wp-json\/wp\/v2\/pages\/8839\/revisions"}],"predecessor-version":[{"id":15785,"href":"https:\/\/www.terveilm.ee\/leht\/wp-json\/wp\/v2\/pages\/8839\/revisions\/15785"}],"up":[{"embeddable":true,"href":"https:\/\/www.terveilm.ee\/leht\/wp-json\/wp\/v2\/pages\/8837"}],"wp:attachment":[{"href":"https:\/\/www.terveilm.ee\/leht\/wp-json\/wp\/v2\/media?parent=8839"}],"wp:term":[{"taxonomy":"category","embeddable":true,"href":"https:\/\/www.terveilm.ee\/leht\/wp-json\/wp\/v2\/categories?post=8839"}],"curies":[{"name":"wp","href":"https:\/\/api.w.org\/{rel}","templated":true}]}}