{"id":9274,"date":"2018-04-17T13:42:17","date_gmt":"2018-04-17T10:42:17","guid":{"rendered":"http:\/\/www.terveilm.ee\/leht\/?page_id=9274"},"modified":"2018-06-04T11:44:50","modified_gmt":"2018-06-04T08:44:50","slug":"rahvusvahelised-organisatsioonid","status":"publish","type":"page","link":"https:\/\/www.terveilm.ee\/leht\/teabekeskuse-teemad\/arengukoostoo\/rahvusvahelised-organisatsioonid\/","title":{"rendered":"Rahvusvahelised organisatsioonid"},"content":{"rendered":"<p>Rahvusvahelised organisatsioonid on \u00fcleilmse vaesuse v\u00e4hendamisel, stabiilsuse tagamisel ja inim\u00f5iguste j\u00e4rgimisel asendamatud. Nende tegevuse ja eesm\u00e4rkide toetamine on t\u00e4htis ka Eesti arengukoost\u00f6\u00f6s ning eesm\u00e4rgiks on v\u00f5etud panustada aktiivsemalt lisaks Euroopa Liidule ka \u00dcRO s\u00fcsteemi ja selle arenguk\u00fcsimustega seotud organisatsioonide, Maailmapanga ja OECD suunal.<\/p>\n<h3>Aafrika Liit<\/h3>\n<p><a href=\"http:\/\/www.terveilm.ee\/leht\/wp-content\/uploads\/2018\/04\/200px-Emblem_of_the_African_Union.svg_.png\"><img loading=\"lazy\" decoding=\"async\" class=\"alignleft size-full wp-image-9331\" src=\"http:\/\/www.terveilm.ee\/leht\/wp-content\/uploads\/2018\/04\/200px-Emblem_of_the_African_Union.svg_.png\" alt=\"\" width=\"200\" height=\"179\" \/><\/a>54 liikmesriigiga Aafrika Liit (AL) otsustati luua 1999. aastal Aafrika \u00dchtsuse Organisatsiooni kuulunud riigipeade \u00fchisdeklaratsiooni alusel. Uue liiduga sooviti muu hulgas kiirendada Aafrika riikide integratsiooniprotsessi. AL loodi sooviga, et Aafrika riigid t\u00e4idaksid maailmamajanduses olulisemat rolli ning samal ajal saab AL tegeleda mitmete sotsiaalsete, majanduslike ja poliitiliste probleemidega, mis tihti kaasnevad globaliseerumisega. AL on Aafrika \u00dchtsuse Organisatsiooni ja Aafrika Majandus\u00fchenduse \u00f5iguslik j\u00e4reltulija. Esimene Aafrika riigipeade kohtumine AL-i raames toimus 2002. aastal Durbanis, L\u00f5una-Aafrika Vabariigis.<\/p>\n<p>&nbsp;<\/p>\n<p>Aafrika Liidu <strong>eesm\u00e4rgid<\/strong>:<\/p>\n<ul>\n<li>suurendada \u00fchtsust ja solidaarsust Aafrika riikide vahel;<\/li>\n<li>koordineerida suuri arengukoost\u00f6\u00f6 programme Aafrikas;<\/li>\n<li>kindlustada Aafrika riikide suver\u00e4\u00e4nsust ja territoriaalset terviklikkust;<\/li>\n<li>kaitsta Aafrika riikide \u00fchispositsioone maailmas;<\/li>\n<li>edendada koost\u00f6\u00f6d \u00dcRO struktuuridega; edendada ja kaitsta inimeste ja rahvaste \u00f5igusi vastavalt Aafrika Inimeste ja Rahvaste \u00f5iguse hartale;<\/li>\n<li>edendada rahu ja turvalisust Aafrikas;<\/li>\n<li>edendada demokraatlikke institutsioone ja head valitsemistava;<\/li>\n<li>soodustada Aafrika arengut teaduse populariseerimise kaudu jm.<\/li>\n<\/ul>\n<p>Aafrika Liit koosneb mitmetest erinevatest <strong>organitest<\/strong> ja <strong>programmidest<\/strong>:<\/p>\n<ul>\n<li>Assamblee koosneb AL-i liikmesriikide riigipeadest ja valitsusjuhtidest v\u00f5i nende esindajatest;<\/li>\n<li>T\u00e4itevkogu koosneb liikmesriikide valitsuste poolt nimetatud ministritest v\u00f5i asjatundjatest ning vastutab Assamblee ees;<\/li>\n<li>Komisjon koosneb k\u00fcmnest liikmest, kellest iga\u00fcks vastutab \u00fche teemaportfelli eest;<\/li>\n<li>Alaliste Esindajate Komitee moodustavad liikmesriikide akrediteeritud alalised esindajad, kes valmistavad ette t\u00f6\u00f6d T\u00e4itevkogu jaoks;<\/li>\n<li>Rahu- ja Julgeolekun\u00f5ukogu 15 liiget vastutavad konfliktide j\u00e4lgimise ja nendesse sekkumise eest. Nende kasutada on ka spetsiaalsed relvaj\u00f5ud:<\/li>\n<li>Pan-Aafrika Parlamendi eesm\u00e4rk on tagada Aafrika rahvaste t\u00e4ielik osalus kontinendi valitsemises, arengus ja majanduses;<\/li>\n<li>Majandus-, Sotsiaal- ja Kultuurin\u00f5ukogu on n\u00f5uandev organ, mis koosneb erinevate liikmesriikide sotsiaalsetest ja professionaalsetetest gruppidest ning selle eesm\u00e4rk on propageerida kodaniku\u00fchiskonna esindajate kaasamist majandus-, sotsiaal- ja kultuurialastesse otsustesse;<\/li>\n<li>Aafrika Kohus otsustab inim\u00f5iguste kuritarvitamise \u00fcle Aafrikas.<\/li>\n<\/ul>\n<p>Lisaks on AL-i struktuuris esindatud mitmed komiteed, mis on p\u00fchendatud spetsiifilistele k\u00fcsimusetele nagu p\u00f5llumajandus, kaubandus, immigratsioon, t\u00f6\u00f6stus, teadus, energia, keskkond, transport, turism, tervishoid, t\u00f6\u00f6j\u00f5ud, haridus, jm. Samuti kuuluvad struktuuri Aafrika Keskpank, Aafrika Investeerimispank ja Aafrika Valuutafond.<\/p>\n<p>Eesm\u00e4rgiga edendada sotsiaal-majanduslikku arengut Aafrikas loodi 2001. aasta oktoobris Abujas, Nigeerias AL-i programm nimega Uus Partnerlus Aafrika Arenguks (New Partnership for Africa\u2019s Development) ehk l\u00fchidalt NEPAD. Selle programmi liikmed on k\u00f5ik Aafrika riigid. NEPAD-i eesm\u00e4rk on anda Aafrika riikidele v\u00f5imalus v\u00f5tta t\u00e4ielik kontroll oma arengukavade ja arengueesm\u00e4rkide \u00fcle, teha tihedamat koost\u00f6\u00f6d Aafrika riikide vahel arengu edendamiseks ning olla efektiivsem koost\u00f6\u00f6s rahvusvaheliste partneritega. NEPAD t\u00f6\u00f6tab tihti rohujuure tasandil ning keskendub p\u00f5llumajandusele, kliimamuutustele ja Aafrika riikide loodusvarade kasutamisele, regionaalsele integratsioonile ja infrastruktuurile, inimarengule, majanduse ja ettev\u00f5tete valitsemisele.<\/p>\n<p>Allikad: <a href=\"https:\/\/au.int\">Aafrika Liidu koduleht<\/a>, <a href=\"http:\/\/www.nepad.org\">NEPAD<\/a>\u00a0(aprill 2011)<\/p>\n<h3>Maailmapank<\/h3>\n<p><a href=\"http:\/\/www.terveilm.ee\/leht\/wp-content\/uploads\/2018\/04\/The_World_Bank_logo.svg_.png\"><img loading=\"lazy\" decoding=\"async\" class=\"alignleft size-medium wp-image-9330\" src=\"http:\/\/www.terveilm.ee\/leht\/wp-content\/uploads\/2018\/04\/The_World_Bank_logo.svg_-300x63.png\" alt=\"\" width=\"300\" height=\"63\" srcset=\"https:\/\/www.terveilm.ee\/leht\/wp-content\/uploads\/2018\/04\/The_World_Bank_logo.svg_-300x63.png 300w, https:\/\/www.terveilm.ee\/leht\/wp-content\/uploads\/2018\/04\/The_World_Bank_logo.svg_-768x161.png 768w, https:\/\/www.terveilm.ee\/leht\/wp-content\/uploads\/2018\/04\/The_World_Bank_logo.svg_-1024x215.png 1024w, https:\/\/www.terveilm.ee\/leht\/wp-content\/uploads\/2018\/04\/The_World_Bank_logo.svg_.png 2000w\" sizes=\"auto, (max-width: 300px) 100vw, 300px\" \/><\/a>Maailmapank ja Rahvusvaheline Valuutafond (IMF) loodi 1944. aastal Bretton Woodsi rahanduskonverentsil eesm\u00e4rgiga v\u00e4hendada \u00fclemaailmse majandusolukorra ebakindlust. Kui IMF asutati selleks, et tagada rahvusvahelisel tasemel rahanduss\u00fcsteemi stabiilsus ja toetada majandusarengut maailmas, siis Maailmapanga peamine eesm\u00e4rk on arengu- v\u00f5i \u00fcleminekumajandusega riikide majandusarengute j\u00e4lgimine ja nende j\u00e4rjeleaitamine laenude, strateegilise n\u00f5ustamise, tehnilise abi ning kogemuste jagamisega. Maailmapanga arengupoliitiliste eesm\u00e4rkide aluseks v\u00f5eti \u00dcRO Aastatuhande arengueesm\u00e4rgid.<\/p>\n<p>Maailmapank koondab viit liikmesorganisatsiooni: Rahvusvaheline Rekonstrueerimis- ja Arengupank (IBRD), Rahvusvaheline Arenguassotsiatsioon (IDA), Rahvusvaheline Finantskorporatsioon (IFC), Mitmepoolsete Investeeringute Kaitse keskus (MIGA) ja Rahvusvaheline Investeerimisdispuutide Lahendamise Keskus (ICSID). Eesti on Maailmapanga (sh. IBRD, IFC, MIGA, ICSID) ja IMFi liige alates 1992. aastast. Maailmapanga Gruppi kuuluva Rahvusvahelise Arenguassotsiatsiooniga (IDA) liitus Eesti 2008. aasta oktoobris.<\/p>\n<p>Maailmapanga k\u00f5rgeimas v\u00f5imuorganis, juhatajate n\u00f5ukogus (Board of Governors), esindab Eestit rahandusminister. Maailmapanga alalises t\u00e4idesaatvas organis, direktorite n\u00f5ukogus (Executive Board), kuulub Eesti P\u00f5hja-Balti valijaskonda (Soome, Rootsi, Norra, Taani, Island, Eesti, L\u00e4ti, Leedu).<\/p>\n<p>Eesti v\u00f5ttis viimase laenu Maailmapangast 2000. aastal. 2006. aastal muutis Eesti oma staatuse Maailmapangas laenaja-riigist doonor-riigiks ja alates 2008. aastast panustab Eesti koos 185 liikmesriigiga Rahvusvahelisse Arenguassotsiatsiooni (IDA). IDA annab pikaajalisi intressivabu laene riikidele, kus keskmine sissetulek elaniku kohta on alla 1065 USA dollari aastas, soodustades sellega majanduskasvu ning inimeste elutingimuste parandamist.<\/p>\n<p>Kuna Maailmapank on suurim ja ainus t\u00f5eliselt globaalse haardega valitsustele laenav ja reformide alast n\u00f5u andev arengupank, on Eesti huvides koost\u00f6\u00f6 j\u00e4tkumine Maailmapangaga. Samuti plaanib Eesti j\u00e4tkata sissemaksete tegemisega IDA-sse ja v\u00f5imalusel j\u00e4tkata panustamist Maailmapanga temaatilistesse usaldusfondidesse. 2008. aastal panustas Eesti Kosovo j\u00e4tkusuutliku t\u00f6\u00f6h\u00f5ivepoliitika arendamiseks loodud sihtfondi SEDPP (Multi-Donor Trust Fund for the Kosovo Sustainable Employment Development Policy). Fond toetab Kosovot eelarvetoetuse kaudu.<\/p>\n<p>K\u00f5ikide Maailmapanga tegevuste kohta saab l\u00e4hemat informatsiooni internetiaadressil <a href=\"http:\/\/arhiiv.terveilm.ee\/teabekeskuse-teemad\/rahvusvahelised-organisatsioonid\/www.worldbank.org\">www.worldbank.org<\/a>.<\/p>\n<p>Rohkem infot nii Maailmapanga, IMF-i, kui ka Euroopa Investeerimispanga, Euroopa Rekonstruktsiooni- ja Arengupanga, P\u00f5hjamaade Investeerimispanga, Euroopa N\u00f5ukogu Arengupanga kohta leiab <a href=\"http:\/\/www.fin.ee\/rahvusvaheline-koostoo\/\">Rahandusministeeriumi kodulehelt<\/a>.<\/p>\n<p>Allikas: <a href=\"http:\/\/vm.ee\/et\/maailmapank\">V\u00e4lisministeerium<\/a> (2010)<\/p>\n<h3>OECD<\/h3>\n<p><a href=\"http:\/\/www.terveilm.ee\/leht\/wp-content\/uploads\/2018\/04\/OECD_logo_new.svg_.png\"><img loading=\"lazy\" decoding=\"async\" class=\"alignleft size-medium wp-image-9329\" src=\"http:\/\/www.terveilm.ee\/leht\/wp-content\/uploads\/2018\/04\/OECD_logo_new.svg_-300x76.png\" alt=\"\" width=\"300\" height=\"76\" srcset=\"https:\/\/www.terveilm.ee\/leht\/wp-content\/uploads\/2018\/04\/OECD_logo_new.svg_-300x76.png 300w, https:\/\/www.terveilm.ee\/leht\/wp-content\/uploads\/2018\/04\/OECD_logo_new.svg_-768x196.png 768w, https:\/\/www.terveilm.ee\/leht\/wp-content\/uploads\/2018\/04\/OECD_logo_new.svg_-1024x261.png 1024w, https:\/\/www.terveilm.ee\/leht\/wp-content\/uploads\/2018\/04\/OECD_logo_new.svg_.png 1280w\" sizes=\"auto, (max-width: 300px) 100vw, 300px\" \/><\/a>OECD (Majandusliku Koost\u00f6\u00f6 ja Arengu Organisatsioon)\u00a0on t\u00f6\u00f6stuslikult arenenud demokraatlike riikide foorum alalise asukohaga Pariisis. Organisatsioon asutati 30. septembril 1961. aastal Euroopa Majanduskoost\u00f6\u00f6 Organisatsiooni j\u00e4reltulijana (<em>The Organisation for European Economic Co-operation<\/em> &#8211; OEEC &#8211; loodi s\u00f5jaj\u00e4rgselt Euroopale antava abi ehk nn Marshalli plaani koordineerimiseks). OECDsse kuulub hetkel 35 riiki. Viimasena liitus organisatsiooniga L\u00e4ti (2016). Organisatsiooni t\u00f6\u00f6d juhib alates 2006. aastast mehhiklasest peasekret\u00e4r Angel Gurr\u00eda. OECD asepeasekret\u00e4rideks on Masamichi Kono Jaapanist ja Mari Kiviniemi Soomest.<\/p>\n<p>OECD liikmestaatuse kriteeriumid on avatud<strong> turumajandus, demokraatlik pluralism ja inim\u00f5iguste austamine<\/strong>. Eesm\u00e4rk on aidata kaasa maailmamajanduse arengule, samuti ka liikmes- ja mitteliikmesriikide majandusarengule ning maailmakaubanduse laienemisele. OECD ei ole finantsorganisatsioon ega anna sellest tulenevalt laene v\u00f5i toetusi.<\/p>\n<p>OECD liikmesriigid teevad tihedat koost\u00f6\u00f6d, jagades oma kogemusi ning otsides koos lahendusi \u00fchistele probleemidele. Erinevad institutsioonid k\u00e4sitlevad nii \u00fcldisi makromajanduslikke kui ka erinevate majandusharudega seotud k\u00fcsimusi. Peamised tegevusvaldkonnad on liikmesriikide majandusn\u00e4itajate kogumine ja anal\u00fc\u00fcsi t\u00e4iustamine, et tulemuslikumalt kujundada majanduspoliitilist tegevust. Selleks v\u00f5rreldakse riikide statistilisi andmeid ja anal\u00fc\u00fcsitakse neid. Samuti tegeleb OECD sotsiaalsete ja keskkonnakaitse probleemide anal\u00fc\u00fcsimise ning nende ennetamisega, mitmepoolsete kaubanduss\u00fcsteemide arendamisega, kaasa arvatud vastav tegevus rahvusvahelistes organisatsioonides (WTO, UNCTAD). Lisaks teeb organisatsioon anal\u00fc\u00fcse, millega p\u00fc\u00fctakse m\u00e4\u00e4rata uusi tekkida v\u00f5ivaid probleeme ning pakkuda v\u00e4lja nende ennetamise v\u00f5imalusi.<\/p>\n<p>OECD avaldab v\u00f5rdlevaid \u00fclevaateid liikmes- ja partnerriikide majandustest. Erinevate majandusharude osas avaldatakse statistiliste andmete kogumikke, anal\u00fc\u00fcse ja soovitusi vastava valdkonna poliitika kujundamiseks. Aastas avaldab OECD ca 250 uut v\u00e4ljaannet. Majanduse anal\u00fc\u00fcsimisel ja lahendamisel tehakse laialdast koost\u00f6\u00f6d mitme teise maailmaorganisatsiooniga, nagu Rahvusvaheline Valuutafond (IMF), Maailmapank (WB) ja Maailma Kaubandusorganisatsioon (WTO). Organisatsioon tegeleb lisaks liikmesriikidele ka mitteliikmesriikide arenguk\u00fcsimuste ja n\u00f5ustamisega.<\/p>\n<p>OECD peamine otsustusmehhanism on antud regulaarselt kohtuvale n\u00f5ukogule, kuhu kuulub \u00fcks esindaja igast liikmesriigist ning mille otsused v\u00f5etakse vastu konsensusega. Kord aastas toimub n\u00f5ukogu kohtumine ka ministrite tasemel. Liikmesriikide eksperdid kohtuvad regulaarselt erinevate valdkondadega tegelevate komiteede ja t\u00f6\u00f6r\u00fchmade kohtumistel. Organisatsiooni struktuuri kuulub ligi 250 komiteed ja t\u00f6\u00f6gruppi, mis katavad erinevaid valdkondi (nt majanduspoliitika, kaubandus, p\u00f5llumajandus, keskkond, avalik haldus, regionaalareng, arengukoost\u00f6\u00f6, ettev\u00f5tlus, haridus, tervis, t\u00f6\u00f6h\u00f5ive, maksupoliitika, energia, teadus, statistika).<\/p>\n<p>Allikas: <a href=\"http:\/\/vm.ee\/et\/oecd-majandusliku-koostoo-ja-arengu-organisatsioon\">V\u00e4lisministeerium<\/a> (2017)<\/p>\n<h3>UNESCO<\/h3>\n<p><a href=\"http:\/\/www.terveilm.ee\/leht\/wp-content\/uploads\/2018\/04\/UNESCO_logo_English.svg_.png\"><img loading=\"lazy\" decoding=\"async\" class=\"alignleft size-full wp-image-9321\" src=\"http:\/\/www.terveilm.ee\/leht\/wp-content\/uploads\/2018\/04\/UNESCO_logo_English.svg_.png\" alt=\"\" width=\"250\" height=\"232\" \/><\/a>UNESCO ehk \u00dchinenud Rahvaste Hariduse, Teaduse ja Kultuuri Organisatsioon on \u00fcks \u00dcRO 16 eriorganisatsioonist. UNESCO p\u00f5hikirja paljutsiteeritud preambul peegeldab organisatsiooni v\u00e4\u00e4rtusi: \u201cKuna s\u00f5jad saavad alguse inimeste m\u00f5tetest, tuleb ka rahu kaitsta inimm\u00f5istuse abil.\u201d UNESCO panustab rahu tagamisse ja inimarengusse globaliseeruvas maailmas hariduse, teaduse, kultuuri ja kommunikatsiooni vahendite abil.<\/p>\n<p>UNESCO p\u00f5hikiri kirjutati 37 riigi poolt alla Londonis 16. novembril 1945 ning j\u00f5ustus p\u00e4rast selle ratifitseerimist 20 riigis 4. novembril 1946. Esimene peadirektor oli Julian Huxley (Inglismaa), praegu on selleks Audrey Azoulay (Prantsusmaa).<\/p>\n<p>Eesti v\u00f5eti UNESCO liikmeks 14. oktoobril 1991. Selleks ajaks olid UNESCO rahvuslikud komisjonid moodustatud 158s liikmesriigis; praeguseks on see arv kasvanud 196ni.<\/p>\n<p>Olulisi <strong>fakte<\/strong>:<\/p>\n<ul>\n<li>peakorter asub Pariisis;<\/li>\n<li>5 p\u00f5hiprogrammi: haridus, loodusteadused, sotsiaalteadused, kultuur, kommunikatsioon ja informatsioon;<\/li>\n<li>2018-2019 bienniumi korraline eelarve \u00fcle 1.2 miljardi USD;<\/li>\n<li>195 liikmesriiki ja 10 assotsieerunud liiget (2018 seisuga);<\/li>\n<li>54 regionaalset b\u00fcrood;<\/li>\n<li>184 alalist esindust Pariisis, mis esindavad liikmesriikide valitsusi;<\/li>\n<li>196 rahvuslikku komisjoni liikmesriikides.<\/li>\n<\/ul>\n<p>Allikad: www.unesco.ee ja www.unesco.org (aprill 2018)<\/p>\n<h3>\u00dcRO<\/h3>\n<p><a href=\"http:\/\/www.terveilm.ee\/leht\/wp-content\/uploads\/2018\/04\/un-logo.png\"><img loading=\"lazy\" decoding=\"async\" class=\"alignleft wp-image-9328\" src=\"http:\/\/www.terveilm.ee\/leht\/wp-content\/uploads\/2018\/04\/un-logo-300x249.png\" alt=\"\" width=\"227\" height=\"188\" srcset=\"https:\/\/www.terveilm.ee\/leht\/wp-content\/uploads\/2018\/04\/un-logo-300x249.png 300w, https:\/\/www.terveilm.ee\/leht\/wp-content\/uploads\/2018\/04\/un-logo-768x638.png 768w, https:\/\/www.terveilm.ee\/leht\/wp-content\/uploads\/2018\/04\/un-logo-1024x851.png 1024w, https:\/\/www.terveilm.ee\/leht\/wp-content\/uploads\/2018\/04\/un-logo.png 1915w\" sizes=\"auto, (max-width: 227px) 100vw, 227px\" \/><\/a>\u00dchinenud Rahvaste Organisatsioon (\u00dcRO) on 193 riiki \u00fchendav rahvusvaheline organisatsioon, mille alguskuup\u00e4evaks v\u00f5ib lugeda 24. oktoobrit 1945, mil j\u00f5ustus \u00dcRO p\u00f5hikiri. \u00dcRO laia tegevusvaldkonda kuuluvad rahu-, julgeoleku-, arengu- ja inim\u00f5igusk\u00fcsimused.<\/p>\n<p>\u00dcRO asutati asendamaks Esimese maailmas\u00f5ja j\u00e4rel loodud Rahvasteliitu (<em>League of Nations<\/em>), mis ei olnud suutnud t\u00e4ita talle pandud lootusi rahvusvahelise rahu ja julgeoleku s\u00e4ilitamisel ega edukalt kaasata k\u00f5iki rahvusvahelisi suurv\u00f5ime. \u00dcheks esimestest sammudest uue rahvusvahelise organisatsiooni loomisel oli 14. augustil 1941 USA presidendi F. D. Roosevelti ja Suurbritannia peaministri W. Churchilli avaldatud Atlandi Harta (Atlantic Charter), mis sisaldas n\u00e4gemust s\u00f5jaj\u00e4rgsest rahvusvahelisest julgeolekus\u00fcsteemist ning selle aluseks olevates p\u00f5him\u00f5tetest. Atlandi Harta seisukohtadega \u00fchinesid 1. jaanuaril 1942 26 riiki (nende hulgas N\u00f5ukogude Liit, Hiina, Austraalia, India, Kanada ja Norra), allkirjastades Washingtonis \u00dchinenud Rahvaste Deklaratsiooni (<em>United Nations Declaration<\/em>), mis oli ka v\u00e4ljendi \u201e\u00fchinenud rahvad\u201c esmakordne kasutamine. Uue organisatsiooni loomine pandi selges\u00f5naliselt paika oktoobris 1943 Moskvas, kui USA ja Suurbritannia koos Hiina ja N\u00f5ukogude Liiduga allkirjastasid \u00dcldise Julgeoleku Deklaratsiooni.<\/p>\n<p>\u00dcRO ametlikeks keelteks said inglise, prantsuse, vene, hiina ja hispaania keel; hiljem lisandus neile araabia keel. Eesti \u00fchines \u00dcROga 17. septembril 1991. \u00dcRO uusim liige on 2011 \u00fchinenud L\u00f5una-Sudaan.<\/p>\n<p>\u00dcRO <strong>eesm\u00e4rgid<\/strong> vastavalt p\u00f5hikirjale:<\/p>\n<ul>\n<li>rahvusvahelise rahu ja julgeoleku tagamine;<\/li>\n<li>riikidevaheliste s\u00f5bralike suhete arendamine;<\/li>\n<li>rahvusvahelise koost\u00f6\u00f6 saavutamine rahvusvaheliste majandus-, sotsiaal-, kultuuriliste ja humanitaarprobleemide lahendamisel ning inim\u00f5iguste j\u00e4rgimise edendamine maailmas.<\/li>\n<\/ul>\n<p>\u00dcRO-l on kuus <strong>p\u00f5hiorganit<\/strong>:<\/p>\n<ul>\n<li>Peaassamblee (<a href=\"http:\/\/www.un.org\/en\/ga\/\">General Assembly, GA<\/a>)<\/li>\n<li>Julgeolekun\u00f5ukogu (<a href=\"http:\/\/www.un.org\/en\/sc\/\">Security Council, SC<\/a>)<\/li>\n<li>Majandus- ja Sotsiaaln\u00f5ukogu (<a href=\"https:\/\/www.un.org\/ecosoc\/en\/\">Economic and Social Council, ECOSOC<\/a>)<\/li>\n<li>Rahvusvaheline Kohus (<a href=\"http:\/\/www.icj-cij.org\/\">International Court of Justice, ICJ<\/a>)<\/li>\n<li>Sekretariaat (<a href=\"http:\/\/www.un.org\/en\/sections\/about-un\/secretariat\/index.html\">Secretariat<\/a>)<\/li>\n<li>Hooldusn\u00f5ukogu (<a href=\"http:\/\/www.un.org\/en\/sections\/about-un\/trusteeship-council\/index.html\">Trusteeship Council<\/a>)<\/li>\n<\/ul>\n<p>Allikas: <a href=\"http:\/\/vm.ee\/et\/uro\">V\u00e4lisministeerium<\/a> (aprill 2018)<\/p>\n<h3>WTO<\/h3>\n<p><a href=\"http:\/\/www.terveilm.ee\/leht\/wp-content\/uploads\/2018\/04\/Logo-WTO.png\"><img loading=\"lazy\" decoding=\"async\" class=\"alignleft wp-image-9327\" src=\"http:\/\/www.terveilm.ee\/leht\/wp-content\/uploads\/2018\/04\/Logo-WTO-300x223.png\" alt=\"\" width=\"235\" height=\"175\" srcset=\"https:\/\/www.terveilm.ee\/leht\/wp-content\/uploads\/2018\/04\/Logo-WTO-300x223.png 300w, https:\/\/www.terveilm.ee\/leht\/wp-content\/uploads\/2018\/04\/Logo-WTO-768x571.png 768w, https:\/\/www.terveilm.ee\/leht\/wp-content\/uploads\/2018\/04\/Logo-WTO-1024x761.png 1024w, https:\/\/www.terveilm.ee\/leht\/wp-content\/uploads\/2018\/04\/Logo-WTO.png 1190w\" sizes=\"auto, (max-width: 235px) 100vw, 235px\" \/><\/a><a href=\"http:\/\/www.wto.org\/\">Maailma kaubandusorganisatsioon<\/a> (<em>World Trade Organisation<\/em>) on rahvusvaheline organisatsioon, mis reguleerib riikide omavahelist kaubandust. WTO loodi 1995. aastal \u00dcldise Tolli- ja Kaubanduskokkuleppega (General Agreement on Tariffs and Trade, GATT) \u00fchinenud riikide baasil. WTO peakorter asub Genfis (\u0160veits).<\/p>\n<p>Eesti sai WTO 135. t\u00e4isliikmeks 13. novembril 1999. Lisaks WTO n\u00f5ukogude, komiteede ja t\u00f6\u00f6gruppide regulaarsetele istungitele v\u00f5tab Eesti sellest ajast osa mitmepoolsetest l\u00e4bir\u00e4\u00e4kimistest (nt. p\u00f5llumajandus ja teenustekaubandus), uute liikmete \u00fchinemisprotsessist ja t\u00e4idab WTO liikmeks saamisel v\u00f5etud kohustusi.<\/p>\n<p>Alates 1. maist 2004 osaleb Eesti kui Euroopa Liidu liige mitmepoolses kaubanduss\u00fcsteemis ja WTO t\u00f6\u00f6s EL struktuuride kaudu. Seoses meie \u00fchinemisega tolliliiduga oleme v\u00f5tnud \u00fcle k\u00f5ik ELi kohustused ja \u00f5igused WTO-s. Oleme k\u00fcll j\u00e4tkuvalt WTO liikmed, kuid meid esindab l\u00e4bir\u00e4\u00e4kimistel Euroopa Komisjon, kelle p\u00e4devuses on kogu Euroopa Liidu v\u00e4liskaubanduspoliitika oma instrumentidega. Euroopa Komisjoni mandaat l\u00e4bir\u00e4\u00e4kimisteks tuleb liikmesriikidelt ning nende l\u00e4bir\u00e4\u00e4kimiste pidamise aluseks olev \u00fchispositsioon lepitakse kokku Euroopa Liidu N\u00f5ukogu t\u00f6\u00f6grupis (Kaubanduskomitee), mis tegeleb k\u00f5ikide Euroopa Liitu puudutavate v\u00e4liskaubandusk\u00fcsimustega.<\/p>\n<p>WTO kaudu on Eesti v\u00f5tnud endale ka kohustusi, mis puudutavad p\u00f5llumajandustoodete impordi piiramist, p\u00f5llumajandustootmise toetamist ja p\u00f5llumajandustoodete ekspordi subsideerimist. Loe t\u00e4psemalt <a href=\"http:\/\/www.agri.ee\/\">P\u00f5llumajandusministeeriumilehelt<\/a>.<\/p>\n<p>Vaata lisaks Eesti kuulumisest teistesse rahvusvahelistesse organisatsioonidesse\u00a0<a href=\"http:\/\/vm.ee\/et\/rahvusvahelised-organisatsioonid-0\">siit<\/a>.<\/p>\n<p>Allikas: <a href=\"http:\/\/vm.ee\/et\/wto\">V\u00e4lisministeerium<\/a> (aprill 2018)<\/p>\n<p>&nbsp;<\/p>\n<p>&nbsp;<\/p>\n","protected":false},"excerpt":{"rendered":"<p>Rahvusvahelised organisatsioonid on \u00fcleilmse vaesuse v\u00e4hendamisel, stabiilsuse tagamisel ja inim\u00f5iguste j\u00e4rgimisel asendamatud. Nende tegevuse ja eesm\u00e4rkide toetamine on t\u00e4htis ka&#8230;<\/p>\n","protected":false},"author":6,"featured_media":0,"parent":33,"menu_order":0,"comment_status":"closed","ping_status":"closed","template":"","meta":{"_acf_changed":false,"footnotes":""},"categories":[41],"class_list":["post-9274","page","type-page","status-publish","hentry","category-teabekeskus"],"acf":[],"_links":{"self":[{"href":"https:\/\/www.terveilm.ee\/leht\/wp-json\/wp\/v2\/pages\/9274","targetHints":{"allow":["GET"]}}],"collection":[{"href":"https:\/\/www.terveilm.ee\/leht\/wp-json\/wp\/v2\/pages"}],"about":[{"href":"https:\/\/www.terveilm.ee\/leht\/wp-json\/wp\/v2\/types\/page"}],"author":[{"embeddable":true,"href":"https:\/\/www.terveilm.ee\/leht\/wp-json\/wp\/v2\/users\/6"}],"replies":[{"embeddable":true,"href":"https:\/\/www.terveilm.ee\/leht\/wp-json\/wp\/v2\/comments?post=9274"}],"version-history":[{"count":5,"href":"https:\/\/www.terveilm.ee\/leht\/wp-json\/wp\/v2\/pages\/9274\/revisions"}],"predecessor-version":[{"id":9559,"href":"https:\/\/www.terveilm.ee\/leht\/wp-json\/wp\/v2\/pages\/9274\/revisions\/9559"}],"up":[{"embeddable":true,"href":"https:\/\/www.terveilm.ee\/leht\/wp-json\/wp\/v2\/pages\/33"}],"wp:attachment":[{"href":"https:\/\/www.terveilm.ee\/leht\/wp-json\/wp\/v2\/media?parent=9274"}],"wp:term":[{"taxonomy":"category","embeddable":true,"href":"https:\/\/www.terveilm.ee\/leht\/wp-json\/wp\/v2\/categories?post=9274"}],"curies":[{"name":"wp","href":"https:\/\/api.w.org\/{rel}","templated":true}]}}